000
CDUS43 KTOP 300633
CLICNK


CLIMATE REPORT
NATIONAL WEATHER SERVICE TOPEKA KS
131 AM CDT THU OCT 30 2014


...................................

...THE CONCORDIA KS CLIMATE SUMMARY FOR OCTOBER 29 2014...

CLIMATE NORMAL PERIOD 1981 TO 2010
CLIMATE RECORD PERIOD 1885 TO 2014


WEATHER ITEM   OBSERVED TIME   RECORD YEAR NORMAL DEPARTURE LAST
                VALUE   (LST)  VALUE       VALUE  FROM      YEAR
                                                  NORMAL
..................................................................
TEMPERATURE (F)
 YESTERDAY
  MAXIMUM         65    430 PM  87    1937  62      3       60
  MINIMUM         31    657 AM  15    1913  39     -8       49
  AVERAGE         48                        50     -2       55

PRECIPITATION (IN)
  YESTERDAY        0.00          1.15 1896   0.05  -0.05     0.02
  MONTH TO DATE    2.44                      1.83   0.61     0.80
  SINCE SEP 1      5.69                      4.74   0.95     1.93
  SINCE JAN 1     26.35                     25.84   0.51    25.50

SNOWFALL (IN)
  YESTERDAY        0.0           T    1993   0.1   -0.1      0.0
  MONTH TO DATE    0.0                       0.2   -0.2      0.0
  SINCE JAN 1     16.9                      13.9    3.0     20.3
  SINCE JUL 1      0.0                       0.2   -0.2      0.0
  SNOW DEPTH       0

DEGREE DAYS
 HEATING
  YESTERDAY       17                        15      2       10
  MONTH TO DATE  210                       288    -78      290
  SINCE SEP 1    292                       358    -66      304
  SINCE JUL 1    294                       361    -67      311

 COOLING
  YESTERDAY        0                         0      0        0
  MONTH TO DATE   24                        20      4       32
  SINCE SEP 1    159                       180    -21      274
  SINCE JAN 1   1368                      1346     22     1359
..................................................................


WIND (MPH)
  HIGHEST WIND SPEED    18   HIGHEST WIND DIRECTION     S (190)
  HIGHEST GUST SPEED    26   HIGHEST GUST DIRECTION     S (190)
  AVERAGE WIND SPEED     8.1


SKY COVER
  AVERAGE SKY COVER 0.0


WEATHER CONDITIONS
 THE FOLLOWING WEATHER WAS RECORDED YESTERDAY.
  NO SIGNIFICANT WEATHER WAS OBSERVED.


RELATIVE HUMIDITY (PERCENT)
 HIGHEST    92           700 AM
 LOWEST     30           200 PM
 AVERAGE    61

..........................................................


THE CONCORDIA KS CLIMATE NORMALS FOR TODAY
                         NORMAL    RECORD    YEAR
 MAXIMUM TEMPERATURE (F)   61        88      1968
 MINIMUM TEMPERATURE (F)   39        15      1925


SUNRISE AND SUNSET
OCTOBER 30 2014.......SUNRISE   757 AM CDT   SUNSET   631 PM CDT
OCTOBER 31 2014.......SUNRISE   758 AM CDT   SUNSET   630 PM CDT


-  INDICATES NEGATIVE NUMBERS.
R  INDICATES RECORD WAS SET OR TIED.
MM INDICATES DATA IS MISSING.
T  INDICATES TRACE AMOUNT.




$$
