000
CDUS43 KTOP 050632
CLICNK


CLIMATE REPORT
NATIONAL WEATHER SERVICE TOPEKA KS
131 AM CDT SAT SEP 5 2015


...................................

...THE CONCORDIA KS CLIMATE SUMMARY FOR SEPTEMBER 4 2015...

CLIMATE NORMAL PERIOD 1981 TO 2010
CLIMATE RECORD PERIOD 1885 TO 2015


WEATHER ITEM   OBSERVED TIME   RECORD YEAR NORMAL DEPARTURE LAST
                VALUE   (LST)  VALUE       VALUE  FROM      YEAR
                                                  NORMAL
..................................................................
TEMPERATURE (F)
 YESTERDAY
  MAXIMUM         94    357 PM 102    1945  85      9       94
                                      1914
  MINIMUM         74    641 AM  44    1902  61     13       72
  AVERAGE         84                        73     11       83

PRECIPITATION (IN)
  YESTERDAY        0.00          4.11 1958   0.09  -0.09     0.00
  MONTH TO DATE    0.00                      0.38  -0.38      T
  SINCE SEP 1      0.00                      0.38  -0.38      T
  SINCE JAN 1     21.96                     21.48   0.48    20.66

SNOWFALL (IN)
  YESTERDAY        0.0           0.0    MM   0.0    0.0      0.0
  MONTH TO DATE    0.0                       0.0    0.0      0.0
  SINCE JAN 1      5.6                      13.7   -8.1     16.9
  SINCE JUL 1      0.0                       0.0    0.0      0.0
  SNOW DEPTH       0

DEGREE DAYS
 HEATING
  YESTERDAY        0                         1     -1        0
  MONTH TO DATE    0                         2     -2        0
  SINCE SEP 1      0                         2     -2        0
  SINCE JUL 1      2                         5     -3        2

 COOLING
  YESTERDAY       19                         8     11       18
  MONTH TO DATE   76                        35     41       45
  SINCE SEP 1     76                        35     41       45
  SINCE JAN 1   1115                      1201    -86     1254
..................................................................


WIND (MPH)
  HIGHEST WIND SPEED    29   HIGHEST WIND DIRECTION     S (160)
  HIGHEST GUST SPEED    37   HIGHEST GUST DIRECTION     S (160)
  AVERAGE WIND SPEED    16.0


SKY COVER
  AVERAGE SKY COVER 0.0


WEATHER CONDITIONS
 THE FOLLOWING WEATHER WAS RECORDED YESTERDAY.
  NO SIGNIFICANT WEATHER WAS OBSERVED.


RELATIVE HUMIDITY (PERCENT)
 HIGHEST    73           500 AM
 LOWEST     39           200 PM
 AVERAGE    56

..........................................................


THE CONCORDIA KS CLIMATE NORMALS FOR TODAY
                         NORMAL    RECORD    YEAR
 MAXIMUM TEMPERATURE (F)   84       107      1931
 MINIMUM TEMPERATURE (F)   61        43      2011
                                             1962


SUNRISE AND SUNSET
SEPTEMBER  5 2015.....SUNRISE   702 AM CDT   SUNSET   756 PM CDT
SEPTEMBER  6 2015.....SUNRISE   703 AM CDT   SUNSET   754 PM CDT


-  INDICATES NEGATIVE NUMBERS.
R  INDICATES RECORD WAS SET OR TIED.
MM INDICATES DATA IS MISSING.
T  INDICATES TRACE AMOUNT.




$$
