744
CDUS43 KICT 120630
CLICNU

CLIMATE REPORT
NATIONAL WEATHER SERVICE WICHITA KS
1229 AM CST TUE DEC 12 2017


...................................

...THE CHANUTE KS CLIMATE SUMMARY FOR DECEMBER 11 2017...

CLIMATE NORMAL PERIOD 1981 TO 2010
CLIMATE RECORD PERIOD 1894 TO 2017


WEATHER ITEM   OBSERVED TIME   RECORD YEAR NORMAL DEPARTURE LAST
                VALUE   (LST)  VALUE       VALUE  FROM      YEAR
                                                  NORMAL
..................................................................
TEMPERATURE (F)
 YESTERDAY
  MAXIMUM         65   1245 PM  72    1939  45     20       48
  MINIMUM         32    127 AM   1    1917  26      6       27
  AVERAGE         49                        35     14       38

PRECIPITATION (IN)
  YESTERDAY        0.00          1.50 1899   0.05  -0.05     0.04
  MONTH TO DATE    0.00                      0.70  -0.70     0.37
  SINCE DEC 1      0.00                      0.70  -0.70     0.37
  SINCE JAN 1     46.05                     41.02   5.03    36.49

DEGREE DAYS
 HEATING
  YESTERDAY       16                        30    -14       27
  MONTH TO DATE  250                       308    -58      323
  SINCE DEC 1    250                       308    -58      323
  SINCE JUL 1    951                      1160   -209      801

 COOLING
  YESTERDAY        0                         0      0        0
  MONTH TO DATE    0                         0      0        0
  SINCE DEC 1      0                         0      0        0
  SINCE JAN 1   1619                      1532     87     1846
..................................................................


WIND (MPH)
  HIGHEST WIND SPEED    30   HIGHEST WIND DIRECTION    NW (310)
  HIGHEST GUST SPEED    38   HIGHEST GUST DIRECTION    NW (310)
  AVERAGE WIND SPEED    13.3


SKY COVER
  POSSIBLE SUNSHINE  MM
  AVERAGE SKY COVER 0.0


WEATHER CONDITIONS
 THE FOLLOWING WEATHER WAS RECORDED YESTERDAY.
  NO SIGNIFICANT WEATHER WAS OBSERVED.


RELATIVE HUMIDITY (PERCENT)
 HIGHEST    62          1100 PM
 LOWEST     15           100 PM
 AVERAGE    39

..........................................................


THE CHANUTE KS CLIMATE NORMALS FOR TODAY
                         NORMAL    RECORD    YEAR
 MAXIMUM TEMPERATURE (F)   44        71      2015
 MINIMUM TEMPERATURE (F)   26        -6      1932


SUNRISE AND SUNSET
DECEMBER 12 2017......SUNRISE   728 AM CST   SUNSET   504 PM CST
DECEMBER 13 2017......SUNRISE   729 AM CST   SUNSET   504 PM CST


-  INDICATES NEGATIVE NUMBERS.
R  INDICATES RECORD WAS SET OR TIED.
MM INDICATES DATA IS MISSING.
T  INDICATES TRACE AMOUNT.




$$
