000
CDUS45 KGJT 030802
CLICNY


CLIMATE REPORT
NATIONAL WEATHER SERVICE GRAND JUNCTION CO
1259 AM MST SAT DEC 3 2016


...................................

...THE CANYONLANDS AIRPORT UT CLIMATE SUMMARY FOR DECEMBER 2 2016...

CLIMATE NORMAL PERIOD 1981 TO 2010
CLIMATE RECORD PERIOD 9999 TO 9999


WEATHER ITEM   OBSERVED TIME   RECORD YEAR NORMAL DEPARTURE LAST
                VALUE   (LST)  VALUE       VALUE  FROM      YEAR
                                                  NORMAL
..................................................................
TEMPERATURE (F)
 YESTERDAY
  MAXIMUM         43    128 PM  MM      MM  41      2       41
  MINIMUM         21   1134 PM  MM      MM  20      1       13
  AVERAGE         32                        31      1       27

PRECIPITATION (IN)
  YESTERDAY        0.00         MM      MM   0.01  -0.01     0.00
  MONTH TO DATE    0.00                      0.03  -0.03     0.00
  SINCE DEC 1      0.00                      0.03  -0.03     0.00
  SINCE JAN 1      6.21                      8.23  -2.02     8.55

SNOWFALL (IN)
  YESTERDAY       MM            MM      MM  MM     MM       MM
  MONTH TO DATE   MM                        MM     MM       MM
  SINCE DEC 1     MM                        MM     MM       MM
  SINCE JUL 1      0.0                      MM     MM       MM
  SNOW DEPTH      MM

DEGREE DAYS
 HEATING
  YESTERDAY       33                        34     -1       38
  MONTH TO DATE   64                        68     -4       76
  SINCE DEC 1     64                        68     -4       76
  SINCE JUL 1    833                      1277   -444     1005

 COOLING
  YESTERDAY        0                         0      0        0
  MONTH TO DATE    0                         0      0        0
  SINCE DEC 1      0                         0      0        0
  SINCE JAN 1   1627                      1289    338     1420
..................................................................


WIND (MPH)
  HIGHEST WIND SPEED    13   HIGHEST WIND DIRECTION    NE (60)
  HIGHEST GUST SPEED    16   HIGHEST GUST DIRECTION    NW (320)
  AVERAGE WIND SPEED     5.2


SKY COVER
  POSSIBLE SUNSHINE  MM
  AVERAGE SKY COVER 0.8


WEATHER CONDITIONS
 THE FOLLOWING WEATHER WAS RECORDED YESTERDAY.
  NO SIGNIFICANT WEATHER WAS OBSERVED.


RELATIVE HUMIDITY (PERCENT)
 HIGHEST    75           500 AM
 LOWEST     33           300 PM
 AVERAGE    54

..........................................................


THE CANYONLANDS AIRPORT UT CLIMATE NORMALS FOR TODAY
                         NORMAL    RECORD    YEAR
 MAXIMUM TEMPERATURE (F)   41        MM        MM
 MINIMUM TEMPERATURE (F)   20        MM        MM


SUNRISE AND SUNSET
DECEMBER  3 2016......SUNRISE   721 AM MST   SUNSET   457 PM MST
DECEMBER  4 2016......SUNRISE   722 AM MST   SUNSET   457 PM MST


-  INDICATES NEGATIVE NUMBERS.
R  INDICATES RECORD WAS SET OR TIED.
MM INDICATES DATA IS MISSING.
T  INDICATES TRACE AMOUNT.




$$
