000
CDUS41 KGYX 280903
CLICON


CLIMATE REPORT
NATIONAL WEATHER SERVICE GRAY ME
503 AM EDT FRI APR 28 2017


...................................

...THE CONCORD NH CLIMATE SUMMARY FOR APRIL 27 2017...

CLIMATE NORMAL PERIOD 1981 TO 2010
CLIMATE RECORD PERIOD 1868 TO 2017


WEATHER ITEM   OBSERVED TIME   RECORD YEAR NORMAL DEPARTURE LAST
                VALUE   (LST)  VALUE       VALUE  FROM      YEAR
                                                  NORMAL
..................................................................
TEMPERATURE (F)
 YESTERDAY
  MAXIMUM         68        MM  92    1990  63      5       60
  MINIMUM         53        MM  21    1974  36     17       25
                                      1972
  AVERAGE         61                        50     11       43

PRECIPITATION (IN)
  YESTERDAY        0.01          0.97 1979   0.12  -0.11     0.00
  MONTH TO DATE    4.23                      3.06   1.17     1.65
  SINCE MAR 1      8.21                      6.33   1.88     4.32
  SINCE JAN 1     13.16                     11.65   1.51    10.07

SNOWFALL (IN)
  YESTERDAY        0.0           0.5  1982   0.0    0.0      0.0
  MONTH TO DATE    6.9                       2.7    4.2      2.7
  SINCE MAR 1     29.3                      13.8   15.5      5.0
  SINCE JUL 1     86.3                      61.3   25.0     29.7
  SNOW DEPTH       0

DEGREE DAYS
 HEATING
  YESTERDAY        4                        16    -12       22
  MONTH TO DATE  456                       556   -100      575
  SINCE MAR 1   1560                      1543     17     1357
  SINCE JUL 1   6058                      6803   -745     5706

 COOLING
  YESTERDAY        0                         0      0        0
  MONTH TO DATE    2                         0      2        0
  SINCE MAR 1      2                         0      2        0
  SINCE JAN 1      2                         0      2        0
..................................................................


WIND (MPH)
  RESULTANT WIND SPEED   1   RESULTANT WIND DIRECTION  SE (130)
  HIGHEST WIND SPEED     8   HIGHEST WIND DIRECTION     E (110)
  HIGHEST GUST SPEED    MM   HIGHEST GUST DIRECTION    MM
  AVERAGE WIND SPEED     3.8


SKY COVER
  AVERAGE SKY COVER 0.9


WEATHER CONDITIONS
 THE FOLLOWING WEATHER WAS RECORDED YESTERDAY.
  LIGHT RAIN
  FOG


RELATIVE HUMIDITY (PERCENT)
 HIGHEST   100           600 AM
 LOWEST     68           500 PM
 AVERAGE    84

..........................................................


THE CONCORD NH CLIMATE NORMALS FOR TODAY
                         NORMAL    RECORD    YEAR
 MAXIMUM TEMPERATURE (F)   63        93      2009
 MINIMUM TEMPERATURE (F)   37        25      1975
                                             1971


SUNRISE AND SUNSET
APRIL 28 2017.........SUNRISE   543 AM EDT   SUNSET   744 PM EDT
APRIL 29 2017.........SUNRISE   542 AM EDT   SUNSET   745 PM EDT


-  INDICATES NEGATIVE NUMBERS.
R  INDICATES RECORD WAS SET OR TIED.
MM INDICATES DATA IS MISSING.
T  INDICATES TRACE AMOUNT.




$$
