000
CDUS41 KGYX 050903
CLICON


CLIMATE REPORT
NATIONAL WEATHER SERVICE GRAY ME
402 AM EST THU MAR 5 2015


...................................

...THE CONCORD NH CLIMATE SUMMARY FOR MARCH 4 2015...

CLIMATE NORMAL PERIOD 1981 TO 2010
CLIMATE RECORD PERIOD 1868 TO 2015


WEATHER ITEM   OBSERVED TIME   RECORD YEAR NORMAL DEPARTURE LAST
                VALUE   (LST)  VALUE       VALUE  FROM      YEAR
                                                  NORMAL
..................................................................
TEMPERATURE (F)
 YESTERDAY
  MAXIMUM         45    221 PM  61    1880  40      5       29
  MINIMUM         24   1257 AM -10    1982  19      5       -8
  AVERAGE         35                        29      6       11

PRECIPITATION (IN)
  YESTERDAY        T             0.80 1991   0.09  -0.09     0.00
  MONTH TO DATE    0.23                      0.39  -0.16     0.00
  SINCE MAR 1      0.23                      0.39  -0.16     0.00
  SINCE JAN 1      6.29                      5.71   0.58     7.32

SNOWFALL (IN)
  YESTERDAY        T            12.0  1891   0.4   -0.4      0.0
  MONTH TO DATE    4.0                       1.8    2.2      0.0
  SINCE MAR 1      4.0                       1.8    2.2      0.0
  SINCE JUL 1     88.2                      49.3   38.9     69.8
  SNOW DEPTH      23

DEGREE DAYS
 HEATING
  YESTERDAY       30                        36     -6       54
  MONTH TO DATE  178                       146     32      200
  SINCE MAR 1    178                       146     32      200
  SINCE JUL 1   5632                      5406    226     5669

 COOLING
  YESTERDAY        0                         0      0        0
  MONTH TO DATE    0                         0      0        0
  SINCE MAR 1      0                         0      0        0
  SINCE JAN 1      0                         0      0        0
..................................................................


WIND (MPH)
  RESULTANT WIND SPEED   4   RESULTANT WIND DIRECTION   W (270)
  HIGHEST WIND SPEED    17   HIGHEST WIND DIRECTION    NW (300)
  HIGHEST GUST SPEED    22   HIGHEST GUST DIRECTION     W (270)
  AVERAGE WIND SPEED     5.7


SKY COVER
  AVERAGE SKY COVER 0.6


WEATHER CONDITIONS
 THE FOLLOWING WEATHER WAS RECORDED YESTERDAY.
  FOG


RELATIVE HUMIDITY (PERCENT)
 HIGHEST    92           200 AM
 LOWEST     45           200 PM
 AVERAGE    69

..........................................................


THE CONCORD NH CLIMATE NORMALS FOR TODAY
                         NORMAL    RECORD    YEAR
 MAXIMUM TEMPERATURE (F)   40        67      1880
 MINIMUM TEMPERATURE (F)   19       -16      1872


SUNRISE AND SUNSET
MARCH  5 2015.........SUNRISE   616 AM EST   SUNSET   540 PM EST
MARCH  6 2015.........SUNRISE   614 AM EST   SUNSET   541 PM EST


-  INDICATES NEGATIVE NUMBERS.
R  INDICATES RECORD WAS SET OR TIED.
MM INDICATES DATA IS MISSING.
T  INDICATES TRACE AMOUNT.




$$
