000
CDUS41 KGYX 250803
CLICON


CLIMATE REPORT
NATIONAL WEATHER SERVICE GRAY ME
403 AM EDT WED MAY 25 2016


...................................

...THE CONCORD NH CLIMATE SUMMARY FOR MAY 24 2016...

CLIMATE NORMAL PERIOD 1981 TO 2010
CLIMATE RECORD PERIOD 1868 TO 2016


WEATHER ITEM   OBSERVED TIME   RECORD YEAR NORMAL DEPARTURE LAST
                VALUE   (LST)  VALUE       VALUE  FROM      YEAR
                                                  NORMAL
..................................................................
TEMPERATURE (F)
 YESTERDAY
  MAXIMUM         66    430 PM  91    2007  71     -5       85
                                      1991
                                      1977
  MINIMUM         56    410 AM  29    1971  45     11       42
                                      1965
  AVERAGE         61                        58      3       64

PRECIPITATION (IN)
  YESTERDAY        0.71          2.04 1979   0.13   0.58     0.00
  MONTH TO DATE    2.49                      2.77  -0.28     0.04
  SINCE MAR 1      6.81                      9.45  -2.64     3.78
  SINCE JAN 1     12.56                     14.77  -2.21     9.84

SNOWFALL (IN)
  YESTERDAY        0.0           0.0  2002   0.0    0.0      0.0
                                      2001
                                      2000
  MONTH TO DATE    0.0                       0.2   -0.2      0.0
  SINCE MAR 1      5.0                      14.1   -9.1      7.9
  SINCE JUL 1     29.7                      61.6  -31.9     92.1
  SNOW DEPTH       0

DEGREE DAYS
 HEATING
  YESTERDAY        4                         8     -4        1
  MONTH TO DATE  259                       258      1      151
  SINCE MAR 1   1667                      1845   -178     1908
  SINCE JUL 1   6016                      7105  -1089     7362

 COOLING
  YESTERDAY        0                         1     -1        0
  MONTH TO DATE    0                         7     -7       18
  SINCE MAR 1      0                         9     -9       18
  SINCE JAN 1      0                         9     -9       18
..................................................................


WIND (MPH)
  RESULTANT WIND SPEED   3   RESULTANT WIND DIRECTION   E (70)
  HIGHEST WIND SPEED    13   HIGHEST WIND DIRECTION     E (80)
  HIGHEST GUST SPEED    16   HIGHEST GUST DIRECTION    NE (60)
  AVERAGE WIND SPEED     4.3


SKY COVER
  AVERAGE SKY COVER 0.9


WEATHER CONDITIONS
 THE FOLLOWING WEATHER WAS RECORDED YESTERDAY.
  HEAVY RAIN
  RAIN
  LIGHT RAIN
  FOG


RELATIVE HUMIDITY (PERCENT)
 HIGHEST    93          1000 AM
 LOWEST     67           300 PM
 AVERAGE    80

..........................................................


THE CONCORD NH CLIMATE NORMALS FOR TODAY
                         NORMAL    RECORD    YEAR
 MAXIMUM TEMPERATURE (F)   72        93      2007
 MINIMUM TEMPERATURE (F)   46        24      1956


SUNRISE AND SUNSET
MAY 25 2016...........SUNRISE   513 AM EDT   SUNSET   814 PM EDT
MAY 26 2016...........SUNRISE   512 AM EDT   SUNSET   814 PM EDT


-  INDICATES NEGATIVE NUMBERS.
R  INDICATES RECORD WAS SET OR TIED.
MM INDICATES DATA IS MISSING.
T  INDICATES TRACE AMOUNT.




$$
