456
CDUS41 KGYX 030910
CLICON


CLIMATE REPORT
NATIONAL WEATHER SERVICE GRAY ME
409 AM EST SAT DEC 3 2016


...................................

...THE CONCORD NH CLIMATE SUMMARY FOR DECEMBER 2 2016...

CLIMATE NORMAL PERIOD 1981 TO 2010
CLIMATE RECORD PERIOD 1868 TO 2016


WEATHER ITEM   OBSERVED TIME   RECORD YEAR NORMAL DEPARTURE LAST
                VALUE   (LST)  VALUE       VALUE  FROM      YEAR
                                                  NORMAL
..................................................................
TEMPERATURE (F)
 YESTERDAY
  MAXIMUM         51   1132 AM  63    1998  41     10       41
  MINIMUM         28    653 AM  -8    1873  23      5       34
  AVERAGE         40                        32      8       38

PRECIPITATION (IN)
  YESTERDAY        T             1.40 1942   0.11  -0.11     0.32
  MONTH TO DATE    0.77                      0.22   0.55     0.45
  SINCE DEC 1      0.77                      0.22   0.55     0.45
  SINCE JAN 1     30.52                     37.63  -7.11    33.98

SNOWFALL (IN)
  YESTERDAY        0.0           4.0  1936   0.4   -0.4      0.0
  MONTH TO DATE    0.0                       0.7   -0.7      0.0
  SINCE DEC 1      0.0                       0.7   -0.7      0.0
  SINCE JUL 1      1.2                       3.3   -2.1      0.0
  SNOW DEPTH       0

DEGREE DAYS
 HEATING
  YESTERDAY       25                        33     -8       27
  MONTH TO DATE   42                        65    -23       66
  SINCE DEC 1     42                        65    -23       66
  SINCE JUL 1   1294                      1625   -331     1346

 COOLING
  YESTERDAY        0                         0      0        0
  MONTH TO DATE    0                         0      0        0
  SINCE DEC 1      0                         0      0        0
  SINCE JAN 1    715                       452    263      595
..................................................................


WIND (MPH)
  RESULTANT WIND SPEED   6   RESULTANT WIND DIRECTION   W (270)
  HIGHEST WIND SPEED    24   HIGHEST WIND DIRECTION    NW (330)
  HIGHEST GUST SPEED    31   HIGHEST GUST DIRECTION    NW (330)
  AVERAGE WIND SPEED     6.3


SKY COVER
  AVERAGE SKY COVER 0.4


WEATHER CONDITIONS
 THE FOLLOWING WEATHER WAS RECORDED YESTERDAY.
  LIGHT SNOW


RELATIVE HUMIDITY (PERCENT)
 HIGHEST    85           500 AM
 LOWEST     46           400 PM
 AVERAGE    66

..........................................................


THE CONCORD NH CLIMATE NORMALS FOR TODAY
                         NORMAL    RECORD    YEAR
 MAXIMUM TEMPERATURE (F)   41        65      2009
 MINIMUM TEMPERATURE (F)   22        -6      1875


SUNRISE AND SUNSET
DECEMBER  3 2016......SUNRISE   701 AM EST   SUNSET   411 PM EST
DECEMBER  4 2016......SUNRISE   702 AM EST   SUNSET   411 PM EST


-  INDICATES NEGATIVE NUMBERS.
R  INDICATES RECORD WAS SET OR TIED.
MM INDICATES DATA IS MISSING.
T  INDICATES TRACE AMOUNT.




$$
