000
CDUS41 KGYX 290802
CLICON


CLIMATE REPORT
NATIONAL WEATHER SERVICE GRAY ME
402 AM EDT WED JUL 29 2015


...................................

...THE CONCORD NH CLIMATE SUMMARY FOR JULY 28 2015...

CLIMATE NORMAL PERIOD 1981 TO 2010
CLIMATE RECORD PERIOD 1868 TO 2015


WEATHER ITEM   OBSERVED TIME   RECORD YEAR NORMAL DEPARTURE LAST
                VALUE   (LST)  VALUE       VALUE  FROM      YEAR
                                                  NORMAL
..................................................................
TEMPERATURE (F)
 YESTERDAY
  MAXIMUM         92    319 PM  97    1949  83      9       83
  MINIMUM         66   1105 PM  40    1977  58      8       64
  AVERAGE         79                        70      9       74

PRECIPITATION (IN)
  YESTERDAY        0.00          1.88 1938   0.12  -0.12     0.60
  MONTH TO DATE    1.95                      3.36  -1.41     7.24
  SINCE JUN 1      7.25                      7.05   0.20    11.07
  SINCE JAN 1     17.70                     22.71  -5.01    28.81

SNOWFALL (IN)
  YESTERDAY        0.0           0.0  2002   0.0    0.0      0.0
                                      2001
                                      2000
  MONTH TO DATE    0.0                       0.0    0.0      0.0
  SINCE JUN 1      0.0                       0.0    0.0      0.0
  SINCE JUL 1      0.0                       0.0    0.0      0.0
  SNOW DEPTH       0

DEGREE DAYS
 HEATING
  YESTERDAY        0                         0      0        0
  MONTH TO DATE    8                        13     -5        0
  SINCE JUN 1    103                        98      5       56
  SINCE JUL 1      8                        13     -5        0

 COOLING
  YESTERDAY       14                         6      8        9
  MONTH TO DATE  159                       158      1      173
  SINCE JUN 1    224                       242    -18      246
  SINCE JAN 1    290                       260     30      248
..................................................................


WIND (MPH)
  RESULTANT WIND SPEED   2   RESULTANT WIND DIRECTION   N (10)
  HIGHEST WIND SPEED    12   HIGHEST WIND DIRECTION     N (350)
  HIGHEST GUST SPEED    20   HIGHEST GUST DIRECTION     W (280)
  AVERAGE WIND SPEED     3.8


SKY COVER
  AVERAGE SKY COVER 0.0


WEATHER CONDITIONS
 THE FOLLOWING WEATHER WAS RECORDED YESTERDAY.
  FOG


RELATIVE HUMIDITY (PERCENT)
 HIGHEST    93           200 AM
 LOWEST     30           300 PM
 AVERAGE    62

..........................................................


THE CONCORD NH CLIMATE NORMALS FOR TODAY
                         NORMAL    RECORD    YEAR
 MAXIMUM TEMPERATURE (F)   83        95      1949
 MINIMUM TEMPERATURE (F)   58        43      1978


SUNRISE AND SUNSET
JULY 29 2015..........SUNRISE   533 AM EDT   SUNSET   811 PM EDT
JULY 30 2015..........SUNRISE   534 AM EDT   SUNSET   810 PM EDT


-  INDICATES NEGATIVE NUMBERS.
R  INDICATES RECORD WAS SET OR TIED.
MM INDICATES DATA IS MISSING.
T  INDICATES TRACE AMOUNT.




$$
