000
CDUS41 KGYX 222043
CLICON


CLIMATE REPORT
NATIONAL WEATHER SERVICE GRAY ME
443 PM EDT FRI AUG 22 2014


...................................

...THE CONCORD NH CLIMATE SUMMARY FOR AUGUST 22 2014...
VALID TODAY AS OF 0400 PM LOCAL TIME.

CLIMATE NORMAL PERIOD 1981 TO 2010
CLIMATE RECORD PERIOD 1868 TO 2014


WEATHER ITEM   OBSERVED TIME   RECORD YEAR NORMAL DEPARTURE LAST
                VALUE   (LST)  VALUE       VALUE  FROM      YEAR
                                                  NORMAL
..................................................................
TEMPERATURE (F)
 TODAY
  MAXIMUM         69    211 PM  93    1955  80    -11       89
  MINIMUM         56    515 AM  34    1982  55      1       57
  AVERAGE         63                        68     -5       73

PRECIPITATION (IN)
  TODAY            0.22          1.82 1964   0.09   0.13      T
  MONTH TO DATE    3.61                      2.33   1.28     1.39
  SINCE JUN 1     14.93                      9.76   5.17    14.87
  SINCE JAN 1     32.67                     25.42   7.25    27.63

SNOWFALL (IN)
  TODAY            0.0           0.0  2002   0.0    0.0      0.0
                                      2001
                                      2000
  MONTH TO DATE    0.0                       0.0    0.0      0.0
  SINCE JUN 1      0.0                       0.0    0.0      0.0
  SINCE JUL 1      0.0                       0.0    0.0      0.0
  SNOW DEPTH       0

DEGREE DAYS
 HEATING
  TODAY            2                         1      1        0
  MONTH TO DATE   28                        17     11       18
  SINCE JUN 1     84                       119    -35       92
  SINCE JUL 1     28                        34     -6       20

 COOLING
  TODAY            0                         4     -4        8
  MONTH TO DATE   45                       108    -63       56
  SINCE JUN 1    293                       364    -71      431
  SINCE JAN 1    295                       382    -87      452
..................................................................


WIND (MPH)
  HIGHEST WIND SPEED    10   HIGHEST WIND DIRECTION     E (80)
  HIGHEST GUST SPEED    20   HIGHEST GUST DIRECTION     E (100)
  AVERAGE WIND SPEED     4.5


SKY COVER
  POSSIBLE SUNSHINE  MM
  AVERAGE SKY COVER 1.0


WEATHER CONDITIONS
 THE FOLLOWING WEATHER WAS RECORDED TODAY.
  HEAVY RAIN
  RAIN
  LIGHT RAIN
  FOG


RELATIVE HUMIDITY (PERCENT)
 HIGHEST   100          1200 AM
 LOWEST     73           200 PM
 AVERAGE    87

..........................................................


THE CONCORD NH CLIMATE NORMALS FOR TOMORROW
                         NORMAL    RECORD    YEAR
 MAXIMUM TEMPERATURE (F)   80        93      1918
 MINIMUM TEMPERATURE (F)   55        36      1894


SUNRISE AND SUNSET
AUGUST 22 2014........SUNRISE   559 AM EDT   SUNSET   738 PM EDT
AUGUST 23 2014........SUNRISE   600 AM EDT   SUNSET   736 PM EDT


-  INDICATES NEGATIVE NUMBERS.
R  INDICATES RECORD WAS SET OR TIED.
MM INDICATES DATA IS MISSING.
T  INDICATES TRACE AMOUNT.




$$
