000
CDUS41 KGYX 272045
CLICON


CLIMATE REPORT
NATIONAL WEATHER SERVICE GRAY ME
445 PM EDT WED JUL 27 2016


...................................

...THE CONCORD NH CLIMATE SUMMARY FOR JULY 27 2016...
VALID TODAY AS OF 0400 PM LOCAL TIME.

CLIMATE NORMAL PERIOD 1981 TO 2010
CLIMATE RECORD PERIOD 1868 TO 2016


WEATHER ITEM   OBSERVED TIME   RECORD YEAR NORMAL DEPARTURE LAST
                VALUE   (LST)  VALUE       VALUE  FROM      YEAR
                                                  NORMAL
..................................................................
TEMPERATURE (F)
 TODAY
  MAXIMUM         94    233 PM  97    1963  83     11       85
  MINIMUM         58    451 AM  37    1977  58      0       65
  AVERAGE         76                        70      6       75

PRECIPITATION (IN)
  TODAY            0.00          2.35 1928   0.12  -0.12     0.00
  MONTH TO DATE    1.71                      3.24  -1.53     1.95
  SINCE JUN 1      3.12                      6.93  -3.81     7.25
  SINCE JAN 1     15.82                     22.59  -6.77    17.70

SNOWFALL (IN)
  TODAY            0.0           0.0  2002   0.0    0.0      0.0
                                      2001
                                      2000
  MONTH TO DATE    0.0                       0.0    0.0      0.0
  SINCE JUN 1      0.0                       0.0    0.0      0.0
  SINCE JUL 1      0.0                       0.0    0.0      0.0
  SNOW DEPTH       0

DEGREE DAYS
 HEATING
  TODAY            0                         0      0        0
  MONTH TO DATE   11                        13     -2        8
  SINCE JUN 1     53                        98    -45      103
  SINCE JUL 1     11                        13     -2        8

 COOLING
  TODAY           11                         6      5       10
  MONTH TO DATE  211                       152     59      145
  SINCE JUN 1    293                       236     57      210
  SINCE JAN 1    333                       254     79      276
..................................................................


WIND (MPH)
  HIGHEST WIND SPEED    13   HIGHEST WIND DIRECTION    NW (320)
  HIGHEST GUST SPEED    17   HIGHEST GUST DIRECTION     N (10)
  AVERAGE WIND SPEED     2.2


SKY COVER
  POSSIBLE SUNSHINE  MM
  AVERAGE SKY COVER 0.1


WEATHER CONDITIONS
 THE FOLLOWING WEATHER WAS RECORDED TODAY.
  NO SIGNIFICANT WEATHER WAS OBSERVED.


RELATIVE HUMIDITY (PERCENT)
 HIGHEST    93           500 AM
 LOWEST     29           300 PM
 AVERAGE    61

..........................................................


THE CONCORD NH CLIMATE NORMALS FOR TOMORROW
                         NORMAL    RECORD    YEAR
 MAXIMUM TEMPERATURE (F)   83        97      1949
 MINIMUM TEMPERATURE (F)   58        40      1977


SUNRISE AND SUNSET
JULY 27 2016..........SUNRISE   532 AM EDT   SUNSET   813 PM EDT
JULY 28 2016..........SUNRISE   533 AM EDT   SUNSET   812 PM EDT


-  INDICATES NEGATIVE NUMBERS.
R  INDICATES RECORD WAS SET OR TIED.
MM INDICATES DATA IS MISSING.
T  INDICATES TRACE AMOUNT.




$$
