000
CDUS41 KGYX 290902
CLICON


CLIMATE REPORT
NATIONAL WEATHER SERVICE GRAY ME
402 AM EST MON DEC 29 2014


...................................

...THE CONCORD NH CLIMATE SUMMARY FOR DECEMBER 28 2014...

CLIMATE NORMAL PERIOD 1981 TO 2010
CLIMATE RECORD PERIOD 1868 TO 2014


WEATHER ITEM   OBSERVED TIME   RECORD YEAR NORMAL DEPARTURE LAST
                VALUE   (LST)  VALUE       VALUE  FROM      YEAR
                                                  NORMAL
..................................................................
TEMPERATURE (F)
 YESTERDAY
  MAXIMUM         49    105 PM  62    1982  33     16       43
  MINIMUM         36   1159 PM -21    1933  13     23        9
  AVERAGE         43                        23     20       26

PRECIPITATION (IN)
  YESTERDAY        0.17          1.27 1946   0.10   0.07     0.00
  MONTH TO DATE    5.16                      2.92   2.24     2.36
  SINCE DEC 1      5.16                      2.92   2.24     2.36
  SINCE JAN 1     46.03                     40.33   5.70    39.76

SNOWFALL (IN)
  YESTERDAY        0.0          14.0  1873   0.5   -0.5      0.0
  MONTH TO DATE    3.5                      12.9   -9.4     18.9
  SINCE DEC 1      3.5                      12.9   -9.4     18.9
  SINCE JUL 1     16.4                      15.5    0.9     19.1
  SNOW DEPTH       1

DEGREE DAYS
 HEATING
  YESTERDAY       22                        42    -20       39
  MONTH TO DATE  910                      1058   -148     1144
  SINCE DEC 1    910                      1058   -148     1144
  SINCE JUL 1   2414                      2618   -204     2661

 COOLING
  YESTERDAY        0                         0      0        0
  MONTH TO DATE    0                         0      0        0
  SINCE DEC 1      0                         0      0        0
  SINCE JAN 1    387                       452    -65      537
..................................................................


WIND (MPH)
  RESULTANT WIND SPEED   4   RESULTANT WIND DIRECTION   W (270)
  HIGHEST WIND SPEED    20   HIGHEST WIND DIRECTION     W (290)
  HIGHEST GUST SPEED    24   HIGHEST GUST DIRECTION     W (290)
  AVERAGE WIND SPEED     6.7


SKY COVER
  AVERAGE SKY COVER 0.6


WEATHER CONDITIONS
 THE FOLLOWING WEATHER WAS RECORDED YESTERDAY.
  RAIN
  LIGHT RAIN
  FOG


RELATIVE HUMIDITY (PERCENT)
 HIGHEST   100           900 AM
 LOWEST     55           700 PM
 AVERAGE    78

..........................................................


THE CONCORD NH CLIMATE NORMALS FOR TODAY
                         NORMAL    RECORD    YEAR
 MAXIMUM TEMPERATURE (F)   32        65      1984
 MINIMUM TEMPERATURE (F)   13       -21      1933


SUNRISE AND SUNSET
DECEMBER 29 2014......SUNRISE   718 AM EST   SUNSET   419 PM EST
DECEMBER 30 2014......SUNRISE   718 AM EST   SUNSET   419 PM EST


-  INDICATES NEGATIVE NUMBERS.
R  INDICATES RECORD WAS SET OR TIED.
MM INDICATES DATA IS MISSING.
T  INDICATES TRACE AMOUNT.




$$
