000
CDUS41 KGYX 230812
CLICON


CLIMATE REPORT
NATIONAL WEATHER SERVICE GRAY ME
412 AM EDT WED AUG 23 2017


...................................

...THE CONCORD NH CLIMATE SUMMARY FOR AUGUST 22 2017...

CLIMATE NORMAL PERIOD 1981 TO 2010
CLIMATE RECORD PERIOD 1868 TO 2017


WEATHER ITEM   OBSERVED TIME   RECORD YEAR NORMAL DEPARTURE LAST
                VALUE   (LST)  VALUE       VALUE  FROM      YEAR
                                                  NORMAL
..................................................................
TEMPERATURE (F)
 YESTERDAY
  MAXIMUM         91    238 PM  93    1955  80     11       76
  MINIMUM         59    459 AM  34    1982  55      4       52
  AVERAGE         75                        68      7       64

PRECIPITATION (IN)
  YESTERDAY        0.46          1.82 1964   0.09   0.37     0.66
  MONTH TO DATE    3.07                      2.33   0.74     1.75
  SINCE JUN 1      9.43                      9.76  -0.33     5.34
  SINCE JAN 1     28.50                     25.42   3.08    18.04

SNOWFALL (IN)
  YESTERDAY        0.0           0.0  2002   0.0    0.0      0.0
                                      2001
                                      2000
  MONTH TO DATE    0.0                       0.0    0.0      0.0
  SINCE JUN 1      0.0                       0.0    0.0      0.0
  SINCE JUL 1      0.0                       0.0    0.0      0.0
  SNOW DEPTH       0

DEGREE DAYS
 HEATING
  YESTERDAY        0                         1     -1        1
  MONTH TO DATE    3                        17    -14        1
  SINCE JUN 1     97                       119    -22       54
  SINCE JUL 1     18                        34    -16       12

 COOLING
  YESTERDAY       10                         4      6        0
  MONTH TO DATE  111                       108      3      192
  SINCE JUN 1    410                       364     46      524
  SINCE JAN 1    442                       382     60      564
..................................................................


WIND (MPH)
  RESULTANT WIND SPEED   5   RESULTANT WIND DIRECTION   S (180)
  HIGHEST WIND SPEED    18   HIGHEST WIND DIRECTION    SW (210)
  HIGHEST GUST SPEED    25   HIGHEST GUST DIRECTION    SW (210)
  AVERAGE WIND SPEED     6.0


SKY COVER
  AVERAGE SKY COVER 0.2


WEATHER CONDITIONS
 THE FOLLOWING WEATHER WAS RECORDED YESTERDAY.
  THUNDERSTORM
  HEAVY RAIN
  RAIN
  LIGHT RAIN
  FOG


RELATIVE HUMIDITY (PERCENT)
 HIGHEST    97           300 AM
 LOWEST     52           200 PM
 AVERAGE    75

..........................................................


THE CONCORD NH CLIMATE NORMALS FOR TODAY
                         NORMAL    RECORD    YEAR
 MAXIMUM TEMPERATURE (F)   80        93      1918
 MINIMUM TEMPERATURE (F)   55        36      1894


SUNRISE AND SUNSET
AUGUST 23 2017........SUNRISE   601 AM EDT   SUNSET   736 PM EDT
AUGUST 24 2017........SUNRISE   602 AM EDT   SUNSET   734 PM EDT


-  INDICATES NEGATIVE NUMBERS.
R  INDICATES RECORD WAS SET OR TIED.
MM INDICATES DATA IS MISSING.
T  INDICATES TRACE AMOUNT.




$$
