000
CDUS41 KGYX 212146
CLICON


CLIMATE REPORT
NATIONAL WEATHER SERVICE GRAY ME
446 PM EST SAT JAN 21 2017


...................................

...THE CONCORD NH CLIMATE SUMMARY FOR JANUARY 21 2017...
VALID TODAY AS OF 0400 PM LOCAL TIME.

CLIMATE NORMAL PERIOD 1981 TO 2010
CLIMATE RECORD PERIOD 1868 TO 2017


WEATHER ITEM   OBSERVED TIME   RECORD YEAR NORMAL DEPARTURE LAST
                VALUE   (LST)  VALUE       VALUE  FROM      YEAR
                                                  NORMAL
..................................................................
TEMPERATURE (F)
 TODAY
  MAXIMUM         45    259 PM  62    1906  31     14       27
  MINIMUM         32   1217 AM -25    1994  10     22       16
  AVERAGE         39                        20     19       22

PRECIPITATION (IN)
  TODAY            0.00          1.76 1979   0.09  -0.09     0.00
  MONTH TO DATE    1.64                      1.82  -0.18     1.36
  SINCE DEC 1      4.96                      5.02  -0.06     6.14
  SINCE JAN 1      1.64                      1.82  -0.18     1.36

SNOWFALL (IN)
  TODAY            0.0          10.0  1889   0.6   -0.6      0.0
  MONTH TO DATE    7.5                      12.3   -4.8      7.6
  SINCE DEC 1     30.7                      26.8    3.9     12.0
  SINCE JUL 1     31.4                      29.4    2.0     12.0
  SNOW DEPTH      11

DEGREE DAYS
 HEATING
  TODAY           26                        45    -19       43
  MONTH TO DATE  794                       935   -141      819
  SINCE DEC 1   1945                      2121   -176     1653
  SINCE JUL 1   3197                      3681   -484     2933

 COOLING
  TODAY            0                         0      0        0
  MONTH TO DATE    0                         0      0        0
  SINCE DEC 1      0                         0      0        0
  SINCE JAN 1      0                         0      0        0
..................................................................


WIND (MPH)
  HIGHEST WIND SPEED     7   HIGHEST WIND DIRECTION     S (170)
  HIGHEST GUST SPEED     7   HIGHEST GUST DIRECTION     S (160)
  AVERAGE WIND SPEED     1.3


SKY COVER
  POSSIBLE SUNSHINE  MM
  AVERAGE SKY COVER 1.0


WEATHER CONDITIONS
 THE FOLLOWING WEATHER WAS RECORDED TODAY.
  NO SIGNIFICANT WEATHER WAS OBSERVED.


RELATIVE HUMIDITY (PERCENT)
 HIGHEST    92          1200 AM
 LOWEST     70           200 PM
 AVERAGE    81

..........................................................


THE CONCORD NH CLIMATE NORMALS FOR TOMORROW
                         NORMAL    RECORD    YEAR
 MAXIMUM TEMPERATURE (F)   31        56      1957
                                             1916
                                             1906
 MINIMUM TEMPERATURE (F)   10       -33      1984


SUNRISE AND SUNSET
JANUARY 21 2017.......SUNRISE   711 AM EST   SUNSET   444 PM EST
JANUARY 22 2017.......SUNRISE   710 AM EST   SUNSET   445 PM EST


-  INDICATES NEGATIVE NUMBERS.
R  INDICATES RECORD WAS SET OR TIED.
MM INDICATES DATA IS MISSING.
T  INDICATES TRACE AMOUNT.




$$
