000
CDUS41 KGYX 060802
CLICON


CLIMATE REPORT
NATIONAL WEATHER SERVICE GRAY ME
402 AM EDT MON JUL 6 2015


...................................

...THE CONCORD NH CLIMATE SUMMARY FOR JULY 5 2015...

CLIMATE NORMAL PERIOD 1981 TO 2010
CLIMATE RECORD PERIOD 1868 TO 2015


WEATHER ITEM   OBSERVED TIME   RECORD YEAR NORMAL DEPARTURE LAST
                VALUE   (LST)  VALUE       VALUE  FROM      YEAR
                                                  NORMAL
..................................................................
TEMPERATURE (F)
 YESTERDAY
  MAXIMUM         85    317 PM 101    1911  82      3       80
  MINIMUM         52    236 AM  39    1979  57     -5       56
  AVERAGE         69                        69      0       68

PRECIPITATION (IN)
  YESTERDAY        0.00          2.16 1967   0.11  -0.11     0.21
  MONTH TO DATE    1.31                      0.55   0.76     3.82
  SINCE JUN 1      6.61                      4.24   2.37     7.65
  SINCE JAN 1     17.06                     19.90  -2.84    25.39

SNOWFALL (IN)
  YESTERDAY        0.0           0.0  2002   0.0    0.0      0.0
                                      2001
                                      2000
  MONTH TO DATE    0.0                       0.0    0.0      0.0
  SINCE JUN 1      0.0                       0.0    0.0      0.0
  SINCE JUL 1      0.0                       0.0    0.0      0.0
  SNOW DEPTH       0

DEGREE DAYS
 HEATING
  YESTERDAY        0                         1     -1        0
  MONTH TO DATE    4                         5     -1        0
  SINCE JUN 1     99                        90      9       56
  SINCE JUL 1      4                         5     -1        0

 COOLING
  YESTERDAY        4                         5     -1        3
  MONTH TO DATE   11                        25    -14       41
  SINCE JUN 1     76                       109    -33      114
  SINCE JAN 1    142                       127     15      116
..................................................................


WIND (MPH)
  RESULTANT WIND SPEED   2   RESULTANT WIND DIRECTION   W (290)
  HIGHEST WIND SPEED    13   HIGHEST WIND DIRECTION     W (290)
  HIGHEST GUST SPEED    17   HIGHEST GUST DIRECTION     W (280)
  AVERAGE WIND SPEED     3.3


SKY COVER
  AVERAGE SKY COVER 0.4


WEATHER CONDITIONS
 THE FOLLOWING WEATHER WAS RECORDED YESTERDAY.
  FOG
  FOG W/VISIBILITY <= 1/4 MILE


RELATIVE HUMIDITY (PERCENT)
 HIGHEST   100          1200 AM
 LOWEST     40           200 PM
 AVERAGE    70

..........................................................


THE CONCORD NH CLIMATE NORMALS FOR TODAY
                         NORMAL    RECORD    YEAR
 MAXIMUM TEMPERATURE (F)   82        99      2010
                                             1911
 MINIMUM TEMPERATURE (F)   57        40      1962


SUNRISE AND SUNSET
JULY  6 2015..........SUNRISE   513 AM EDT   SUNSET   828 PM EDT
JULY  7 2015..........SUNRISE   513 AM EDT   SUNSET   828 PM EDT


-  INDICATES NEGATIVE NUMBERS.
R  INDICATES RECORD WAS SET OR TIED.
MM INDICATES DATA IS MISSING.
T  INDICATES TRACE AMOUNT.




$$
