000
CDUS41 KGYX 280655
CLICON


CLIMATE REPORT
NATIONAL WEATHER SERVICE GRAY ME
255 AM EDT MON JUL 28 2014


...................................

...THE CONCORD NH CLIMATE SUMMARY FOR JULY 27 2014...

CLIMATE NORMAL PERIOD 1981 TO 2010
CLIMATE RECORD PERIOD 1868 TO 2014


WEATHER ITEM   OBSERVED TIME   RECORD YEAR NORMAL DEPARTURE LAST
                VALUE   (LST)  VALUE       VALUE  FROM      YEAR
                                                  NORMAL
..................................................................
TEMPERATURE (F)
 YESTERDAY
  MAXIMUM         76    545 PM  97    1963  83     -7       83
  MINIMUM         57    239 AM  37    1977  58     -1       53
  AVERAGE         67                        70     -3       68

PRECIPITATION (IN)
  YESTERDAY        0.42          2.35 1928   0.12   0.30     0.00
  MONTH TO DATE    6.64                      3.24   3.40     6.61
  SINCE JUN 1     10.47                      6.93   3.54    13.39
  SINCE JAN 1     28.21                     22.59   5.62    26.15

SNOWFALL (IN)
  YESTERDAY        0.0           0.0  2002   0.0    0.0      0.0
                                      2001
                                      2000
  MONTH TO DATE    0.0                       0.0    0.0      0.0
  SINCE JUN 1      0.0                       0.0    0.0      0.0
  SINCE JUL 1      0.0                       0.0    0.0      0.0
  SNOW DEPTH       0

DEGREE DAYS
 HEATING
  YESTERDAY        0                         0      0        0
  MONTH TO DATE    0                        13    -13        2
  SINCE JUN 1     56                        98    -42       74
  SINCE JUL 1      0                        13    -13        2

 COOLING
  YESTERDAY        2                         6     -4        3
  MONTH TO DATE  164                       152     12      248
  SINCE JUN 1    237                       236      1      357
  SINCE JAN 1    239                       254    -15      378
..................................................................


WIND (MPH)
  RESULTANT WIND SPEED   4   RESULTANT WIND DIRECTION   S (160)
  HIGHEST WIND SPEED    15   HIGHEST WIND DIRECTION     S (190)
  HIGHEST GUST SPEED    23   HIGHEST GUST DIRECTION     S (200)
  AVERAGE WIND SPEED     5.3


SKY COVER
  AVERAGE SKY COVER 0.5


WEATHER CONDITIONS
 THE FOLLOWING WEATHER WAS RECORDED YESTERDAY.
  HEAVY RAIN
  RAIN
  LIGHT RAIN
  FOG


RELATIVE HUMIDITY (PERCENT)
 HIGHEST   100           100 AM
 LOWEST     79           900 AM
 AVERAGE    90

..........................................................


THE CONCORD NH CLIMATE NORMALS FOR TODAY
                         NORMAL    RECORD    YEAR
 MAXIMUM TEMPERATURE (F)   83        97      1949
 MINIMUM TEMPERATURE (F)   58        40      1977


SUNRISE AND SUNSET
JULY 28 2014..........SUNRISE   532 AM EDT   SUNSET   812 PM EDT
JULY 29 2014..........SUNRISE   533 AM EDT   SUNSET   811 PM EDT


-  INDICATES NEGATIVE NUMBERS.
R  INDICATES RECORD WAS SET OR TIED.
MM INDICATES DATA IS MISSING.
T  INDICATES TRACE AMOUNT.




$$
