000
CDUS45 KPUB 250036
CLICOS


CLIMATE REPORT
NATIONAL WEATHER SERVICE PUEBLO
636 PM MDT WED AUG 24 2016


...................................

...THE COLORADO SPRINGS CO CLIMATE SUMMARY FOR AUGUST 24 2016...
VALID TODAY AS OF 0500 PM LOCAL TIME.

CLIMATE NORMAL PERIOD 1981 TO 2010
CLIMATE RECORD PERIOD 1872 TO 2016


WEATHER ITEM   OBSERVED TIME   RECORD YEAR NORMAL DEPARTURE LAST
                VALUE   (LST)  VALUE       VALUE  FROM      YEAR
                                                  NORMAL
..................................................................
TEMPERATURE (F)
 TODAY
  MAXIMUM         68   1227 PM  94    1964  81    -13       87
  MINIMUM         57    520 AM  41    1911  55      2       48
  AVERAGE         63                        68     -5       68

PRECIPITATION (IN)
  TODAY            0.01          1.79 1992   0.09  -0.08     0.00
  MONTH TO DATE    0.96                      2.73  -1.77     1.66
  SINCE JUN 1      5.04                      8.07  -3.03    10.52
  SINCE JAN 1     11.97                     13.18  -1.21    22.75

SNOWFALL (IN)
  TODAY            0.0           0.0  2002   0.0    0.0      0.0
  MONTH TO DATE    0.0                       0.0    0.0      0.0
  SINCE JUN 1      T                         0.0    0.0       T
  SINCE JUL 1      T                         0.0    0.0       T
  SNOW DEPTH       0

DEGREE DAYS
 HEATING
  TODAY            2                         1      1        0
  MONTH TO DATE    9                         9      0        9
  SINCE JUN 1     17                        98    -81       29
  SINCE JUL 1      9                        19    -10       19

 COOLING
  TODAY            0                         4     -4        3
  MONTH TO DATE  138                       113     25      164
  SINCE JUN 1    618                       387    231      468
  SINCE JAN 1    620                       397    223      468
..................................................................


WIND (MPH)
  HIGHEST WIND SPEED    22   HIGHEST WIND DIRECTION    SE (120)
  HIGHEST GUST SPEED    26   HIGHEST GUST DIRECTION     N (350)
  AVERAGE WIND SPEED     7.2


SKY COVER
  POSSIBLE SUNSHINE  MM
  AVERAGE SKY COVER 0.9


WEATHER CONDITIONS
 THE FOLLOWING WEATHER WAS RECORDED TODAY.
  LIGHT RAIN


RELATIVE HUMIDITY (PERCENT)
 HIGHEST    69           300 PM
 LOWEST     39          1100 AM
 AVERAGE    54

..........................................................


THE COLORADO SPRINGS CO CLIMATE NORMALS FOR TOMORROW
                         NORMAL    RECORD    YEAR
 MAXIMUM TEMPERATURE (F)   81        94      2011
 MINIMUM TEMPERATURE (F)   55        38      1910


SUNRISE AND SUNSET
AUGUST 24 2016........SUNRISE   621 AM MDT   SUNSET   740 PM MDT
AUGUST 25 2016........SUNRISE   622 AM MDT   SUNSET   739 PM MDT


-  INDICATES NEGATIVE NUMBERS.
R  INDICATES RECORD WAS SET OR TIED.
MM INDICATES DATA IS MISSING.
T  INDICATES TRACE AMOUNT.




$$
