000
CDUS45 KPUB 241034
CLICOS


CLIMATE REPORT
NATIONAL WEATHER SERVICE PUEBLO
434 AM MDT FRI OCT 24 2014


...................................

...THE COLORADO SPRINGS CO CLIMATE SUMMARY FOR OCTOBER 23 2014...

CLIMATE NORMAL PERIOD 1981 TO 2010
CLIMATE RECORD PERIOD 1872 TO 2014


WEATHER ITEM   OBSERVED TIME   RECORD YEAR NORMAL DEPARTURE LAST
                VALUE   (LST)  VALUE       VALUE  FROM      YEAR
                                                  NORMAL
..................................................................
TEMPERATURE (F)
 YESTERDAY
  MAXIMUM         71    212 PM  83    2003  61     10       68
  MINIMUM         41    624 AM  15    1908  34      7       35
  AVERAGE         56                        47      9       52

PRECIPITATION (IN)
  YESTERDAY        0.00          1.25 1941   0.03  -0.03     0.00
  MONTH TO DATE    2.96                      0.64   2.32     0.39
  SINCE SEP 1      3.57                      1.83   1.74     5.19
  SINCE JAN 1     16.62                     15.62   1.00    18.85

SNOWFALL (IN)
  YESTERDAY        0.0           4.6  1984   0.1   -0.1      0.0
  MONTH TO DATE    T                         1.9   -1.9      0.2
  SINCE SEP 1      T                         2.1   -2.1      0.2
  SINCE JUL 1      T                         2.1   -2.1      0.2
  SNOW DEPTH       0

DEGREE DAYS
 HEATING
  YESTERDAY        9                        18     -9       13
  MONTH TO DATE  251                       329    -78      360
  SINCE SEP 1    338                       488   -150      433
  SINCE JUL 1    368                       519   -151      443

 COOLING
  YESTERDAY        0                         0      0        0
  MONTH TO DATE    0                         0      0        0
  SINCE SEP 1     60                        36     24       92
  SINCE JAN 1    487                       454     33      694
..................................................................


WIND (MPH)
  HIGHEST WIND SPEED    13   HIGHEST WIND DIRECTION     S (190)
  HIGHEST GUST SPEED    18   HIGHEST GUST DIRECTION    SE (140)
  AVERAGE WIND SPEED     7.4


SKY COVER
  POSSIBLE SUNSHINE  MM
  AVERAGE SKY COVER 0.3


WEATHER CONDITIONS
 THE FOLLOWING WEATHER WAS RECORDED YESTERDAY.
  NO SIGNIFICANT WEATHER WAS OBSERVED.


RELATIVE HUMIDITY (PERCENT)
 HIGHEST    89           200 AM
 LOWEST     20           100 PM
 AVERAGE    55

..........................................................


THE COLORADO SPRINGS CO CLIMATE NORMALS FOR TODAY
                         NORMAL    RECORD    YEAR
 MAXIMUM TEMPERATURE (F)   60        78      2011
 MINIMUM TEMPERATURE (F)   33        16      1997


SUNRISE AND SUNSET
OCTOBER 24 2014.......SUNRISE   717 AM MDT   SUNSET   608 PM MDT
OCTOBER 25 2014.......SUNRISE   718 AM MDT   SUNSET   607 PM MDT


-  INDICATES NEGATIVE NUMBERS.
R  INDICATES RECORD WAS SET OR TIED.
MM INDICATES DATA IS MISSING.
T  INDICATES TRACE AMOUNT.




$$
