000
CDUS45 KPUB 031053
CLICOS


CLIMATE REPORT
NATIONAL WEATHER SERVICE PUEBLO
453 AM MDT TUE MAY 3 2016


...................................

...THE COLORADO SPRINGS CO CLIMATE SUMMARY FOR MAY 2 2016...

CLIMATE NORMAL PERIOD 1981 TO 2010
CLIMATE RECORD PERIOD 1872 TO 2016


WEATHER ITEM   OBSERVED TIME   RECORD YEAR NORMAL DEPARTURE LAST
                VALUE   (LST)  VALUE       VALUE  FROM      YEAR
                                                  NORMAL
..................................................................
TEMPERATURE (F)
 YESTERDAY
  MAXIMUM         60    342 PM  81    1981  65     -5       76
  MINIMUM         26    502 AM  21    1954  38    -12       42
  AVERAGE         43                        52     -9       59

PRECIPITATION (IN)
  YESTERDAY        0.00          1.72 1904   0.06  -0.06     0.03
  MONTH TO DATE    0.01                      0.11  -0.10     0.05
  SINCE MAR 1      3.02                      2.53   0.49     1.83
  SINCE JAN 1      4.56                      3.19   1.37     4.15

SNOWFALL (IN)
  YESTERDAY        0.0           3.2  2001   0.0    0.0       T
                                      1907
  MONTH TO DATE    T                         0.1   -0.1       T
  SINCE MAR 1     23.6                      13.1   10.5      5.6
  SINCE JUL 1     50.7                      37.1   13.6     46.5
  SNOW DEPTH       0

DEGREE DAYS
 HEATING
  YESTERDAY       22                        13      9        6
  MONTH TO DATE   51                        27     24       14
  SINCE MAR 1   1304                      1386    -82     1172
  SINCE JUL 1   5207                      5949   -742     5393

 COOLING
  YESTERDAY        0                         0      0        0
  MONTH TO DATE    0                         0      0        0
  SINCE MAR 1      0                         1     -1        0
  SINCE JAN 1      0                         1     -1        0
..................................................................


WIND (MPH)
  HIGHEST WIND SPEED    15   HIGHEST WIND DIRECTION    SE (140)
  HIGHEST GUST SPEED    17   HIGHEST GUST DIRECTION    SE (130)
  AVERAGE WIND SPEED     5.4


SKY COVER
  POSSIBLE SUNSHINE  MM
  AVERAGE SKY COVER 0.3


WEATHER CONDITIONS
 THE FOLLOWING WEATHER WAS RECORDED YESTERDAY.
  NO SIGNIFICANT WEATHER WAS OBSERVED.


RELATIVE HUMIDITY (PERCENT)
 HIGHEST    81           300 AM
 LOWEST     10           300 PM
 AVERAGE    46

..........................................................


THE COLORADO SPRINGS CO CLIMATE NORMALS FOR TODAY
                         NORMAL    RECORD    YEAR
 MAXIMUM TEMPERATURE (F)   65        82      1963
 MINIMUM TEMPERATURE (F)   39        17      1907


SUNRISE AND SUNSET
MAY  3 2016...........SUNRISE   558 AM MDT   SUNSET   754 PM MDT
MAY  4 2016...........SUNRISE   557 AM MDT   SUNSET   755 PM MDT


-  INDICATES NEGATIVE NUMBERS.
R  INDICATES RECORD WAS SET OR TIED.
MM INDICATES DATA IS MISSING.
T  INDICATES TRACE AMOUNT.




$$
