393
CDUS45 KPUB 021145
CLICOS


CLIMATE REPORT
NATIONAL WEATHER SERVICE PUEBLO
445 AM MST FRI DEC 2 2016


...................................

...THE COLORADO SPRINGS CO CLIMATE SUMMARY FOR DECEMBER 1 2016...

CLIMATE NORMAL PERIOD 1981 TO 2010
CLIMATE RECORD PERIOD 1872 TO 2016


WEATHER ITEM   OBSERVED TIME   RECORD YEAR NORMAL DEPARTURE LAST
                VALUE   (LST)  VALUE       VALUE  FROM      YEAR
                                                  NORMAL
..................................................................
TEMPERATURE (F)
 YESTERDAY
  MAXIMUM         39    217 PM  71    1998  44     -5       44
                                      1973
  MINIMUM         14   1200 AM   3    1985  20     -6       17
  AVERAGE         27                        32     -5       31

PRECIPITATION (IN)
  YESTERDAY        0.00          1.70 1933   0.01  -0.01     0.00
  MONTH TO DATE    0.00                      0.01  -0.01     0.00
  SINCE DEC 1      0.00                      0.01  -0.01     0.00
  SINCE JAN 1     13.67                     16.21  -2.54    25.00

SNOWFALL (IN)
  YESTERDAY        0.0           7.0  1933   0.2   -0.2      0.0
  MONTH TO DATE    0.0                       0.2   -0.2      0.0
  SINCE DEC 1      0.0                       0.2   -0.2      0.0
  SINCE JUL 1      T                         8.0   -8.0      5.8
  SNOW DEPTH       0

DEGREE DAYS
 HEATING
  YESTERDAY       38                        33      5       34
  MONTH TO DATE   38                        33      5       34
  SINCE DEC 1     38                        33      5       34
  SINCE JUL 1    941                      1514   -573     1137

 COOLING
  YESTERDAY        0                         0      0        0
  MONTH TO DATE    0                         0      0        0
  SINCE DEC 1      0                         0      0        0
  SINCE JAN 1    710                       455    255      617
..................................................................


WIND (MPH)
  HIGHEST WIND SPEED    10   HIGHEST WIND DIRECTION     S (160)
  HIGHEST GUST SPEED    14   HIGHEST GUST DIRECTION     S (160)
  AVERAGE WIND SPEED     3.9


SKY COVER
  POSSIBLE SUNSHINE  MM
  AVERAGE SKY COVER 0.4


WEATHER CONDITIONS
 THE FOLLOWING WEATHER WAS RECORDED YESTERDAY.
  NO SIGNIFICANT WEATHER WAS OBSERVED.


RELATIVE HUMIDITY (PERCENT)
 HIGHEST    53          1200 AM
 LOWEST     24           100 PM
 AVERAGE    39

..........................................................


THE COLORADO SPRINGS CO CLIMATE NORMALS FOR TODAY
                         NORMAL    RECORD    YEAR
 MAXIMUM TEMPERATURE (F)   44        68      1926
 MINIMUM TEMPERATURE (F)   19        -7      1929


SUNRISE AND SUNSET
DECEMBER  2 2016......SUNRISE   700 AM MST   SUNSET   437 PM MST
DECEMBER  3 2016......SUNRISE   701 AM MST   SUNSET   437 PM MST


-  INDICATES NEGATIVE NUMBERS.
R  INDICATES RECORD WAS SET OR TIED.
MM INDICATES DATA IS MISSING.
T  INDICATES TRACE AMOUNT.




$$
