000
CDUS45 KPUB 251045
CLICOS


CLIMATE REPORT
NATIONAL WEATHER SERVICE PUEBLO
444 AM MDT TUE APR 25 2017


...................................

...THE COLORADO SPRINGS CO CLIMATE SUMMARY FOR APRIL 24 2017...

CLIMATE NORMAL PERIOD 1981 TO 2010
CLIMATE RECORD PERIOD 1872 TO 2017


WEATHER ITEM   OBSERVED TIME   RECORD YEAR NORMAL DEPARTURE LAST
                VALUE   (LST)  VALUE       VALUE  FROM      YEAR
                                                  NORMAL
..................................................................
TEMPERATURE (F)
 YESTERDAY
  MAXIMUM         73   1241 PM  84    2012  62     11       70
                                      1996
  MINIMUM         48   1159 PM  18    2013  36     12       41
  AVERAGE         61                        49     12       56

PRECIPITATION (IN)
  YESTERDAY        0.00          2.00 1997   0.05  -0.05     0.00
  MONTH TO DATE    1.85                      1.06   0.79     1.16
  SINCE MAR 1      2.29                      2.06   0.23     1.89
  SINCE JAN 1      2.68                      2.72  -0.04     3.43

SNOWFALL (IN)
  YESTERDAY        0.0          11.1  1997   0.2   -0.2      0.0
  MONTH TO DATE    8.9                       4.2    4.7      5.1
  SINCE MAR 1     10.9                      12.3   -1.4     15.6
  SINCE JUL 1     24.3                      36.3  -12.0     42.7
  SNOW DEPTH       0

DEGREE DAYS
 HEATING
  YESTERDAY        4                        16    -12        9
  MONTH TO DATE  342                       464   -122      399
  SINCE MAR 1    902                      1269   -367     1109
  SINCE JUL 1   4655                      5832  -1177     5012

 COOLING
  YESTERDAY        0                         0      0        0
  MONTH TO DATE    0                         0      0        0
  SINCE MAR 1      0                         0      0        0
  SINCE JAN 1      0                         0      0        0
..................................................................


WIND (MPH)
  HIGHEST WIND SPEED    30   HIGHEST WIND DIRECTION    SW (230)
  HIGHEST GUST SPEED    40   HIGHEST GUST DIRECTION    SW (230)
  AVERAGE WIND SPEED    11.0


SKY COVER
  POSSIBLE SUNSHINE  MM
  AVERAGE SKY COVER 0.6


WEATHER CONDITIONS
 THE FOLLOWING WEATHER WAS RECORDED YESTERDAY.
  NO SIGNIFICANT WEATHER WAS OBSERVED.


RELATIVE HUMIDITY (PERCENT)
 HIGHEST    54          1100 PM
 LOWEST     14          1200 PM
 AVERAGE    34

..........................................................


THE COLORADO SPRINGS CO CLIMATE NORMALS FOR TODAY
                         NORMAL    RECORD    YEAR
 MAXIMUM TEMPERATURE (F)   63        81      2012
                                             1981
                                             1949
 MINIMUM TEMPERATURE (F)   36        20      1924
                                             1907


SUNRISE AND SUNSET
APRIL 25 2017.........SUNRISE   608 AM MDT   SUNSET   746 PM MDT
APRIL 26 2017.........SUNRISE   607 AM MDT   SUNSET   747 PM MDT


-  INDICATES NEGATIVE NUMBERS.
R  INDICATES RECORD WAS SET OR TIED.
MM INDICATES DATA IS MISSING.
T  INDICATES TRACE AMOUNT.




$$
