000
CDUS43 KLSX 251224 CCA
CLICOU

CLIMATE REPORT
NATIONAL WEATHER SERVICE ST LOUIS MO
126 AM CST SUN FEB 25 2018


...................................

...THE COLUMBIA ASOS CLIMATE SUMMARY FOR FEBRUARY 24 2018...

CLIMATE NORMAL PERIOD 1981 TO 2010
CLIMATE RECORD PERIOD 1890 TO 2018


WEATHER ITEM   OBSERVED TIME   RECORD YEAR NORMAL DEPARTURE LAST
                VALUE   (LST)  VALUE       VALUE  FROM      YEAR
                                                  NORMAL
..................................................................
TEMPERATURE (F)
 YESTERDAY
  MAXIMUM         50    650 PM  81    1930  47      3       62
  MINIMUM         36   1159 PM   2    1913  28      8       29
  AVERAGE         43                        37      6       46

PRECIPITATION (IN)
  YESTERDAY        0.28          1.80 2001   0.09   0.19      T
  MONTH TO DATE    2.84                      1.90   0.94     0.06
  SINCE DEC 1      5.29                      6.26  -0.97     2.08
  SINCE JAN 1      5.06                      3.82   1.24     1.07

SNOWFALL (IN)
  YESTERDAY        0.0           5.0  1934   0.1    0.0      0.0
  MONTH TO DATE    0.5                       4.2   -3.7      0.0
  SINCE DEC 1      3.2                      14.7  -11.5      1.6
  SINCE JUL 1      3.2                      15.6  -12.4      1.6
  SNOW DEPTH       0

DEGREE DAYS
 HEATING
  YESTERDAY       22                        28     -6       19
  MONTH TO DATE  743                       750     -7      457
  SINCE DEC 1   2800                      2854    -54     2381
  SINCE JUL 1   3580                      3839   -259     2964

 COOLING
  YESTERDAY        0                         0      0        0
  MONTH TO DATE    0                         0      0        3
  SINCE DEC 1      0                         0      0        3
  SINCE JAN 1      0                         0      0        3
..................................................................


WIND (MPH)
  HIGHEST WIND SPEED    28   HIGHEST WIND DIRECTION     W (290)
  HIGHEST GUST SPEED    36   HIGHEST GUST DIRECTION     W (280)
  AVERAGE WIND SPEED    13.3


SKY COVER
  AVERAGE SKY COVER 0.9


WEATHER CONDITIONS
 THE FOLLOWING WEATHER WAS RECORDED YESTERDAY.
  RAIN
  LIGHT RAIN
  FOG
  FOG W/VISIBILITY <= 1/4 MILE


RELATIVE HUMIDITY (PERCENT)
 HIGHEST   100
 LOWEST     85
 AVERAGE    93

..........................................................


THE COLUMBIA ASOS CLIMATE NORMALS FOR TODAY
                         NORMAL    RECORD    YEAR
 MAXIMUM TEMPERATURE (F)   48        74      1981
                                             1946
 MINIMUM TEMPERATURE (F)   28        -1      2003


SUNRISE AND SUNSET
FEBRUARY 25 2018......SUNRISE   647 AM CST   SUNSET   558 PM CST
FEBRUARY 26 2018......SUNRISE   645 AM CST   SUNSET   559 PM CST


-  INDICATES NEGATIVE NUMBERS.
R  INDICATES RECORD WAS SET OR TIED.
MM INDICATES DATA IS MISSING.
T  INDICATES TRACE AMOUNT.




$$
