000
CDUS43 KLSX 220729
CLICOU


CLIMATE REPORT
NATIONAL WEATHER SERVICE ST LOUIS MO
228 AM CDT SUN OCT 22 2017


...................................

...THE COLUMBIA ASOS CLIMATE SUMMARY FOR OCTOBER 21 2017...

CLIMATE NORMAL PERIOD 1981 TO 2010
CLIMATE RECORD PERIOD 1890 TO 2017


WEATHER ITEM   OBSERVED TIME   RECORD YEAR NORMAL DEPARTURE LAST
                VALUE   (LST)  VALUE       VALUE  FROM      YEAR
                                                  NORMAL
..................................................................
TEMPERATURE (F)
 YESTERDAY
  MAXIMUM         79    129 PM  87    1978  66     13       61
  MINIMUM         61    622 AM  25    1917  44     17       37
                                      1916
  AVERAGE         70                        55     15       49

PRECIPITATION (IN)
  YESTERDAY        T             2.11 1949   0.11  -0.11     0.00
  MONTH TO DATE    3.46                      2.35   1.11     1.54
  SINCE SEP 1      5.38                      6.22  -0.84     8.87
  SINCE JAN 1     36.49                     35.97   0.52    37.21

SNOWFALL (IN)
  YESTERDAY        0.0           0.0  2015   0.0    0.0      0.0
  MONTH TO DATE    0.0                       0.0    0.0      0.0
  SINCE SEP 1      0.0                       0.0    0.0      0.0
  SINCE JUL 1      0.0                       0.0    0.0      0.0
  SNOW DEPTH       0

DEGREE DAYS
 HEATING
  YESTERDAY        0                        11    -11       16
  MONTH TO DATE   63                       173   -110       90
  SINCE SEP 1     74                       239   -165       99
  SINCE JUL 1     77                       241   -164       99

 COOLING
  YESTERDAY        5                         0      5        0
  MONTH TO DATE   74                        15     59       61
  SINCE SEP 1    287                       159    128      293
  SINCE JAN 1   1401                      1242    159     1604
..................................................................


WIND (MPH)
  HIGHEST WIND SPEED    25   HIGHEST WIND DIRECTION     S (170)
  HIGHEST GUST SPEED    34   HIGHEST GUST DIRECTION     S (180)
  AVERAGE WIND SPEED    14.3


SKY COVER
  AVERAGE SKY COVER 0.3


WEATHER CONDITIONS
 THE FOLLOWING WEATHER WAS RECORDED YESTERDAY.
  THUNDERSTORM
  LIGHT RAIN


RELATIVE HUMIDITY (PERCENT)
 HIGHEST    90
 LOWEST     58
 AVERAGE    74

..........................................................


THE COLUMBIA ASOS CLIMATE NORMALS FOR TODAY
                         NORMAL    RECORD    YEAR
 MAXIMUM TEMPERATURE (F)   65        88      1899
 MINIMUM TEMPERATURE (F)   43        24      1976


SUNRISE AND SUNSET
OCTOBER 22 2017.......SUNRISE   726 AM CDT   SUNSET   620 PM CDT
OCTOBER 23 2017.......SUNRISE   727 AM CDT   SUNSET   619 PM CDT


-  INDICATES NEGATIVE NUMBERS.
R  INDICATES RECORD WAS SET OR TIED.
MM INDICATES DATA IS MISSING.
T  INDICATES TRACE AMOUNT.




$$
