000
CDUS45 KRIW 230749
CLICPR


CLIMATE REPORT
NATIONAL WEATHER SERVICE RIVERTON WY
138 AM MDT SUN JUL 23 2017


...................................

...THE CASPER WY CLIMATE SUMMARY FOR JULY 22 2017...

CLIMATE NORMAL PERIOD 1981 TO 2010
CLIMATE RECORD PERIOD 1939 TO 2017


WEATHER ITEM   OBSERVED TIME   RECORD YEAR NORMAL DEPARTURE LAST
                VALUE   (LST)  VALUE       VALUE  FROM      YEAR
                                                  NORMAL
..................................................................
TEMPERATURE (F)
 YESTERDAY
  MAXIMUM         90    501 PM 103    2005  89      1       96
  MINIMUM         57    450 AM  44    1978  54      3       59
  AVERAGE         74                        72      2       78

PRECIPITATION (IN)
  YESTERDAY        0.00          1.78 1983   0.05  -0.05     0.07
  MONTH TO DATE    0.06                      1.00  -0.94     0.08
  SINCE JUN 1      1.07                      2.61  -1.54     1.25
  SINCE JAN 1      8.67                      7.82   0.85    10.71

SNOWFALL (IN)
  YESTERDAY        0.0                       0.0    0.0      0.0
  MONTH TO DATE    0.0                       0.0    0.0      0.0
  SINCE JUN 1      0.0                       0.1   -0.1      0.0
  SINCE JUL 1      0.0                       0.0    0.0      0.0
  SNOW DEPTH       0

DEGREE DAYS
 HEATING
  YESTERDAY        0                         0      0        0
  MONTH TO DATE    1                        11    -10        5
  SINCE JUN 1     92                       147    -55       42
  SINCE JUL 1      1                        11    -10        5

 COOLING
  YESTERDAY        9                         7      2       13
  MONTH TO DATE  197                       127     70      131
  SINCE JUN 1    233                       180     53      234
  SINCE JAN 1    233                       184     49      234
..................................................................


WIND (MPH)
  HIGHEST WIND SPEED    20   HIGHEST WIND DIRECTION     S (200)
  HIGHEST GUST SPEED    26   HIGHEST GUST DIRECTION    SW (210)
  AVERAGE WIND SPEED     7.9


SKY COVER
  POSSIBLE SUNSHINE  MM
  AVERAGE SKY COVER 0.0


WEATHER CONDITIONS
 THE FOLLOWING WEATHER WAS RECORDED YESTERDAY.
  NO SIGNIFICANT WEATHER WAS OBSERVED.


RELATIVE HUMIDITY (PERCENT)
 HIGHEST    72           500 AM
 LOWEST      9           500 PM
 AVERAGE    41

..........................................................


THE CASPER WY CLIMATE NORMALS FOR TODAY
                         NORMAL    RECORD    YEAR
 MAXIMUM TEMPERATURE (F)   89       100      2014
                                             2006
                                             2000
 MINIMUM TEMPERATURE (F)   54        43      1972


SUNRISE AND SUNSET
JULY 23 2017..........SUNRISE   548 AM MDT   SUNSET   836 PM MDT
JULY 24 2017..........SUNRISE   549 AM MDT   SUNSET   835 PM MDT


-  INDICATES NEGATIVE NUMBERS.
R  INDICATES RECORD WAS SET OR TIED.
MM INDICATES DATA IS MISSING.
T  INDICATES TRACE AMOUNT.




$$
