000
CDUS45 KRIW 030734
CLICPR


CLIMATE REPORT
NATIONAL WEATHER SERVICE RIVERTON WY
134 AM MDT THU SEP 3 2015


...................................

...THE CASPER WY CLIMATE SUMMARY FOR SEPTEMBER 2 2015...

CLIMATE NORMAL PERIOD 1981 TO 2010
CLIMATE RECORD PERIOD 1939 TO 2015


WEATHER ITEM   OBSERVED TIME   RECORD YEAR NORMAL DEPARTURE LAST
                VALUE   (LST)  VALUE       VALUE  FROM      YEAR
                                                  NORMAL
..................................................................
TEMPERATURE (F)
 YESTERDAY
  MAXIMUM         90    214 PM  93    1998  81      9       85
  MINIMUM         66    849 PM  32    2008  47     19       35
  AVERAGE         78                        64     14       60

PRECIPITATION (IN)
  YESTERDAY        0.00          1.46 1973   0.02  -0.02     0.00
  MONTH TO DATE    0.00                      0.05  -0.05     0.00
  SINCE SEP 1      0.00                      0.05  -0.05     0.00
  SINCE JAN 1     10.40                      9.13   1.27     8.38

SNOWFALL (IN)
  YESTERDAY        0.0                       0.0    0.0      0.0
  MONTH TO DATE    0.0                       0.0    0.0      0.0
  SINCE SEP 1      0.0                       0.0    0.0      0.0
  SINCE JUL 1      0.0                       0.0    0.0       T
  SNOW DEPTH       0

DEGREE DAYS
 HEATING
  YESTERDAY        0                         3     -3        5
  MONTH TO DATE    0                         6     -6       13
  SINCE SEP 1      0                         6     -6       13
  SINCE JUL 1     60                        52      8       60

 COOLING
  YESTERDAY       13                         2     11        0
  MONTH TO DATE   23                         4     19        0
  SINCE SEP 1     23                         4     19        0
  SINCE JAN 1    381                       401    -20      328
..................................................................


WIND (MPH)
  HIGHEST WIND SPEED    31   HIGHEST WIND DIRECTION     S (200)
  HIGHEST GUST SPEED    37   HIGHEST GUST DIRECTION    SW (210)
  AVERAGE WIND SPEED    16.7


SKY COVER
  POSSIBLE SUNSHINE  MM
  AVERAGE SKY COVER 0.0


WEATHER CONDITIONS
 THE FOLLOWING WEATHER WAS RECORDED YESTERDAY.
  NO SIGNIFICANT WEATHER WAS OBSERVED.


RELATIVE HUMIDITY (PERCENT)
 HIGHEST    37           400 AM
 LOWEST     11          1200 PM
 AVERAGE    24

..........................................................


THE CASPER WY CLIMATE NORMALS FOR TODAY
                         NORMAL    RECORD    YEAR
 MAXIMUM TEMPERATURE (F)   81        93      1998
                                             1982
                                             1978
 MINIMUM TEMPERATURE (F)   47        31      2010


SUNRISE AND SUNSET
SEPTEMBER  3 2015.....SUNRISE   632 AM MDT   SUNSET   737 PM MDT
SEPTEMBER  4 2015.....SUNRISE   633 AM MDT   SUNSET   736 PM MDT


-  INDICATES NEGATIVE NUMBERS.
R  INDICATES RECORD WAS SET OR TIED.
MM INDICATES DATA IS MISSING.
T  INDICATES TRACE AMOUNT.




$$
