000
CDUS45 KRIW 170733
CLICPR


CLIMATE REPORT
NATIONAL WEATHER SERVICE RIVERTON WY
133 AM MDT WED SEP 17 2014


...................................

...THE CASPER WY CLIMATE SUMMARY FOR SEPTEMBER 16 2014...

CLIMATE NORMAL PERIOD 1981 TO 2010
CLIMATE RECORD PERIOD 1939 TO 2014


WEATHER ITEM   OBSERVED TIME   RECORD YEAR NORMAL DEPARTURE LAST
                VALUE   (LST)  VALUE       VALUE  FROM      YEAR
                                                  NORMAL
..................................................................
TEMPERATURE (F)
 YESTERDAY
  MAXIMUM         87    301 PM  94    2000  74     13       80
  MINIMUM         41    243 AM  19    1965  41      0       43
  AVERAGE         64                        58      6       62

PRECIPITATION (IN)
  YESTERDAY        T             0.56 2006   0.03  -0.03     0.00
  MONTH TO DATE    0.19                      0.51  -0.32     0.41
  SINCE SEP 1      0.19                      0.51  -0.32     0.41
  SINCE JAN 1      8.57                      9.59  -1.02     9.61

SNOWFALL (IN)
  YESTERDAY        0.0                       0.0    0.0      0.0
  MONTH TO DATE    1.0                       0.4    0.6      0.0
  SINCE SEP 1      1.0                       0.4    0.6      0.0
  SINCE JUL 1      1.0                       0.4    0.6      0.0
  SNOW DEPTH       0

DEGREE DAYS
 HEATING
  YESTERDAY        1                         8     -7        3
  MONTH TO DATE  133                        83     50       32
  SINCE SEP 1    133                        83     50       32
  SINCE JUL 1    180                       129     51       32

 COOLING
  YESTERDAY        0                         1     -1        0
  MONTH TO DATE   11                        23    -12       74
  SINCE SEP 1     11                        23    -12       74
  SINCE JAN 1    339                       420    -81      612
..................................................................


WIND (MPH)
  HIGHEST WIND SPEED    33   HIGHEST WIND DIRECTION     W (290)
  HIGHEST GUST SPEED    44   HIGHEST GUST DIRECTION    NW (300)
  AVERAGE WIND SPEED     9.4


SKY COVER
  POSSIBLE SUNSHINE  MM
  AVERAGE SKY COVER 0.1


WEATHER CONDITIONS
 THE FOLLOWING WEATHER WAS RECORDED YESTERDAY.
  LIGHT RAIN


RELATIVE HUMIDITY (PERCENT)
 HIGHEST    82           200 AM
 LOWEST     12           100 PM
 AVERAGE    47

..........................................................


THE CASPER WY CLIMATE NORMALS FOR TODAY
                         NORMAL    RECORD    YEAR
 MAXIMUM TEMPERATURE (F)   74        89      2000
 MINIMUM TEMPERATURE (F)   41        19      1965


SUNRISE AND SUNSET
SEPTEMBER 17 2014.....SUNRISE   648 AM MDT   SUNSET   712 PM MDT
SEPTEMBER 18 2014.....SUNRISE   649 AM MDT   SUNSET   710 PM MDT


-  INDICATES NEGATIVE NUMBERS.
R  INDICATES RECORD WAS SET OR TIED.
MM INDICATES DATA IS MISSING.
T  INDICATES TRACE AMOUNT.




$$
