000
CDUS45 KRIW 280745
CLICPR


CLIMATE REPORT
NATIONAL WEATHER SERVICE RIVERTON WY
127 AM MDT TUE MAR 28 2017


...................................

...THE CASPER WY CLIMATE SUMMARY FOR MARCH 27 2017...

CLIMATE NORMAL PERIOD 1981 TO 2010
CLIMATE RECORD PERIOD 1939 TO 2017


WEATHER ITEM   OBSERVED TIME   RECORD YEAR NORMAL DEPARTURE LAST
                VALUE   (LST)  VALUE       VALUE  FROM      YEAR
                                                  NORMAL
..................................................................
TEMPERATURE (F)
 YESTERDAY
  MAXIMUM         58    317 PM  73    1986  51      7       55
                                      1946
  MINIMUM         33    625 AM  -6    2009  25      8       25
  AVERAGE         46                        38      8       40

PRECIPITATION (IN)
  YESTERDAY        0.00          0.37 2007   0.03  -0.03      T
  MONTH TO DATE    0.64                      0.69  -0.05     0.41
  SINCE MAR 1      0.64                      0.69  -0.05     0.41
  SINCE JAN 1      1.99                      1.77   0.22     1.87

SNOWFALL (IN)
  YESTERDAY        0.0                       0.4   -0.4      0.0
  MONTH TO DATE    2.3                       9.3   -7.0      2.1
  SINCE MAR 1      2.3                       9.3   -7.0      2.1
  SINCE JUL 1     55.8                      58.7   -2.9     60.8
  SNOW DEPTH       0

DEGREE DAYS
 HEATING
  YESTERDAY       19                        27     -8       25
  MONTH TO DATE  616                       819   -203      740
  SINCE MAR 1    616                       819   -203      740
  SINCE JUL 1   5806                      6267   -461     5675

 COOLING
  YESTERDAY        0                         0      0        0
  MONTH TO DATE    0                         0      0        0
  SINCE MAR 1      0                         0      0        0
  SINCE JAN 1      0                         0      0        0
..................................................................


WIND (MPH)
  HIGHEST WIND SPEED    17   HIGHEST WIND DIRECTION    SW (210)
  HIGHEST GUST SPEED    22   HIGHEST GUST DIRECTION    SW (220)
  AVERAGE WIND SPEED     8.5


SKY COVER
  POSSIBLE SUNSHINE  MM
  AVERAGE SKY COVER 0.2


WEATHER CONDITIONS
 THE FOLLOWING WEATHER WAS RECORDED YESTERDAY.
  NO SIGNIFICANT WEATHER WAS OBSERVED.


RELATIVE HUMIDITY (PERCENT)
 HIGHEST    89           100 AM
 LOWEST     24           100 PM
 AVERAGE    57

..........................................................


THE CASPER WY CLIMATE NORMALS FOR TODAY
                         NORMAL    RECORD    YEAR
 MAXIMUM TEMPERATURE (F)   52        75      2015
 MINIMUM TEMPERATURE (F)   25        -6      1944


SUNRISE AND SUNSET
MARCH 28 2017.........SUNRISE   654 AM MDT   SUNSET   728 PM MDT
MARCH 29 2017.........SUNRISE   653 AM MDT   SUNSET   729 PM MDT


-  INDICATES NEGATIVE NUMBERS.
R  INDICATES RECORD WAS SET OR TIED.
MM INDICATES DATA IS MISSING.
T  INDICATES TRACE AMOUNT.




$$
