000
CDUS46 KLOX 310856
CLICQT


CLIMATE REPORT
NATIONAL WEATHER SERVICE LOS ANGELES/OXNARD CA
156 AM PDT FRI JUL 31 2015


...................................

...THE DOWNTOWN LOS ANGELES (USC) CA CLIMATE SUMMARY FOR JULY 30 2015...

CLIMATE NORMAL PERIOD 1981 TO 2010
CLIMATE RECORD PERIOD 1877 TO 2015


WEATHER ITEM   OBSERVED TIME   RECORD YEAR NORMAL DEPARTURE LAST
                VALUE   (LST)  VALUE       VALUE  FROM      YEAR
                                                  NORMAL
..................................................................
TEMPERATURE (F)
 YESTERDAY
  MAXIMUM         83   1225 PM 100    1980  84     -1       90
                                      1972
  MINIMUM         68    516 AM  54    1894  64      4       68
                                      1892
                                      1883
  AVERAGE         76                        74      2       79

PRECIPITATION (IN)
  YESTERDAY        0.00          T    2003   0.00   0.00     0.00
                                      1966
                                      1965
  MONTH TO DATE    0.38                      0.01   0.37      T
  SINCE OCT 1      8.85                     14.65  -5.80     5.99
  SINCE JAN 1      4.24                     10.62  -6.38     5.11

SNOWFALL (IN)
  YESTERDAY        0.0
  MONTH TO DATE    0.0
  SINCE JUN 1      0.0
  SINCE JUL 1      0.0

DEGREE DAYS
 HEATING
  YESTERDAY        0                         0      0        0
  MONTH TO DATE    0                         0      0        0
  SINCE JUN 1      0                         8     -8        0
  SINCE JUL 1      0                         0      0        0

 COOLING
  YESTERDAY       11                         9      2       14
  MONTH TO DATE  264                       252     12      314
  SINCE JUN 1    439                       386     53      442
  SINCE JAN 1    727                       540    187      736
..................................................................


WIND (MPH)
  HIGHEST WIND SPEED     9   HIGHEST WIND DIRECTION     W (270)
  HIGHEST GUST SPEED    14   HIGHEST GUST DIRECTION     W (280)
  AVERAGE WIND SPEED     1.6


SKY COVER
  POSSIBLE SUNSHINE  MM
  AVERAGE SKY COVER 0.0


WEATHER CONDITIONS
 THE FOLLOWING WEATHER WAS RECORDED YESTERDAY.
  NO SIGNIFICANT WEATHER WAS OBSERVED.


RELATIVE HUMIDITY (PERCENT)
 HIGHEST    84          1000 PM
 LOWEST     58          1200 PM
 AVERAGE    71

..........................................................


THE DOWNTOWN LOS ANGELES (USC) CA CLIMATE NORMALS FOR TODAY
                         NORMAL    RECORD    YEAR
 MAXIMUM TEMPERATURE (F)   84       100      1972
 MINIMUM TEMPERATURE (F)   64        52      1885


SUNRISE AND SUNSET
JULY 31 2015..........SUNRISE   604 AM PDT   SUNSET   755 PM PDT
AUGUST  1 2015........SUNRISE   604 AM PDT   SUNSET   754 PM PDT


-  INDICATES NEGATIVE NUMBERS.
R  INDICATES RECORD WAS SET OR TIED.
MM INDICATES DATA IS MISSING.
T  INDICATES TRACE AMOUNT.




$$
