000
CDUS46 KLOX 270111
CLICQT


CLIMATE REPORT
NATIONAL WEATHER SERVICE LOS ANGELES/OXNARD CA
511 PM PST FRI DEC 26 2014


...................................

...THE DOWNTOWN LOS ANGELES (USC) CA CLIMATE SUMMARY FOR DECEMBER 26 2014...
VALID TODAY AS OF 0500 PM LOCAL TIME.

CLIMATE NORMAL PERIOD 1981 TO 2010
CLIMATE RECORD PERIOD 1877 TO 2014


WEATHER ITEM   OBSERVED TIME   RECORD YEAR NORMAL DEPARTURE LAST
                VALUE   (LST)  VALUE       VALUE  FROM      YEAR
                                                  NORMAL
..................................................................
TEMPERATURE (F)
 TODAY
  MAXIMUM         63    342 PM  85    1980  68     -5       80
  MINIMUM         42    728 AM  35    1987  47     -5       46
  AVERAGE         53                        57     -4       63

PRECIPITATION (IN)
  TODAY            0.00          1.20 1977   0.09  -0.09     0.00
  MONTH TO DATE    3.69                      1.82   1.87     0.20
  SINCE JUL 1      4.47                      3.81   0.66     0.97
  SINCE JAN 1      9.58                     14.42  -4.84     3.60

SNOWFALL (IN)
  TODAY            0.0
  MONTH TO DATE    0.0
  SINCE DEC 1      0.0
  SINCE JUL 1      0.0

DEGREE DAYS
 HEATING
  TODAY           12                         8      4        2
  MONTH TO DATE  114                       197    -83      180
  SINCE DEC 1    114                       197    -83      180
  SINCE JUL 1    137                       328   -191      261

 COOLING
  TODAY            0                         0      0        0
  MONTH TO DATE    4                         0      4       14
  SINCE DEC 1      4                         0      4       14
  SINCE JAN 1   1749                      1240    509     1223
..................................................................


WIND (MPH)
  HIGHEST WIND SPEED     5   HIGHEST WIND DIRECTION     W (270)
  HIGHEST GUST SPEED     9   HIGHEST GUST DIRECTION     W (280)
  AVERAGE WIND SPEED     0.8


SKY COVER
  POSSIBLE SUNSHINE  MM
  AVERAGE SKY COVER 0.0


WEATHER CONDITIONS
 THE FOLLOWING WEATHER WAS RECORDED TODAY.
  HAZE


RELATIVE HUMIDITY (PERCENT)
 HIGHEST    53           500 AM
 LOWEST     16           100 PM
 AVERAGE    35

..........................................................


THE DOWNTOWN LOS ANGELES (USC) CA CLIMATE NORMALS FOR TOMORROW
                         NORMAL    RECORD    YEAR
 MAXIMUM TEMPERATURE (F)   68        85      2013
 MINIMUM TEMPERATURE (F)   47        36      1916


SUNRISE AND SUNSET
DECEMBER 26 2014......SUNRISE   657 AM PST   SUNSET   451 PM PST
DECEMBER 27 2014......SUNRISE   657 AM PST   SUNSET   451 PM PST


-  INDICATES NEGATIVE NUMBERS.
R  INDICATES RECORD WAS SET OR TIED.
MM INDICATES DATA IS MISSING.
T  INDICATES TRACE AMOUNT.




$$
