000
CDUS46 KLOX 180926
CLICQT


CLIMATE REPORT
NATIONAL WEATHER SERVICE LOS ANGELES/OXNARD CA
126 AM PST THU JAN 18 2018


...................................

...THE DOWNTOWN LOS ANGELES (USC) CA CLIMATE SUMMARY FOR JANUARY 17 2018...

CLIMATE NORMAL PERIOD 1981 TO 2010
CLIMATE RECORD PERIOD 1877 TO 2018


WEATHER ITEM   OBSERVED TIME   RECORD YEAR NORMAL DEPARTURE LAST
                VALUE   (LST)  VALUE       VALUE  FROM      YEAR
                                                  NORMAL
..................................................................
TEMPERATURE (F)
 YESTERDAY
  MAXIMUM         78    212 PM  90    1971  68     10       68
  MINIMUM         52    652 AM  34    1888  48      4       46
                                      1884
  AVERAGE         65                        58      7       57

PRECIPITATION (IN)
  YESTERDAY        0.00          4.16 1916   0.11  -0.11     0.00
  MONTH TO DATE    1.77                      1.76   0.01     2.85
  SINCE OCT 1      1.89                      5.79  -3.90     8.80
  SINCE JAN 1      1.77                      1.76   0.01     2.85

SNOWFALL (IN)
  YESTERDAY        0.0
  MONTH TO DATE    0.0
  SINCE DEC 1      0.0
  SINCE JUL 1      0.0

DEGREE DAYS
 HEATING
  YESTERDAY        0                         7     -7        8
  MONTH TO DATE   42                       125    -83      118
  SINCE DEC 1    172                       359   -187      315
  SINCE JUL 1    190                       490   -300      386

 COOLING
  YESTERDAY        0                         0      0        0
  MONTH TO DATE   10                         0     10        1
  SINCE DEC 1     22                         4     18        7
  SINCE JAN 1     10                         0     10        1
..................................................................


WIND (MPH)
  HIGHEST WIND SPEED     6   HIGHEST WIND DIRECTION     W (270)
  HIGHEST GUST SPEED     9   HIGHEST GUST DIRECTION    NE (50)
  AVERAGE WIND SPEED     0.2


SKY COVER
  POSSIBLE SUNSHINE  MM
  AVERAGE SKY COVER 0.0


WEATHER CONDITIONS
 THE FOLLOWING WEATHER WAS RECORDED YESTERDAY.
  FOG


RELATIVE HUMIDITY (PERCENT)
 HIGHEST    93           100 AM
 LOWEST     24           100 PM
 AVERAGE    59

..........................................................


THE DOWNTOWN LOS ANGELES (USC) CA CLIMATE NORMALS FOR TODAY
                         NORMAL    RECORD    YEAR
 MAXIMUM TEMPERATURE (F)   68        95      1971
 MINIMUM TEMPERATURE (F)   48        37      1892
                                             1884


SUNRISE AND SUNSET
JANUARY 18 2018.......SUNRISE   658 AM PST   SUNSET   510 PM PST
JANUARY 19 2018.......SUNRISE   657 AM PST   SUNSET   511 PM PST


-  INDICATES NEGATIVE NUMBERS.
R  INDICATES RECORD WAS SET OR TIED.
MM INDICATES DATA IS MISSING.
T  INDICATES TRACE AMOUNT.




$$
