000
CDUS46 KLOX 300908
CLICQT


CLIMATE REPORT
NATIONAL WEATHER SERVICE LOS ANGELES/OXNARD CA
208 AM PDT TUE SEP 30 2014


...................................

...THE DOWNTOWN LOS ANGELES (USC) CA CLIMATE SUMMARY FOR SEPTEMBER 29 2014...

CLIMATE NORMAL PERIOD 1981 TO 2010
CLIMATE RECORD PERIOD 1877 TO 2014


WEATHER ITEM   OBSERVED TIME   RECORD YEAR NORMAL DEPARTURE LAST
                VALUE   (LST)  VALUE       VALUE  FROM      YEAR
                                                  NORMAL
..................................................................
TEMPERATURE (F)
 YESTERDAY
  MAXIMUM         78    247 PM 102    1999  81     -3       87
                                      1963
  MINIMUM         61    514 AM  44    1880  62     -1       57
  AVERAGE         70                        71     -1       72

PRECIPITATION (IN)
  YESTERDAY        0.00          0.49 1911   0.01  -0.01     0.00
  MONTH TO DATE    0.01                      0.22  -0.21     0.00
  SINCE JUL 1      0.05                      0.27  -0.22     0.09
  SINCE JAN 1      5.16                     10.88  -5.72     2.72

SNOWFALL (IN)
  YESTERDAY        0.0
  MONTH TO DATE    0.0
  SINCE SEP 1      0.0
  SINCE JUL 1      0.0

DEGREE DAYS
 HEATING
  YESTERDAY        0                         0      0        0
  MONTH TO DATE    0                         0      0        0
  SINCE SEP 1      0                         0      0        0
  SINCE JUL 1      0                         0      0        0

 COOLING
  YESTERDAY        5                         6     -1        7
  MONTH TO DATE  343                       236    107      256
  SINCE SEP 1    343                       236    107      256
  SINCE JAN 1   1420                      1070    350     1061
..................................................................


WIND (MPH)
  HIGHEST WIND SPEED    10   HIGHEST WIND DIRECTION     W (270)
  HIGHEST GUST SPEED    17   HIGHEST GUST DIRECTION     W (270)
  AVERAGE WIND SPEED     1.8


SKY COVER
  POSSIBLE SUNSHINE  MM
  AVERAGE SKY COVER 0.0


WEATHER CONDITIONS
 THE FOLLOWING WEATHER WAS RECORDED YESTERDAY.
  NO SIGNIFICANT WEATHER WAS OBSERVED.


RELATIVE HUMIDITY (PERCENT)
 HIGHEST    84           200 AM
 LOWEST     48           300 PM
 AVERAGE    66

..........................................................


THE DOWNTOWN LOS ANGELES (USC) CA CLIMATE NORMALS FOR TODAY
                         NORMAL    RECORD    YEAR
 MAXIMUM TEMPERATURE (F)   81       105      1906
 MINIMUM TEMPERATURE (F)   62        48      1886


SUNRISE AND SUNSET
SEPTEMBER 30 2014.....SUNRISE   647 AM PDT   SUNSET   639 PM PDT
OCTOBER  1 2014.......SUNRISE   648 AM PDT   SUNSET   637 PM PDT


-  INDICATES NEGATIVE NUMBERS.
R  INDICATES RECORD WAS SET OR TIED.
MM INDICATES DATA IS MISSING.
T  INDICATES TRACE AMOUNT.




$$
