000
CDUS46 KLOX 260917
CLICQT


CLIMATE REPORT
NATIONAL WEATHER SERVICE LOS ANGELES/OXNARD CA
217 AM PDT MON JUN 26 2017


...................................

...THE DOWNTOWN LOS ANGELES (USC) CA CLIMATE SUMMARY FOR JUNE 25 2017...

CLIMATE NORMAL PERIOD 1981 TO 2010
CLIMATE RECORD PERIOD 1877 TO 2017


WEATHER ITEM   OBSERVED TIME   RECORD YEAR NORMAL DEPARTURE LAST
                VALUE   (LST)  VALUE       VALUE  FROM      YEAR
                                                  NORMAL
..................................................................
TEMPERATURE (F)
 YESTERDAY
  MAXIMUM         88   1007 AM  98    1883  80      8       80
  MINIMUM         64    501 AM  49    1892  62      2       65
  AVERAGE         76                        71      5       73

PRECIPITATION (IN)
  YESTERDAY        0.00          T    1965   0.01  -0.01     0.00
                                      1957
                                      1954
  MONTH TO DATE    0.01                      0.09  -0.08     0.00
  SINCE OCT 1     19.00                     14.64   4.36     6.88
  SINCE JAN 1     13.05                     10.61   2.44     5.85

SNOWFALL (IN)
  YESTERDAY        0.0
  MONTH TO DATE    0.0
  SINCE JUN 1      0.0
  SINCE JUL 1      0.0

DEGREE DAYS
 HEATING
  YESTERDAY        0                         0      0        0
  MONTH TO DATE    0                         6     -6        0
  SINCE JUN 1      0                         6     -6        0
  SINCE JUL 1    729                      1082   -353      758

 COOLING
  YESTERDAY       11                         6      5        8
  MONTH TO DATE  155                       103     52      142
  SINCE JUN 1    155                       103     52      142
  SINCE JAN 1    431                       257    174      349
..................................................................


WIND (MPH)
  HIGHEST WIND SPEED    10   HIGHEST WIND DIRECTION     W (280)
  HIGHEST GUST SPEED    14   HIGHEST GUST DIRECTION     W (270)
  AVERAGE WIND SPEED     1.4


SKY COVER
  POSSIBLE SUNSHINE  MM
  AVERAGE SKY COVER 0.0


WEATHER CONDITIONS
 THE FOLLOWING WEATHER WAS RECORDED YESTERDAY.
  NO SIGNIFICANT WEATHER WAS OBSERVED.


RELATIVE HUMIDITY (PERCENT)
 HIGHEST    87           100 AM
 LOWEST     42           100 PM
 AVERAGE    65

..........................................................


THE DOWNTOWN LOS ANGELES (USC) CA CLIMATE NORMALS FOR TODAY
                         NORMAL    RECORD    YEAR
 MAXIMUM TEMPERATURE (F)   80       112      1990
 MINIMUM TEMPERATURE (F)   62        48      1894


SUNRISE AND SUNSET
JUNE 26 2017..........SUNRISE   544 AM PDT   SUNSET   808 PM PDT
JUNE 27 2017..........SUNRISE   544 AM PDT   SUNSET   808 PM PDT


-  INDICATES NEGATIVE NUMBERS.
R  INDICATES RECORD WAS SET OR TIED.
MM INDICATES DATA IS MISSING.
T  INDICATES TRACE AMOUNT.




$$
