000
CDUS42 KILM 280845
CLICRE


CLIMATE REPORT
NATIONAL WEATHER SERVICE WILMINGTON NC
445 AM EDT THU JUL 28 2016


...................................

...THE NORTH MYRTLE BEACH SC CLIMATE SUMMARY FOR JULY 27 2016...

CLIMATE NORMAL PERIOD 1981 TO 2010
CLIMATE RECORD PERIOD 1949 TO 2016


WEATHER ITEM   OBSERVED TIME   RECORD YEAR NORMAL DEPARTURE LAST
                VALUE   (LST)  VALUE       VALUE  FROM      YEAR
                                                  NORMAL
..................................................................
TEMPERATURE (F)
 YESTERDAY
  MAXIMUM         95   1203 PM 101    2005  87      8       88
  MINIMUM         80    619 AM  67    1954  73      7       74
  AVERAGE         88                        80      8       81

PRECIPITATION (IN)
  YESTERDAY        0.00                      0.17  -0.17      T
  MONTH TO DATE    2.68                      5.16  -2.48     3.73
  SINCE JUN 1      5.92                      9.80  -3.88     6.89
  SINCE JAN 1     21.66                     27.20  -5.54    26.95

DEGREE DAYS
 HEATING
  YESTERDAY        0                         0      0        0
  MONTH TO DATE    0                         0      0        0
  SINCE JUN 1      0                         0      0        0
  SINCE JUL 1      0                         0      0        0

 COOLING
  YESTERDAY       23                        15      8       16
  MONTH TO DATE  485                       417     68      459
  SINCE JUN 1    927                       774    153      934
  SINCE JAN 1   1223                       986    237     1193
..................................................................


WIND (MPH)
  HIGHEST WIND SPEED    22   HIGHEST WIND DIRECTION    SW (220)
  HIGHEST GUST SPEED    27   HIGHEST GUST DIRECTION    SW (220)
  AVERAGE WIND SPEED    10.6


SKY COVER
  POSSIBLE SUNSHINE  MM
  AVERAGE SKY COVER 0.0


WEATHER CONDITIONS
 THE FOLLOWING WEATHER WAS RECORDED YESTERDAY.
  NO SIGNIFICANT WEATHER WAS OBSERVED.


RELATIVE HUMIDITY (PERCENT)
 HIGHEST    88           900 PM
 LOWEST     52          1100 AM
 AVERAGE    70

..........................................................


THE NORTH MYRTLE BEACH SC CLIMATE NORMALS FOR TODAY
                         NORMAL    RECORD    YEAR
 MAXIMUM TEMPERATURE (F)   87        99      2005
 MINIMUM TEMPERATURE (F)   73        64      1954


SUNRISE AND SUNSET
JULY 28 2016..........SUNRISE   624 AM EDT   SUNSET   818 PM EDT
JULY 29 2016..........SUNRISE   625 AM EDT   SUNSET   817 PM EDT


-  INDICATES NEGATIVE NUMBERS.
R  INDICATES RECORD WAS SET OR TIED.
MM INDICATES DATA IS MISSING.
T  INDICATES TRACE AMOUNT.




$$
