000
CDUS42 KILM 280842
CLICRE


CLIMATE REPORT
NATIONAL WEATHER SERVICE WILMINGTON NC
441 AM EDT SUN MAY 28 2017


...................................

...THE NORTH MYRTLE BEACH SC CLIMATE SUMMARY FOR MAY 27 2017...

CLIMATE NORMAL PERIOD 1981 TO 2010
CLIMATE RECORD PERIOD 1949 TO 2017


WEATHER ITEM   OBSERVED TIME   RECORD YEAR NORMAL DEPARTURE LAST
                VALUE   (LST)  VALUE       VALUE  FROM      YEAR
                                                  NORMAL
..................................................................
TEMPERATURE (F)
 YESTERDAY
  MAXIMUM         84    306 PM  95    1989  81      3       81
  MINIMUM         65    556 AM  52    1949  64      1       63
  AVERAGE         75                        72      3       72

PRECIPITATION (IN)
  YESTERDAY        0.00                      0.12  -0.12     0.00
  MONTH TO DATE    4.24                      2.85   1.39     4.23
  SINCE MAR 1      9.62                      9.73  -0.11     6.69
  SINCE JAN 1     13.15                     16.84  -3.69    14.76

DEGREE DAYS
 HEATING
  YESTERDAY        0                         0      0        0
  MONTH TO DATE   10                        23    -13       12
  SINCE MAR 1    402                       502   -100      306
  SINCE JUL 1   1806                      2446   -640     1781

 COOLING
  YESTERDAY       10                         8      2        7
  MONTH TO DATE  192                       137     55      152
  SINCE MAR 1    307                       179    128      252
  SINCE JAN 1    308                       179    129      252
..................................................................


WIND (MPH)
  HIGHEST WIND SPEED    23   HIGHEST WIND DIRECTION     S (200)
  HIGHEST GUST SPEED    28   HIGHEST GUST DIRECTION     S (200)
  AVERAGE WIND SPEED    10.6


SKY COVER
  POSSIBLE SUNSHINE  MM
  AVERAGE SKY COVER 0.0


WEATHER CONDITIONS
 THE FOLLOWING WEATHER WAS RECORDED YESTERDAY.
  NO SIGNIFICANT WEATHER WAS OBSERVED.


RELATIVE HUMIDITY (PERCENT)
 HIGHEST    87           600 AM
 LOWEST     58           900 AM
 AVERAGE    73

..........................................................


THE NORTH MYRTLE BEACH SC CLIMATE NORMALS FOR TODAY
                         NORMAL    RECORD    YEAR
 MAXIMUM TEMPERATURE (F)   81        91      2000
 MINIMUM TEMPERATURE (F)   64        54      1997


SUNRISE AND SUNSET
MAY 28 2017...........SUNRISE   606 AM EDT   SUNSET   818 PM EDT
MAY 29 2017...........SUNRISE   606 AM EDT   SUNSET   819 PM EDT


-  INDICATES NEGATIVE NUMBERS.
R  INDICATES RECORD WAS SET OR TIED.
MM INDICATES DATA IS MISSING.
T  INDICATES TRACE AMOUNT.




$$
