000
CDUS42 KILM 192045
CLICRE


CLIMATE REPORT
NATIONAL WEATHER SERVICE WILMINGTON NC
444 PM EDT SAT APR 19 2014


...................................

...THE NORTH MYRTLE BEACH SC CLIMATE SUMMARY FOR APRIL 19 2014...
VALID TODAY AS OF 0400 PM LOCAL TIME.

CLIMATE NORMAL PERIOD 1981 TO 2010
CLIMATE RECORD PERIOD 1949 TO 2014


WEATHER ITEM   OBSERVED TIME   RECORD YEAR NORMAL DEPARTURE LAST
                VALUE   (LST)  VALUE       VALUE  FROM      YEAR
                                                  NORMAL
..................................................................
TEMPERATURE (F)
 TODAY
  MAXIMUM         60    146 PM  82    1995  72    -12       75
  MINIMUM         54    236 AM  32    2001  53      1       67
  AVERAGE         57                        62     -5       71

PRECIPITATION (IN)
  TODAY            0.28                      0.10   0.18     0.55
  MONTH TO DATE    1.63                      1.94  -0.31     4.02
  SINCE MAR 1      6.37                      5.86   0.51     7.20
  SINCE JAN 1     10.49                     12.97  -2.48    12.26

SNOWFALL (IN)
  TODAY           MM
  MONTH TO DATE   MM
  SINCE MAR 1     MM
  SINCE JUL 1     MM
  SNOW DEPTH      MM

DEGREE DAYS
 HEATING
  TODAY            8                         4      4        0
  MONTH TO DATE   82                       109    -27       80
  SINCE MAR 1    530                       447     83      565
  SINCE JUL 1   2554                      2391    163     2346

 COOLING
  TODAY            0                         1     -1        6
  MONTH TO DATE   15                        15      0       26
  SINCE MAR 1     15                        18     -3       28
  SINCE JAN 1     15                        18     -3       30
..................................................................


WIND (MPH)
  HIGHEST WIND SPEED    24   HIGHEST WIND DIRECTION    NE (60)
  HIGHEST GUST SPEED    31   HIGHEST GUST DIRECTION     E (70)
  AVERAGE WIND SPEED    16.6


SKY COVER
  POSSIBLE SUNSHINE  MM
  AVERAGE SKY COVER 1.0


WEATHER CONDITIONS
 THE FOLLOWING WEATHER WAS RECORDED TODAY.
  RAIN
  LIGHT RAIN
  FOG


RELATIVE HUMIDITY (PERCENT)
 HIGHEST    93          1200 AM
 LOWEST     80           200 PM
 AVERAGE    87

..........................................................


THE NORTH MYRTLE BEACH SC CLIMATE NORMALS FOR TOMORROW
                         NORMAL    RECORD    YEAR
 MAXIMUM TEMPERATURE (F)   72        87      1955
 MINIMUM TEMPERATURE (F)   53        32      1994


SUNRISE AND SUNSET
APRIL 19 2014.........SUNRISE   639 AM EDT   SUNSET   749 PM EDT
APRIL 20 2014.........SUNRISE   638 AM EDT   SUNSET   750 PM EDT


-  INDICATES NEGATIVE NUMBERS.
R  INDICATES RECORD WAS SET OR TIED.
MM INDICATES DATA IS MISSING.
T  INDICATES TRACE AMOUNT.




$$
