000
CDUS44 KCRP 090758 RRB
CLICRP

CLIMATE REPORT
NATIONAL WEATHER SERVICE CORPUS CHRISTI TX
156 AM CST TUE FEB 9 2016


...................................

...THE CORPUS CHRISTI CLIMATE SUMMARY FOR FEBRUARY 8 2016...

CLIMATE NORMAL PERIOD 1981 TO 2010
CLIMATE RECORD PERIOD 1887 TO 2016


WEATHER ITEM   OBSERVED TIME   RECORD YEAR NORMAL DEPARTURE LAST
                VALUE   (LST)  VALUE       VALUE  FROM      YEAR
                                                  NORMAL
..................................................................
TEMPERATURE (F)
 YESTERDAY
  MAXIMUM         70    259 PM  87    1962  69      1       83
  MINIMUM         41    448 AM  16    1895  49     -8       55
  AVERAGE         56                        59     -3       69

PRECIPITATION (IN)
  YESTERDAY        0.00          0.95 1902   0.06  -0.06     0.00
  MONTH TO DATE    T                         0.46  -0.46     0.79
  SINCE DEC 1      2.97                      3.83  -0.86     3.87
  SINCE JAN 1      2.08                      2.00   0.08     2.83

SNOWFALL (IN)
  YESTERDAY       MM
  MONTH TO DATE    0.0
  SINCE DEC 1      0.0
  SINCE JUL 1      0.0
  SNOW DEPTH       0

DEGREE DAYS
 HEATING
  YESTERDAY        9                         7      2        0
  MONTH TO DATE   63                        60      3       74
  SINCE DEC 1    495                       586    -91      619
  SINCE JUL 1    569                       687   -118      780

 COOLING
  YESTERDAY        0                         2     -2        4
  MONTH TO DATE    6                         9     -3        7
  SINCE DEC 1     97                        88      9       69
  SINCE JAN 1     19                        39    -20       10
..................................................................


WIND (MPH)
  HIGHEST WIND SPEED    32   HIGHEST WIND DIRECTION     N (20)
  HIGHEST GUST SPEED    39   HIGHEST GUST DIRECTION     N (20)
  AVERAGE WIND SPEED    12.2


SKY COVER
  POSSIBLE SUNSHINE  MM
  AVERAGE SKY COVER 0.7


WEATHER CONDITIONS
 THE FOLLOWING WEATHER WAS RECORDED YESTERDAY.
  FOG


RELATIVE HUMIDITY (PERCENT)
 HIGHEST    93           300 AM
 LOWEST     15           500 PM
 AVERAGE    54

..........................................................


THE CORPUS CHRISTI CLIMATE NORMALS FOR TODAY
                         NORMAL    RECORD    YEAR
 MAXIMUM TEMPERATURE (F)   70        93      1990
                                             1962
 MINIMUM TEMPERATURE (F)   49        25      1933


SUNRISE AND SUNSET
FEBRUARY  9 2016......SUNRISE   712 AM CST   SUNSET   617 PM CST
FEBRUARY 10 2016......SUNRISE   711 AM CST   SUNSET   617 PM CST


-  INDICATES NEGATIVE NUMBERS.
R  INDICATES RECORD WAS SET OR TIED.
MM INDICATES DATA IS MISSING.
T  INDICATES TRACE AMOUNT.

$$

GW
