598
CDUS44 KCRP 070759
CLICRP

CLIMATE REPORT
NATIONAL WEATHER SERVICE CORPUS CHRISTI TX
157 AM CST WED DEC 7 2016


...................................

...THE CORPUS CHRISTI CLIMATE SUMMARY FOR DECEMBER 6 2016...

CLIMATE NORMAL PERIOD 1981 TO 2010
CLIMATE RECORD PERIOD 1887 TO 2016


WEATHER ITEM   OBSERVED TIME   RECORD YEAR NORMAL DEPARTURE LAST
                VALUE   (LST)  VALUE       VALUE  FROM      YEAR
                                                  NORMAL
..................................................................
TEMPERATURE (F)
 YESTERDAY
  MAXIMUM         79    221 PM  87    1951  70      9       75
  MINIMUM         47    711 AM  26    1950  50     -3       52
  AVERAGE         63                        60      3       64

PRECIPITATION (IN)
  YESTERDAY        0.00          0.73 1931   0.05  -0.05     0.00
  MONTH TO DATE    1.96                      0.30   1.66     0.01
  SINCE DEC 1      1.96                      0.30   1.66     0.01
  SINCE JAN 1     32.49                     30.23   2.26    44.14

SNOWFALL (IN)
  YESTERDAY        0.0
  MONTH TO DATE    0.0
  SINCE DEC 1      0.0
  SINCE JUL 1      0.0
  SNOW DEPTH       0

DEGREE DAYS
 HEATING
  YESTERDAY        2                         7     -5        1
  MONTH TO DATE   20                        38    -18       55
  SINCE DEC 1     20                        38    -18       55
  SINCE JUL 1     38                       139   -101      129

 COOLING
  YESTERDAY        0                         2     -2        0
  MONTH TO DATE    8                        12     -4        0
  SINCE DEC 1      8                        12     -4        0
  SINCE JAN 1   4190                      3487    703     3672
..................................................................


WIND (MPH)
  HIGHEST WIND SPEED    24   HIGHEST WIND DIRECTION     N (20)
  HIGHEST GUST SPEED    29   HIGHEST GUST DIRECTION     N (20)
  AVERAGE WIND SPEED     8.5


SKY COVER
  POSSIBLE SUNSHINE  MM
  AVERAGE SKY COVER 0.1


WEATHER CONDITIONS
 THE FOLLOWING WEATHER WAS RECORDED YESTERDAY.
  HAZE


RELATIVE HUMIDITY (PERCENT)
 HIGHEST   100           200 AM
 LOWEST     39           300 PM
 AVERAGE    70

..........................................................


THE CORPUS CHRISTI CLIMATE NORMALS FOR TODAY
                         NORMAL    RECORD    YEAR
 MAXIMUM TEMPERATURE (F)   70        88      1924
 MINIMUM TEMPERATURE (F)   50        24      1950


SUNRISE AND SUNSET
DECEMBER  7 2016......SUNRISE   708 AM CST   SUNSET   535 PM CST
DECEMBER  8 2016......SUNRISE   709 AM CST   SUNSET   535 PM CST


-  INDICATES NEGATIVE NUMBERS.
R  INDICATES RECORD WAS SET OR TIED.
MM INDICATES DATA IS MISSING.
T  INDICATES TRACE AMOUNT.

$$

GW
