000
CDUS44 KCRP 270826
CLICRP

CLIMATE REPORT
NATIONAL WEATHER SERVICE CORPUS CHRISTI TX
319 AM CDT SAT MAY 27 2017


...................................

...THE CORPUS CHRISTI CLIMATE SUMMARY FOR MAY 26 2017...

CLIMATE NORMAL PERIOD 1981 TO 2010
CLIMATE RECORD PERIOD 1887 TO 2017


WEATHER ITEM   OBSERVED TIME   RECORD YEAR NORMAL DEPARTURE LAST
                VALUE   (LST)  VALUE       VALUE  FROM      YEAR
                                                  NORMAL
..................................................................
TEMPERATURE (F)
 YESTERDAY
  MAXIMUM         90    112 PM  97    1928  88      2       88
  MINIMUM         78    126 AM  61    1947  72      6       81
                                      1901
  AVERAGE         84                        80      4       85

PRECIPITATION (IN)
  YESTERDAY        T             2.05 1946   0.11  -0.11      T
  MONTH TO DATE    0.93                      2.52  -1.59     5.81
  SINCE MAR 1      8.14                      6.25   1.89    15.75
  SINCE JAN 1     10.98                      9.72   1.26    18.04

SNOWFALL (IN)
  YESTERDAY        0.0
  MONTH TO DATE    0.0
  SINCE MAR 1      0.0
  SINCE JUL 1      0.0
  SNOW DEPTH       0

DEGREE DAYS
 HEATING
  YESTERDAY        0                         0      0        0
  MONTH TO DATE    0                         0      0        0
  SINCE MAR 1     16                        98    -82       21
  SINCE JUL 1    368                       898   -530      640

 COOLING
  YESTERDAY       19                        15      4       20
  MONTH TO DATE  333                       336     -3      375
  SINCE MAR 1    839                       688    151      873
  SINCE JAN 1   1108                       764    344      950
..................................................................


WIND (MPH)
  HIGHEST WIND SPEED    24   HIGHEST WIND DIRECTION     S (170)
  HIGHEST GUST SPEED    30   HIGHEST GUST DIRECTION    SE (140)
  AVERAGE WIND SPEED    16.7


SKY COVER
  POSSIBLE SUNSHINE  MM
  AVERAGE SKY COVER 0.8


WEATHER CONDITIONS
 THE FOLLOWING WEATHER WAS RECORDED YESTERDAY.
  LIGHT RAIN


RELATIVE HUMIDITY (PERCENT)
 HIGHEST    94           800 PM
 LOWEST     70           100 PM
 AVERAGE    82

..........................................................


THE CORPUS CHRISTI CLIMATE NORMALS FOR TODAY
                         NORMAL    RECORD    YEAR
 MAXIMUM TEMPERATURE (F)   89        99      1973
 MINIMUM TEMPERATURE (F)   72        60      1901


SUNRISE AND SUNSET
MAY 27 2017...........SUNRISE   635 AM CDT   SUNSET   819 PM CDT
MAY 28 2017...........SUNRISE   635 AM CDT   SUNSET   820 PM CDT


-  INDICATES NEGATIVE NUMBERS.
R  INDICATES RECORD WAS SET OR TIED.
MM INDICATES DATA IS MISSING.
T  INDICATES TRACE AMOUNT.




$$
