000
CDUS44 KCRP 010035
CLICRP

CLIMATE REPORT
NATIONAL WEATHER SERVICE CORPUS CHRISTI TX
734 PM CDT FRI SEP 30 2016


...................................

...THE CORPUS CHRISTI CLIMATE SUMMARY FOR SEPTEMBER 30 2016...
VALID TODAY AS OF 700 PM LOCAL TIME.

CLIMATE NORMAL PERIOD 1981 TO 2010
CLIMATE RECORD PERIOD 1887 TO 2016


WEATHER ITEM   OBSERVED TIME   RECORD YEAR NORMAL DEPARTURE LAST
                VALUE   (LST)  VALUE       VALUE  FROM      YEAR
                                                  NORMAL
..................................................................
TEMPERATURE (F)
 TODAY
  MAXIMUM         86    327 PM  97    1977  87     -1       95
  MINIMUM         64    650 AM  54    1984  69     -5       70
  AVERAGE         75                        78     -3       83

PRECIPITATION (IN)
  TODAY            0.00          2.52 1954   0.14  -0.14     0.00
  MONTH TO DATE    3.05                      4.98  -1.93     2.46
  SINCE SEP 1      3.05                      4.98  -1.93     2.46
  SINCE JAN 1     28.34                     24.32   4.02    38.47

SNOWFALL (IN)
  TODAY            0.0
  MONTH TO DATE    0.0
  SINCE SEP 1      0.0
  SINCE JUL 1      0.0
  SNOW DEPTH       0

DEGREE DAYS
 HEATING
  TODAY            0                         0      0        0
  MONTH TO DATE    0                         0      0        0
  SINCE SEP 1      0                         0      0        0
  SINCE JUL 1      0                         0      0        0

 COOLING
  TODAY           10                        13     -3       18
  MONTH TO DATE  599                       482    117      526
  SINCE SEP 1    599                       482    117      526
  SINCE JAN 1   3516                      3043    473     3183
..................................................................


WIND (MPH)
  HIGHEST WIND SPEED    16   HIGHEST WIND DIRECTION    NE (40)
  HIGHEST GUST SPEED    22   HIGHEST GUST DIRECTION    NE (40)


SKY COVER
  POSSIBLE SUNSHINE  MM
  AVERAGE SKY COVER 0.4


WEATHER CONDITIONS
 THE FOLLOWING WEATHER WAS RECORDED TODAY.
  NO SIGNIFICANT WEATHER WAS OBSERVED.


RELATIVE HUMIDITY (PERCENT)
 HIGHEST    84           700 AM
 LOWEST     32           300 PM
 AVERAGE    58

..........................................................


THE CORPUS CHRISTI CLIMATE NORMALS FOR TOMORROW
                         NORMAL    RECORD    YEAR
 MAXIMUM TEMPERATURE (F)   87        96      1989
                                             1977
 MINIMUM TEMPERATURE (F)   69        52      1985
                                             1984


SUNRISE AND SUNSET
SEPTEMBER 30 2016.....SUNRISE   723 AM CDT   SUNSET   717 PM CDT
OCTOBER  1 2016.......SUNRISE   723 AM CDT   SUNSET   715 PM CDT


-  INDICATES NEGATIVE NUMBERS.
R  INDICATES RECORD WAS SET OR TIED.
MM INDICATES DATA IS MISSING.
T  INDICATES TRACE AMOUNT.




$$
