000
CDUS44 KCRP 290722
CLICRP

CLIMATE REPORT
NATIONAL WEATHER SERVICE CORPUS CHRISTI TX
122 AM CST MON DEC 29 2014


...THE CORPUS CHRISTI CLIMATE SUMMARY FOR DECEMBER 28 2014...

CLIMATE NORMAL PERIOD 1981 TO 2010
CLIMATE RECORD PERIOD 1887 TO 2014


WEATHER ITEM   OBSERVED TIME   RECORD YEAR NORMAL DEPARTURE LAST
                VALUE   (LST)  VALUE       VALUE  FROM      YEAR
                                                  NORMAL
..................................................................
TEMPERATURE (F)
 YESTERDAY
  MAXIMUM         50   1207 AM  84    1970  67    -17       64
  MINIMUM         39   1159 PM  24    1925  47     -8       44
  AVERAGE         45                        57    -12       54

PRECIPITATION (IN)
  YESTERDAY        0.60          3.78 1960   0.06   0.54     0.00
  MONTH TO DATE    1.04                      1.63  -0.59     0.24
  SINCE DEC 1      1.04                      1.63  -0.59     0.24
  SINCE JAN 1     29.36                     31.56  -2.20    23.40

SNOWFALL (IN)
  YESTERDAY       MM
  MONTH TO DATE    0.0
  SINCE DEC 1      0.0
  SINCE JUL 1      0.0
  SNOW DEPTH       0

DEGREE DAYS
 HEATING
  YESTERDAY       20                         9     11       11
  MONTH TO DATE  110                       222   -112      256
  SINCE DEC 1    110                       222   -112      256
  SINCE JUL 1    271                       323    -52      413

 COOLING
  YESTERDAY        0                         1     -1        0
  MONTH TO DATE   59                        46     13       36
  SINCE DEC 1     59                        46     13       36
  SINCE JAN 1   3700                      3521    179     4148
..................................................................


WIND (MPH)
  HIGHEST WIND SPEED    23   HIGHEST WIND DIRECTION     N (350)
  HIGHEST GUST SPEED    28   HIGHEST GUST DIRECTION    NW (320)
  AVERAGE WIND SPEED    12.5


SKY COVER
  POSSIBLE SUNSHINE  MM
  AVERAGE SKY COVER 0.9


WEATHER CONDITIONS
 THE FOLLOWING WEATHER WAS RECORDED YESTERDAY.
  THUNDERSTORM
  HEAVY RAIN
  RAIN
  LIGHT RAIN
  FOG


RELATIVE HUMIDITY (PERCENT)
 HIGHEST    92           500 AM
 LOWEST     80          1200 AM
 AVERAGE    86

..........................................................


THE CORPUS CHRISTI CLIMATE NORMALS FOR TODAY
                         NORMAL    RECORD    YEAR
 MAXIMUM TEMPERATURE (F)   67        84      1996
                                             1973
                                             1951
 MINIMUM TEMPERATURE (F)   47        26      1983


SUNRISE AND SUNSET
DECEMBER 29 2014......SUNRISE   720 AM CST   SUNSET   544 PM CST
DECEMBER 30 2014......SUNRISE   720 AM CST   SUNSET   545 PM CST


-  INDICATES NEGATIVE NUMBERS.
R  INDICATES RECORD WAS SET OR TIED.
MM INDICATES DATA IS MISSING.
T  INDICATES TRACE AMOUNT.




$$

TMT
