000
CDUS44 KCRP 200943
CLICRP

CLIMATE REPORT
NATIONAL WEATHER SERVICE CORPUS CHRISTI TX
340 AM CST MON FEB 20 2017


...................................

...THE CORPUS CHRISTI CLIMATE SUMMARY FOR FEBRUARY 19 2017...

CLIMATE NORMAL PERIOD 1981 TO 2010
CLIMATE RECORD PERIOD 1887 TO 2017


WEATHER ITEM   OBSERVED TIME   RECORD YEAR NORMAL DEPARTURE LAST
                VALUE   (LST)  VALUE       VALUE  FROM      YEAR
                                                  NORMAL
..................................................................
TEMPERATURE (F)
 YESTERDAY
  MAXIMUM         80    316 PM  97    1986  71      9       82
  MINIMUM         72   1213 AM  31    1964  51     21       55
  AVERAGE         76                        61     15       69

PRECIPITATION (IN)
  YESTERDAY        0.04          2.65 1903   0.07  -0.03     0.00
  MONTH TO DATE    1.07                      1.27  -0.20     0.00
  SINCE DEC 1      3.54                      4.64  -1.10     2.97
  SINCE JAN 1      1.34                      2.81  -1.47     2.08

SNOWFALL (IN)
  YESTERDAY        0.0
  MONTH TO DATE    0.0
  SINCE DEC 1      0.0
  SINCE JUL 1      0.0
  SNOW DEPTH       0

DEGREE DAYS
 HEATING
  YESTERDAY        0                         6     -6        0
  MONTH TO DATE   26                       130   -104       83
  SINCE DEC 1    330                       656   -326      515
  SINCE JUL 1    348                       757   -409      589

 COOLING
  YESTERDAY       11                         2      9        4
  MONTH TO DATE  116                        31     85       20
  SINCE DEC 1    296                       110    186      111
  SINCE JAN 1    208                        61    147       33
..................................................................


WIND (MPH)
  HIGHEST WIND SPEED    31   HIGHEST WIND DIRECTION    SE (140)
  HIGHEST GUST SPEED    39   HIGHEST GUST DIRECTION    SE (140)
  AVERAGE WIND SPEED    19.3


SKY COVER
  POSSIBLE SUNSHINE  MM
  AVERAGE SKY COVER 1.0


WEATHER CONDITIONS
 THE FOLLOWING WEATHER WAS RECORDED YESTERDAY.
  LIGHT RAIN
  FOG


RELATIVE HUMIDITY (PERCENT)
 HIGHEST   100          1200 AM
 LOWEST     74          1200 PM
 AVERAGE    87

..........................................................


THE CORPUS CHRISTI CLIMATE NORMALS FOR TODAY
                         NORMAL    RECORD    YEAR
 MAXIMUM TEMPERATURE (F)   71        93      1996
 MINIMUM TEMPERATURE (F)   52        35      1978
                                             1929
                                             1904


SUNRISE AND SUNSET
FEBRUARY 20 2017......SUNRISE   703 AM CST   SUNSET   625 PM CST
FEBRUARY 21 2017......SUNRISE   702 AM CST   SUNSET   626 PM CST


-  INDICATES NEGATIVE NUMBERS.
R  INDICATES RECORD WAS SET OR TIED.
MM INDICATES DATA IS MISSING.
T  INDICATES TRACE AMOUNT.




$$
