000
CDUS44 KCRP 300702
CLICRP

CLIMATE REPORT
NATIONAL WEATHER SERVICE CORPUS CHRISTI TX
202 AM CDT WED JUL 30 2014


...................................

...THE CORPUS CHRISTI CLIMATE SUMMARY FOR JULY 29 2014...

CLIMATE NORMAL PERIOD 1981 TO 2010
CLIMATE RECORD PERIOD 1887 TO 2014


WEATHER ITEM   OBSERVED TIME   RECORD YEAR NORMAL DEPARTURE LAST
                VALUE   (LST)  VALUE       VALUE  FROM      YEAR
                                                  NORMAL
..................................................................
TEMPERATURE (F)
 YESTERDAY
  MAXIMUM        100R   218 PM 100    1975  94      6       94
                                      1960
  MINIMUM         71R   633 AM  71    2000  75     -4       80
                                      1987
  AVERAGE         86                        84      2       87

PRECIPITATION (IN)
  YESTERDAY        0.00          1.13 1933   0.06  -0.06     0.00
  MONTH TO DATE    0.74                      2.67  -1.93     2.73
  SINCE JUN 1      2.15                      6.03  -3.88     5.07
  SINCE JAN 1      9.25                     16.30  -7.05     9.80

SNOWFALL (IN)
  YESTERDAY        0.0
  MONTH TO DATE    0.0
  SINCE JUN 1      0.0
  SINCE JUL 1      0.0
  SNOW DEPTH       0

DEGREE DAYS
 HEATING
  YESTERDAY        0                         0      0        0
  MONTH TO DATE    0                         0      0        0
  SINCE JUN 1      0                         0      0        0
  SINCE JUL 1      0                         0      0        0

 COOLING
  YESTERDAY       21                        20      1       22
  MONTH TO DATE  576                       548     28      613
  SINCE JUN 1   1183                      1070    113     1271
  SINCE JAN 1   1989                      1911     78     2289
..................................................................


WIND (MPH)
  HIGHEST WIND SPEED    20   HIGHEST WIND DIRECTION    SE (120)
  HIGHEST GUST SPEED    29   HIGHEST GUST DIRECTION    SE (130)
  AVERAGE WIND SPEED     9.4


SKY COVER
  POSSIBLE SUNSHINE  MM
  AVERAGE SKY COVER 0.5


WEATHER CONDITIONS
 THE FOLLOWING WEATHER WAS RECORDED YESTERDAY.
  FOG


RELATIVE HUMIDITY (PERCENT)
 HIGHEST   100           300 AM
 LOWEST     29           300 PM
 AVERAGE    65

..........................................................


THE CORPUS CHRISTI CLIMATE NORMALS FOR TODAY
                         NORMAL    RECORD    YEAR
 MAXIMUM TEMPERATURE (F)   94       101      1960
                                             1946
 MINIMUM TEMPERATURE (F)   75        70      1971
                                             1949


SUNRISE AND SUNSET
JULY 30 2014..........SUNRISE   652 AM CDT   SUNSET   821 PM CDT
JULY 31 2014..........SUNRISE   652 AM CDT   SUNSET   820 PM CDT


-  INDICATES NEGATIVE NUMBERS.
R  INDICATES RECORD WAS SET OR TIED.
MM INDICATES DATA IS MISSING.
T  INDICATES TRACE AMOUNT.




$$
