000
CDUS41 KRLX 230719
CLICRW


CLIMATE REPORT
NATIONAL WEATHER SERVICE CHARLESTON WV
318 AM EDT WED APR 23 2014


...................................

...THE CHARLESTON WV CLIMATE SUMMARY FOR APRIL 22 2014...

CLIMATE NORMAL PERIOD 1981 TO 2010
CLIMATE RECORD PERIOD 1901 TO 2014


WEATHER ITEM   OBSERVED TIME   RECORD YEAR NORMAL DEPARTURE LAST
                VALUE   (LST)  VALUE       VALUE  FROM      YEAR
                                                  NORMAL
..................................................................
TEMPERATURE (F)
 YESTERDAY
  MAXIMUM         75    526 PM  92    1985  70      5       71
  MINIMUM         53   1159 PM  32    1942  46      7       44
                                      1934
  AVERAGE         64                        58      6       58

PRECIPITATION (IN)
  YESTERDAY        0.02          1.58 1925   0.11  -0.09     0.00
  MONTH TO DATE    1.49                      2.30  -0.81     1.13
  SINCE JAN 1     12.25                     12.40  -0.15    10.33

SNOWFALL (IN)
  YESTERDAY        0.0
  MONTH TO DATE    0.3
  SINCE SEP 1     51.7
  SNOW DEPTH       0

DEGREE DAYS
 HEATING
  YESTERDAY        1                         8     -7        7
  MONTH TO DATE  164                       238    -74      199
  SINCE MAR 1    882                       838     44      976
  SINCE JUL 1   4649                      4292    357     4359

 COOLING
  YESTERDAY        0                         1     -1        0
  MONTH TO DATE   15                        21     -6       39
  SINCE MAR 1     15                        26    -11       39
  SINCE JAN 1     15                        26    -11       39
..................................................................


WIND (MPH)
  HIGHEST WIND SPEED    23   HIGHEST WIND DIRECTION    NW (310)
  HIGHEST GUST SPEED    32   HIGHEST GUST DIRECTION    NW (310)
  AVERAGE WIND SPEED     8.9


SKY COVER
  POSSIBLE SUNSHINE  MM
  AVERAGE SKY COVER 0.5


WEATHER CONDITIONS
 THE FOLLOWING WEATHER WAS RECORDED YESTERDAY.
  LIGHT RAIN
  FOG


RELATIVE HUMIDITY (PERCENT)
 HIGHEST    93           800 AM
 LOWEST     27           900 PM
 AVERAGE    60

..........................................................


THE CHARLESTON WV CLIMATE NORMALS FOR TODAY
                         NORMAL    RECORD    YEAR
 MAXIMUM TEMPERATURE (F)   70        90      2001
                                             1985
 MINIMUM TEMPERATURE (F)   47        29      1986
                                             1982
                                             1927


SUNRISE AND SUNSET
APRIL 23 2014.........SUNRISE   640 AM EDT   SUNSET   810 PM EDT
APRIL 24 2014.........SUNRISE   638 AM EDT   SUNSET   811 PM EDT


-  INDICATES NEGATIVE NUMBERS.
R  INDICATES RECORD WAS SET OR TIED.
MM INDICATES DATA IS MISSING.
T  INDICATES TRACE AMOUNT.




$$
