000
CDUS41 KRLX 070818
CLICRW


CLIMATE REPORT
NATIONAL WEATHER SERVICE CHARLESTON WV
318 AM EST SUN FEB 7 2016


...................................

...THE CHARLESTON WV CLIMATE SUMMARY FOR FEBRUARY 6 2016...

CLIMATE NORMAL PERIOD 1981 TO 2010
CLIMATE RECORD PERIOD 1901 TO 2016


WEATHER ITEM   OBSERVED TIME   RECORD YEAR NORMAL DEPARTURE LAST
                VALUE   (LST)  VALUE       VALUE  FROM      YEAR
                                                  NORMAL
..................................................................
TEMPERATURE (F)
 YESTERDAY
  MAXIMUM         50    322 PM  72    1938  45      5       36
  MINIMUM         24    735 AM  -1    2007  28     -4       10
  AVERAGE         37                        36      1       23

PRECIPITATION (IN)
  YESTERDAY        0.00          1.43 2008   0.11  -0.11     0.00
  MONTH TO DATE    0.73                      0.65   0.08     0.63
  SINCE JAN 1      3.27                      3.65  -0.38     2.86

SNOWFALL (IN)
  YESTERDAY        0.0
  MONTH TO DATE    T
  SINCE SEP 1     21.7
  SNOW DEPTH       0

DEGREE DAYS
 HEATING
  YESTERDAY       28                        29     -1       42
  MONTH TO DATE  123                       176    -53      194
  SINCE DEC 1   1644                      1980   -336     1961
  SINCE JUL 1   2296                      2864   -568     3004

 COOLING
  YESTERDAY        0                         0      0        0
  MONTH TO DATE    0                         0      0        0
  SINCE DEC 1      0                         1     -1        0
  SINCE JAN 1      0                         0      0        0
..................................................................


WIND (MPH)
  HIGHEST WIND SPEED    15   HIGHEST WIND DIRECTION     W (280)
  HIGHEST GUST SPEED    21   HIGHEST GUST DIRECTION     W (250)
  AVERAGE WIND SPEED     3.0


SKY COVER
  POSSIBLE SUNSHINE  MM
  AVERAGE SKY COVER 0.5


WEATHER CONDITIONS
 THE FOLLOWING WEATHER WAS RECORDED YESTERDAY.
  NO SIGNIFICANT WEATHER WAS OBSERVED.


RELATIVE HUMIDITY (PERCENT)
 HIGHEST    88           600 AM
 LOWEST     29           300 PM
 AVERAGE    59

..........................................................


THE CHARLESTON WV CLIMATE NORMALS FOR TODAY
                         NORMAL    RECORD    YEAR
 MAXIMUM TEMPERATURE (F)   45        70      1925
                                             1904
 MINIMUM TEMPERATURE (F)   28         0      1977


SUNRISE AND SUNSET
FEBRUARY  7 2016......SUNRISE   726 AM EST   SUNSET   555 PM EST
FEBRUARY  8 2016......SUNRISE   725 AM EST   SUNSET   556 PM EST


-  INDICATES NEGATIVE NUMBERS.
R  INDICATES RECORD WAS SET OR TIED.
MM INDICATES DATA IS MISSING.
T  INDICATES TRACE AMOUNT.




$$
