000
CDUS41 KRLX 230717
CLICRW


CLIMATE REPORT
NATIONAL WEATHER SERVICE CHARLESTON WV
315 AM EDT MON OCT 23 2017


...................................

...THE CHARLESTON WV CLIMATE SUMMARY FOR OCTOBER 22 2017...

CLIMATE NORMAL PERIOD 1981 TO 2010
CLIMATE RECORD PERIOD 1901 TO 2017


WEATHER ITEM   OBSERVED TIME   RECORD YEAR NORMAL DEPARTURE LAST
                VALUE   (LST)  VALUE       VALUE  FROM      YEAR
                                                  NORMAL
..................................................................
TEMPERATURE (F)
 YESTERDAY
  MAXIMUM         81    116 PM  88    1920  66     15       53
  MINIMUM         47    704 AM  23    1952  43      4       38
  AVERAGE         64                        55      9       46

PRECIPITATION (IN)
  YESTERDAY        0.00          0.91 1983   0.09  -0.09     0.00
  MONTH TO DATE    1.66                      1.83  -0.17     4.07
  SINCE JAN 1     39.49                     36.19   3.30    35.42

SNOWFALL (IN)
  YESTERDAY        0.0           T    1988   0.0    0.0      0.0
  MONTH TO DATE    0.0                       0.0    0.0      0.0
  SINCE SEP 1      0.0                       0.0    0.0      0.0
  SNOW DEPTH       0

DEGREE DAYS
 HEATING
  YESTERDAY        1                        11    -10       19
  MONTH TO DATE   64                       174   -110       83
  SINCE SEP 1    101                       230   -129       90
  SINCE JUL 1    101                       232   -131       90

 COOLING
  YESTERDAY        0                         0      0        0
  MONTH TO DATE   68                        16     52       37
  SINCE SEP 1    199                       143     56      286
  SINCE JAN 1   1137                      1089     48     1467
..................................................................


WIND (MPH)
  HIGHEST WIND SPEED    14   HIGHEST WIND DIRECTION    SE (140)
  HIGHEST GUST SPEED    20   HIGHEST GUST DIRECTION    SE (150)
  AVERAGE WIND SPEED     3.3


SKY COVER
  POSSIBLE SUNSHINE  MM
  AVERAGE SKY COVER 0.4


WEATHER CONDITIONS
 THE FOLLOWING WEATHER WAS RECORDED YESTERDAY.
  NO SIGNIFICANT WEATHER WAS OBSERVED.


RELATIVE HUMIDITY (PERCENT)
 HIGHEST    96          1200 AM
 LOWEST     30           100 PM
 AVERAGE    63

..........................................................


THE CHARLESTON WV CLIMATE NORMALS FOR TODAY
                         NORMAL    RECORD    YEAR
 MAXIMUM TEMPERATURE (F)   66        85      1947
                                             1931
                                             1920
 MINIMUM TEMPERATURE (F)   43        24      1997
                                             1976
                                             1930


SUNRISE AND SUNSET
OCTOBER 23 2017.......SUNRISE   744 AM EDT   SUNSET   637 PM EDT
OCTOBER 24 2017.......SUNRISE   745 AM EDT   SUNSET   636 PM EDT


-  INDICATES NEGATIVE NUMBERS.
R  INDICATES RECORD WAS SET OR TIED.
MM INDICATES DATA IS MISSING.
T  INDICATES TRACE AMOUNT.




$$
