000
CDUS41 KRLX 180824
CLICRW


CLIMATE REPORT
NATIONAL WEATHER SERVICE CHARLESTON WV
324 AM EST WED JAN 18 2017


...................................

...THE CHARLESTON WV CLIMATE SUMMARY FOR JANUARY 17 2017...

CLIMATE NORMAL PERIOD 1981 TO 2010
CLIMATE RECORD PERIOD 1901 TO 2017


WEATHER ITEM   OBSERVED TIME   RECORD YEAR NORMAL DEPARTURE LAST
                VALUE   (LST)  VALUE       VALUE  FROM      YEAR
                                                  NORMAL
..................................................................
TEMPERATURE (F)
 YESTERDAY
  MAXIMUM         66R   329 PM  66    1928  42     24       33
                                      1913
  MINIMUM         49    554 AM -13    1982  26     23       18
  AVERAGE         58                        34     24       26

PRECIPITATION (IN)
  YESTERDAY        0.34          0.95 1994   0.09   0.25     0.02
  MONTH TO DATE    3.25                      1.63   1.62     0.45
  SINCE JAN 1      3.25                      1.63   1.62     0.45

SNOWFALL (IN)
  YESTERDAY        0.0
  MONTH TO DATE    4.0
  SINCE SEP 1      5.2
  SNOW DEPTH       0

DEGREE DAYS
 HEATING
  YESTERDAY        7                        31    -24       39
  MONTH TO DATE  432                       526    -94      528
  SINCE DEC 1   1224                      1382   -158     1006
  SINCE JUL 1   1878                      2266   -388     1658

 COOLING
  YESTERDAY        0                         0      0        0
  MONTH TO DATE    0                         0      0        0
  SINCE DEC 1      0                         1     -1        0
  SINCE JAN 1      0                         0      0        0
..................................................................


WIND (MPH)
  HIGHEST WIND SPEED    24   HIGHEST WIND DIRECTION    SW (210)
  HIGHEST GUST SPEED    32   HIGHEST GUST DIRECTION    SW (220)
  AVERAGE WIND SPEED     8.5


SKY COVER
  POSSIBLE SUNSHINE  MM
  AVERAGE SKY COVER 0.9


WEATHER CONDITIONS
 THE FOLLOWING WEATHER WAS RECORDED YESTERDAY.
  RAIN
  LIGHT RAIN
  FOG


RELATIVE HUMIDITY (PERCENT)
 HIGHEST   100           200 AM
 LOWEST     60          1000 PM
 AVERAGE    80

..........................................................


THE CHARLESTON WV CLIMATE NORMALS FOR TODAY
                         NORMAL    RECORD    YEAR
 MAXIMUM TEMPERATURE (F)   42        76      1932
 MINIMUM TEMPERATURE (F)   26       -10      1994


SUNRISE AND SUNSET
JANUARY 18 2017.......SUNRISE   741 AM EST   SUNSET   533 PM EST
JANUARY 19 2017.......SUNRISE   740 AM EST   SUNSET   535 PM EST


-  INDICATES NEGATIVE NUMBERS.
R  INDICATES RECORD WAS SET OR TIED.
MM INDICATES DATA IS MISSING.
T  INDICATES TRACE AMOUNT.




$$
