000
CDUS41 KRLX 012122
CLICRW


CLIMATE REPORT
NATIONAL WEATHER SERVICE CHARLESTON WV
517 PM EDT MON SEP 1 2014


...................................

...THE CHARLESTON WV CLIMATE SUMMARY FOR SEPTEMBER 1 2014...
VALID TODAY AS OF 0500 PM LOCAL TIME.

CLIMATE NORMAL PERIOD 1981 TO 2010
CLIMATE RECORD PERIOD 1901 TO 2014


WEATHER ITEM   OBSERVED TIME   RECORD YEAR NORMAL DEPARTURE LAST
                VALUE   (LST)  VALUE       VALUE  FROM      YEAR
                                                  NORMAL
..................................................................
TEMPERATURE (F)
 TODAY
  MAXIMUM         87    335 PM 104    1932  83      4       83
  MINIMUM         71    144 AM  47    1946  62      9       68
  AVERAGE         79                        72      7       76

PRECIPITATION (IN)
  TODAY            T             1.64 1950   0.11  -0.11     0.00
  MONTH TO DATE    T                         0.11  -0.11     0.00
  SINCE SEP 1      T                         0.11  -0.11     0.00
  SINCE JAN 1     32.15                     31.22   0.93    34.04

DEGREE DAYS
 HEATING
  TODAY            0                         0      0        0
  MONTH TO DATE    0                         0      0        0
  SINCE SEP 1      0                         0      0        0
  SINCE JUL 1      0                         2     -2        3

 COOLING
  TODAY           14                         7      7       11
  MONTH TO DATE   14                         7      7       11
  SINCE SEP 1     14                         7      7       11
  SINCE JAN 1    921                       953    -32      977
..................................................................


WIND (MPH)
  HIGHEST WIND SPEED    18   HIGHEST WIND DIRECTION    SW (230)
  HIGHEST GUST SPEED    23   HIGHEST GUST DIRECTION    SW (230)
  AVERAGE WIND SPEED     6.9


SKY COVER
  POSSIBLE SUNSHINE  MM
  AVERAGE SKY COVER 0.8


WEATHER CONDITIONS
 THE FOLLOWING WEATHER WAS RECORDED TODAY.
  FOG


RELATIVE HUMIDITY (PERCENT)
 HIGHEST   100           100 AM
 LOWEST     59           400 PM
 AVERAGE    80

..........................................................


THE CHARLESTON WV CLIMATE NORMALS FOR TOMORROW
                         NORMAL    RECORD    YEAR
 MAXIMUM TEMPERATURE (F)   82       104      1932
 MINIMUM TEMPERATURE (F)   62        44      1949
                                             1909


SUNRISE AND SUNSET
SEPTEMBER  1 2014.....SUNRISE   656 AM EDT   SUNSET   756 PM EDT
SEPTEMBER  2 2014.....SUNRISE   657 AM EDT   SUNSET   755 PM EDT


-  INDICATES NEGATIVE NUMBERS.
R  INDICATES RECORD WAS SET OR TIED.
MM INDICATES DATA IS MISSING.
T  INDICATES TRACE AMOUNT.




$$
