000
CDUS41 KRLX 302115
CLICRW


CLIMATE REPORT
NATIONAL WEATHER SERVICE CHARLESTON WV
515 PM EDT THU MAR 30 2017


...................................

...THE CHARLESTON WV CLIMATE SUMMARY FOR MARCH 30 2017...
VALID TODAY AS OF 0500 PM LOCAL TIME.

CLIMATE NORMAL PERIOD 1981 TO 2010
CLIMATE RECORD PERIOD 1901 TO 2017


WEATHER ITEM   OBSERVED TIME   RECORD YEAR NORMAL DEPARTURE LAST
                VALUE   (LST)  VALUE       VALUE  FROM      YEAR
                                                  NORMAL
..................................................................
TEMPERATURE (F)
 TODAY
  MAXIMUM         78    142 PM  87    1998  62     16       77
  MINIMUM         44    302 AM  20    1964  40      4       32
                                      1923
  AVERAGE         61                        51     10       55

PRECIPITATION (IN)
  TODAY            0.00          0.99 1951   0.11  -0.11     0.00
  MONTH TO DATE    3.01                      3.79  -0.78     2.65
  SINCE MAR 1      3.01                      3.79  -0.78     2.65
  SINCE JAN 1     10.31                      9.98   0.33     8.82

DEGREE DAYS
 HEATING
  TODAY            4                        15    -11       10
  MONTH TO DATE  561                       585    -24      385
  SINCE MAR 1    561                       585    -24      385
  SINCE JUL 1   3268                      4039   -771     3320

 COOLING
  TODAY            0                         0      0        0
  MONTH TO DATE    3                         0      3        1
  SINCE MAR 1      3                         0      3        1
  SINCE JAN 1      3                         0      3        1
..................................................................


WIND (MPH)
  HIGHEST WIND SPEED    22   HIGHEST WIND DIRECTION    SE (130)
  HIGHEST GUST SPEED    32   HIGHEST GUST DIRECTION    SE (130)
  AVERAGE WIND SPEED     7.2


SKY COVER
  POSSIBLE SUNSHINE  MM
  AVERAGE SKY COVER 0.6


WEATHER CONDITIONS
 THE FOLLOWING WEATHER WAS RECORDED TODAY.
  NO SIGNIFICANT WEATHER WAS OBSERVED.


RELATIVE HUMIDITY (PERCENT)
 HIGHEST    92           200 AM
 LOWEST     43          1200 PM
 AVERAGE    68

..........................................................


THE CHARLESTON WV CLIMATE NORMALS FOR TOMORROW
                         NORMAL    RECORD    YEAR
 MAXIMUM TEMPERATURE (F)   62        87      1998
 MINIMUM TEMPERATURE (F)   40        17      1923


SUNRISE AND SUNSET
MARCH 30 2017.........SUNRISE   714 AM EDT   SUNSET   748 PM EDT
MARCH 31 2017.........SUNRISE   713 AM EDT   SUNSET   749 PM EDT


-  INDICATES NEGATIVE NUMBERS.
R  INDICATES RECORD WAS SET OR TIED.
MM INDICATES DATA IS MISSING.
T  INDICATES TRACE AMOUNT.




$$
