000
CDUS41 KRLX 071517
CLICRW


CLIMATE REPORT
NATIONAL WEATHER SERVICE CHARLESTON WV
1008 AM EST WED DEC 7 2016


...................................

...THE CHARLESTON WV CLIMATE SUMMARY FOR DECEMBER 6 2016...

CLIMATE NORMAL PERIOD 1981 TO 2010
CLIMATE RECORD PERIOD 1901 TO 2016


WEATHER ITEM   OBSERVED TIME   RECORD YEAR NORMAL DEPARTURE LAST
                VALUE   (LST)  VALUE       VALUE  FROM      YEAR
                                                  NORMAL
..................................................................
TEMPERATURE (F)
 YESTERDAY
  MAXIMUM         52    432 AM  75    1998  48      4       57
  MINIMUM         44    257 AM  10    1977  31     13       23
  AVERAGE         48                        40      8       40

PRECIPITATION (IN)
  YESTERDAY        0.28          2.08 2013   0.11   0.17     0.00
  MONTH TO DATE    0.39                      0.67  -0.28     2.06
  SINCE JAN 1     38.49                     41.43  -2.94    44.98

SNOWFALL (IN)
  YESTERDAY       MM
  MONTH TO DATE    0.0
  SINCE SEP 1      0.1
  SNOW DEPTH       0

DEGREE DAYS
 HEATING
  YESTERDAY       17                        25     -8       25
  MONTH TO DATE  133                       147    -14      133
  SINCE DEC 1    133                       147    -14      133
  SINCE JUL 1    787                      1031   -244      785

 COOLING
  YESTERDAY        0                         0      0        0
  MONTH TO DATE    0                         0      0        0
  SINCE DEC 1      0                         0      0        0
  SINCE JAN 1   1473                      1096    377     1266
..................................................................


WIND (MPH)
  HIGHEST WIND SPEED    20   HIGHEST WIND DIRECTION    SE (120)
  HIGHEST GUST SPEED    28   HIGHEST GUST DIRECTION    SE (150)
  AVERAGE WIND SPEED     7.4


SKY COVER
  POSSIBLE SUNSHINE  MM
  AVERAGE SKY COVER 1.0


WEATHER CONDITIONS
 THE FOLLOWING WEATHER WAS RECORDED YESTERDAY.
  RAIN
  LIGHT RAIN
  FOG


RELATIVE HUMIDITY (PERCENT)
 HIGHEST    93           700 PM
 LOWEST     61           400 AM
 AVERAGE    77

..........................................................


THE CHARLESTON WV CLIMATE NORMALS FOR TODAY
                         NORMAL    RECORD    YEAR
 MAXIMUM TEMPERATURE (F)   48        77      1951
 MINIMUM TEMPERATURE (F)   31         4      1977


SUNRISE AND SUNSET
DECEMBER  7 2016......SUNRISE   730 AM EST   SUNSET   506 PM EST
DECEMBER  8 2016......SUNRISE   731 AM EST   SUNSET   506 PM EST


-  INDICATES NEGATIVE NUMBERS.
R  INDICATES RECORD WAS SET OR TIED.
MM INDICATES DATA IS MISSING.
T  INDICATES TRACE AMOUNT.




$$
