000
CDUS41 KRLX 010716
CLICRW


CLIMATE REPORT
NATIONAL WEATHER SERVICE CHARLESTON WV
316 AM EDT WED JUN 1 2016


...................................

...THE CHARLESTON WV CLIMATE SUMMARY FOR MAY 31 2016...

CLIMATE NORMAL PERIOD 1981 TO 2010
CLIMATE RECORD PERIOD 1901 TO 2016


WEATHER ITEM   OBSERVED TIME   RECORD YEAR NORMAL DEPARTURE LAST
                VALUE   (LST)  VALUE       VALUE  FROM      YEAR
                                                  NORMAL
..................................................................
TEMPERATURE (F)
 YESTERDAY
  MAXIMUM         88    440 PM  96    1931  78     10       86
                                      1918
  MINIMUM         59    444 AM  38    1966  57      2       65
                                      1930
  AVERAGE         74                        68      6       76

PRECIPITATION (IN)
  YESTERDAY        0.00          1.01 2010   0.17  -0.17      T
  MONTH TO DATE    5.09                      4.80   0.29     1.94
  SINCE JAN 1     16.86                     18.14  -1.28    19.20

SNOWFALL (IN)
  YESTERDAY        0.0
  MONTH TO DATE    0.0
  SINCE SEP 1     33.5
  SNOW DEPTH       0

DEGREE DAYS
 HEATING
  YESTERDAY        0                         2     -2        0
  MONTH TO DATE  138                       117     21       54
  SINCE MAR 1    781                      1011   -230      930
  SINCE JUL 1   3716                      4465   -749     4835

 COOLING
  YESTERDAY        9                         4      5       11
  MONTH TO DATE   84                        78      6      174
  SINCE MAR 1    130                       110     20      189
  SINCE JAN 1    130                       110     20      189
..................................................................


WIND (MPH)
  HIGHEST WIND SPEED    13   HIGHEST WIND DIRECTION     E (70)
  HIGHEST GUST SPEED    15   HIGHEST GUST DIRECTION     E (70)
  AVERAGE WIND SPEED     2.5


SKY COVER
  POSSIBLE SUNSHINE  MM
  AVERAGE SKY COVER 0.3


WEATHER CONDITIONS
 THE FOLLOWING WEATHER WAS RECORDED YESTERDAY.
  FOG
  FOG W/VISIBILITY <= 1/4 MILE


RELATIVE HUMIDITY (PERCENT)
 HIGHEST   100           700 AM
 LOWEST     28           400 PM
 AVERAGE    64

..........................................................


THE CHARLESTON WV CLIMATE NORMALS FOR TODAY
                         NORMAL    RECORD    YEAR
 MAXIMUM TEMPERATURE (F)   78        98      1929
 MINIMUM TEMPERATURE (F)   58        39      1966


SUNRISE AND SUNSET
JUNE  1 2016..........SUNRISE   604 AM EDT   SUNSET   845 PM EDT
JUNE  2 2016..........SUNRISE   604 AM EDT   SUNSET   845 PM EDT


-  INDICATES NEGATIVE NUMBERS.
R  INDICATES RECORD WAS SET OR TIED.
MM INDICATES DATA IS MISSING.
T  INDICATES TRACE AMOUNT.




$$
