000
CDUS42 KFFC 220022
CLICSG


CLIMATE REPORT
NATIONAL WEATHER SERVICE PEACHTREE CITY GA
722 PM EST SUN JAN 21 2018


...................................

...THE COLUMBUS CLIMATE SUMMARY FOR JANUARY 21 2018...
VALID AS OF 0700 PM LOCAL TIME.

CLIMATE NORMAL PERIOD 1981 TO 2010
CLIMATE RECORD PERIOD 1948 TO 2018


WEATHER ITEM   OBSERVED TIME   RECORD YEAR NORMAL DEPARTURE LAST
                VALUE   (LST)  VALUE       VALUE  FROM      YEAR
                                                  NORMAL
..................................................................
TEMPERATURE (F)
 TODAY
  MAXIMUM         71    440 PM  79    1937  58     13       68
  MINIMUM         36    806 AM  -2    1985  37     -1       56
  AVERAGE         54                        47      7       62

PRECIPITATION (IN)
  TODAY            0.00          2.77 1904   0.13  -0.13     1.88
  MONTH TO DATE    0.89                      2.52  -1.63    10.49
  SINCE DEC 1      3.44                      6.79  -3.35    14.86
  SINCE JAN 1      0.89                      2.52  -1.63    10.49

SNOWFALL (IN)
  TODAY            0.0           0.0  2002   0.0    0.0      0.0
  MONTH TO DATE    2.0                       0.2    1.8      0.0
  SINCE DEC 1      2.0                       0.3    1.7      0.0
  SINCE JUL 1      2.0                       0.3    1.7      0.0
  SNOW DEPTH       0

DEGREE DAYS
 HEATING
  TODAY           11                        18     -7        3
  MONTH TO DATE  496                       378    118      209
  SINCE DEC 1    925                       875     50      596
  SINCE JUL 1   1189                      1207    -18      783
..................................................................


WIND (MPH)
  HIGHEST WIND SPEED     9   HIGHEST WIND DIRECTION    SE (120)
  HIGHEST GUST SPEED    11   HIGHEST GUST DIRECTION    SE (120)
  AVERAGE WIND SPEED     1.8


SKY COVER
  AVERAGE SKY COVER 0.0


WEATHER CONDITIONS
 THE FOLLOWING WEATHER WAS RECORDED TODAY.
  FOG
  HAZE


RELATIVE HUMIDITY (PERCENT)
 HIGHEST    92           500 AM
 LOWEST     37           300 PM

..........................................................


THE COLUMBUS CLIMATE NORMALS FOR TOMORROW
                         NORMAL    RECORD
 MAXIMUM TEMPERATURE (F)   58        79
 MINIMUM TEMPERATURE (F)   37        12


SUNRISE AND SUNSET
JANUARY 21 2018.......SUNRISE   740 AM EST   SUNSET   603 PM EST
JANUARY 22 2018.......SUNRISE   740 AM EST   SUNSET   603 PM EST


-  INDICATES NEGATIVE NUMBERS.
R  INDICATES RECORD WAS SET OR TIED.
MM INDICATES DATA IS MISSING.
T  INDICATES TRACE AMOUNT.




$$
