000
CDUS42 KFFC 210919
CLICSG


CLIMATE REPORT
NATIONAL WEATHER SERVICE PEACHTREE CITY GA
419 AM EST SAT JAN 21 2017


...................................

...THE COLUMBUS CLIMATE SUMMARY FOR JANUARY 20 2017...

CLIMATE NORMAL PERIOD 1981 TO 2010
CLIMATE RECORD PERIOD 1948 TO 2017


WEATHER ITEM   OBSERVED TIME   RECORD YEAR NORMAL DEPARTURE LAST
                VALUE   (LST)  VALUE       VALUE  FROM      YEAR
                                                  NORMAL
..................................................................
TEMPERATURE (F)
 YESTERDAY
  MAXIMUM         73    456 PM  78    1907  58     15       56
  MINIMUM         62    521 AM   2    1985  37     25       28
  AVERAGE         68                        47     21       42

PRECIPITATION (IN)
  YESTERDAY        0.03          2.67 1979   0.12  -0.09      T
  MONTH TO DATE    8.61                      2.39   6.22     1.01
  SINCE DEC 1     12.98                      6.66   6.32    18.39
  SINCE JAN 1      8.61                      2.39   6.22     1.01

SNOWFALL (IN)
  YESTERDAY        0.0           0.0  2002   0.1   -0.1      0.0
  MONTH TO DATE    0.0                       0.2   -0.2      0.0
  SINCE DEC 1      0.0                       0.3   -0.3      0.0
  SINCE JUL 1      0.0                       0.3   -0.3      0.0
  SNOW DEPTH       0

DEGREE DAYS
 HEATING
  YESTERDAY        0                        18    -18       23
  MONTH TO DATE  206                       360   -154      396
  SINCE DEC 1    593                       857   -264      605
  SINCE JUL 1    780                      1189   -409      801

 COOLING
  YESTERDAY        3                         0      3        0
  MONTH TO DATE    5                         0      5        0
  SINCE DEC 1     10                         4      6       34
  SINCE JAN 1      5                         0      5        0
..................................................................


WIND (MPH)
  HIGHEST WIND SPEED    23   HIGHEST WIND DIRECTION     S (170)
  HIGHEST GUST SPEED    29   HIGHEST GUST DIRECTION     S (170)
  AVERAGE WIND SPEED     3.9


SKY COVER
  AVERAGE SKY COVER 0.8


WEATHER CONDITIONS
 THE FOLLOWING WEATHER WAS RECORDED YESTERDAY.
  LIGHT RAIN


RELATIVE HUMIDITY (PERCENT)
 HIGHEST   100           600 AM
 LOWEST     64           500 PM
 AVERAGE    82

..........................................................


THE COLUMBUS CLIMATE NORMALS FOR TODAY
                         NORMAL    RECORD    YEAR
 MAXIMUM TEMPERATURE (F)   58        79      1937
 MINIMUM TEMPERATURE (F)   37        -2      1985


SUNRISE AND SUNSET
JANUARY 21 2017.......SUNRISE   740 AM EST   SUNSET   603 PM EST
JANUARY 22 2017.......SUNRISE   739 AM EST   SUNSET   604 PM EST


-  INDICATES NEGATIVE NUMBERS.
R  INDICATES RECORD WAS SET OR TIED.
MM INDICATES DATA IS MISSING.
T  INDICATES TRACE AMOUNT.




$$
