000
CDUS44 KOHX 291649 AAA
CLICSV

CLIMATE REPORT
NATIONAL WEATHER SERVICE NASHVILLE TN
1048 AM CST THU JAN 29 2015

.....................................

UPDATED FOR MORNING CLIMATE AT BOTTOM

.....................................

...THE CROSSVILLE CLIMATE SUMMARY FOR JANUARY 28 2015...

CLIMATE NORMAL PERIOD 1981 TO 2010
CLIMATE RECORD PERIOD 1954 TO 2015


WEATHER ITEM   OBSERVED TIME   RECORD YEAR NORMAL DEPARTURE
                VALUE   (LST)  VALUE       VALUE  FROM
                                                  NORMAL
...............................................................
TEMPERATURE (F)
 YESTERDAY
  MAXIMUM         44    344 PM  70    1975  45     -1
  MINIMUM         23    724 AM  -8    1961  27     -4
  AVERAGE         34                        36     -2

PRECIPITATION (IN)
  YESTERDAY        0.00          1.38 1962   0.15  -0.15
  MONTH TO DATE    4.04                      4.29  -0.25
  SINCE DEC 1     10.47                      9.24   1.23
  SINCE JAN 1      4.04                      4.29  -0.25

DEGREE DAYS
 HEATING
  YESTERDAY       31                                2
  MONTH TO DATE  839                               22
  SINCE DEC 1   1533                             -107
  SINCE JUL 1   2443                              -43

 COOLING
  YESTERDAY        0                                0
  MONTH TO DATE    0                                0
  SINCE DEC 1      0                                0
  SINCE JAN 1      0                                0
...............................................................


WIND (MPH)
  HIGHEST WIND SPEED    12   HIGHEST WIND DIRECTION     N (20)
  HIGHEST GUST SPEED    15   HIGHEST GUST DIRECTION     N (20)
  AVERAGE WIND SPEED     5.2




RELATIVE HUMIDITY (PERCENT)
 HIGHEST    92
 LOWEST     27
 AVERAGE    60

..........................................................


THE CROSSVILLE CLIMATE NORMALS FOR TODAY
                         NORMAL    RECORD    YEAR
 MAXIMUM TEMPERATURE (F)   45        71      2002
 MINIMUM TEMPERATURE (F)   27        -8      1966


SUNRISE AND SUNSET
JANUARY 29 2015.......SUNRISE   643 AM CST   SUNSET   504 PM CST
JANUARY 30 2015.......SUNRISE   643 AM CST   SUNSET   505 PM CST


-  INDICATES NEGATIVE NUMBERS.
R  INDICATES RECORD WAS SET OR TIED.
MM INDICATES DATA IS MISSING.
T  INDICATES TRACE AMOUNT.

&&

THE LOW TEMPERATURE SINCE MIDNIGHT HAS BEEN 35 DEGREES.
0.03 INCHS OF RAIN HAVE OCCURRED SINCE MIDNIGHT.

$$
