000
CDUS45 KTFX 190758
CLICTB


CLIMATE REPORT
NATIONAL WEATHER SERVICE GREAT FALLS MT
156 AM MDT FRI SEP 19 2014


...................................

...THE CUT BANK MT CLIMATE SUMMARY FOR SEPTEMBER 18 2014...

CLIMATE NORMAL PERIOD 1981 TO 2010
CLIMATE RECORD PERIOD 1903 TO 2014


WEATHER ITEM   OBSERVED TIME   RECORD YEAR NORMAL DEPARTURE LAST
                VALUE   (LST)  VALUE       VALUE  FROM      YEAR
                                                  NORMAL
..................................................................
TEMPERATURE (F)
 YESTERDAY
  MAXIMUM         79    326 PM  94    1981  67     12       56
  MINIMUM         52    612 AM  23    2003  39     13       39
                                      1991
  AVERAGE         66                        53     13       48

PRECIPITATION (IN)
  YESTERDAY        0.00          0.55 1947   0.04  -0.04     0.07
  MONTH TO DATE    0.61                      0.79  -0.18     2.45
  SINCE OCT 1     15.65                     10.47   5.18    15.64
  SINCE JAN 1     14.45                      9.45   5.00    13.47

SNOWFALL (IN)
  YESTERDAY       MM
  SNOW DEPTH       0

DEGREE DAYS
 HEATING
  YESTERDAY        0                        12    -12       17
  MONTH TO DATE  238                       171     67       37
  SINCE SEP 1    238                       171     67       37
  SINCE JUL 1    335                       365    -30      109

 COOLING
  YESTERDAY        1                         0      1        0
  MONTH TO DATE    2                         6     -4       31
  SINCE SEP 1      2                         6     -4       31
  SINCE JAN 1    199                       159     40      226
..................................................................


WIND (MPH)
  HIGHEST WIND SPEED    32   HIGHEST WIND DIRECTION     W (260)
  HIGHEST GUST SPEED    39   HIGHEST GUST DIRECTION     W (250)
  AVERAGE WIND SPEED    10.9


SKY COVER
  AVERAGE SKY COVER 0.2


WEATHER CONDITIONS
 THE FOLLOWING WEATHER WAS RECORDED YESTERDAY.
  HAZE


RELATIVE HUMIDITY (PERCENT)
 HIGHEST    72           100 AM
 LOWEST     28           300 PM
 AVERAGE    50

..........................................................


THE CUT BANK MT CLIMATE NORMALS FOR TODAY
                         NORMAL    RECORD    YEAR
 MAXIMUM TEMPERATURE (F)   67        90      2009
 MINIMUM TEMPERATURE (F)   39        14      1957


SUNRISE AND SUNSET
SEPTEMBER 19 2014.....SUNRISE   712 AM MDT   SUNSET   734 PM MDT
SEPTEMBER 20 2014.....SUNRISE   713 AM MDT   SUNSET   731 PM MDT


-  INDICATES NEGATIVE NUMBERS.
R  INDICATES RECORD WAS SET OR TIED.
MM INDICATES DATA IS MISSING.
T  INDICATES TRACE AMOUNT.




$$
