000
CDUS45 KTFX 260742
CLICTB


CLIMATE REPORT
NATIONAL WEATHER SERVICE GREAT FALLS MT
1241 AM MST MON JAN 26 2015


...................................

...THE CUT BANK MT CLIMATE SUMMARY FOR JANUARY 25 2015...

CLIMATE NORMAL PERIOD 1981 TO 2010
CLIMATE RECORD PERIOD 1903 TO 2015


WEATHER ITEM   OBSERVED TIME   RECORD YEAR NORMAL DEPARTURE LAST
                VALUE   (LST)  VALUE       VALUE  FROM      YEAR
                                                  NORMAL
..................................................................
TEMPERATURE (F)
 YESTERDAY
  MAXIMUM         58    113 PM  62    2006  33     25       53
  MINIMUM         42   1159 PM -39    1957  12     30       35
  AVERAGE         50                        23     27       44

PRECIPITATION (IN)
  YESTERDAY        0.00          0.18 1971   0.00   0.00     0.00
  MONTH TO DATE    0.64                      0.16   0.48     0.45
  SINCE OCT 1      3.17                      1.18   1.99     1.65
  SINCE JAN 1      0.64                      0.16   0.48     0.45

SNOWFALL (IN)
  YESTERDAY       MM
  SNOW DEPTH       0

DEGREE DAYS
 HEATING
  YESTERDAY       15                        42    -27       21
  MONTH TO DATE 1066                      1075     -9      868
  SINCE DEC 1   2341                      2402    -61     2308
  SINCE JUL 1   4439                      4665   -226     4397

 COOLING
  YESTERDAY        0                         0      0        0
  MONTH TO DATE    0                         0      0        0
  SINCE DEC 1      0                         0      0        0
  SINCE JAN 1      0                         0      0        0
..................................................................


WIND (MPH)
  HIGHEST WIND SPEED    45   HIGHEST WIND DIRECTION     W (260)
  HIGHEST GUST SPEED    56   HIGHEST GUST DIRECTION     W (260)
  AVERAGE WIND SPEED    21.9


SKY COVER
  AVERAGE SKY COVER 0.0


WEATHER CONDITIONS
 THE FOLLOWING WEATHER WAS RECORDED YESTERDAY.
  NO SIGNIFICANT WEATHER WAS OBSERVED.


RELATIVE HUMIDITY (PERCENT)
 HIGHEST    76          1000 AM
 LOWEST     43           100 PM
 AVERAGE    60

..........................................................


THE CUT BANK MT CLIMATE NORMALS FOR TODAY
                         NORMAL    RECORD    YEAR
 MAXIMUM TEMPERATURE (F)   33        59      1986
 MINIMUM TEMPERATURE (F)   12       -39      1916


SUNRISE AND SUNSET
JANUARY 26 2015.......SUNRISE   807 AM MST   SUNSET   518 PM MST
JANUARY 27 2015.......SUNRISE   805 AM MST   SUNSET   520 PM MST


-  INDICATES NEGATIVE NUMBERS.
R  INDICATES RECORD WAS SET OR TIED.
MM INDICATES DATA IS MISSING.
T  INDICATES TRACE AMOUNT.




$$
