000
CDUS45 KTFX 301029
CLICTB


CLIMATE REPORT
NATIONAL WEATHER SERVICE GREAT FALLS MT
429 AM MDT SAT AUG 30 2014


...................................

...THE CUT BANK MT CLIMATE SUMMARY FOR AUGUST 29 2014...

CLIMATE NORMAL PERIOD 1981 TO 2010
CLIMATE RECORD PERIOD 1903 TO 2014


WEATHER ITEM   OBSERVED TIME   RECORD YEAR NORMAL DEPARTURE LAST
                VALUE   (LST)  VALUE       VALUE  FROM      YEAR
                                                  NORMAL
..................................................................
TEMPERATURE (F)
 YESTERDAY
  MAXIMUM         79    445 PM  93    2013  75      4       93
  MINIMUM         46    447 AM  31    1937  45      1       49
  AVERAGE         63                        60      3       71

PRECIPITATION (IN)
  YESTERDAY        0.00          0.48 1951   0.04  -0.04     0.10
  MONTH TO DATE    2.69                      1.11   1.58     1.52
  SINCE OCT 1     15.04                      9.60   5.44    13.19
  SINCE JAN 1     13.84                      8.58   5.26    11.02

SNOWFALL (IN)
  YESTERDAY       MM
  SNOW DEPTH       0

DEGREE DAYS
 HEATING
  YESTERDAY        2                         6     -4        0
  MONTH TO DATE   73                        96    -23       27
  SINCE JUN 1    363                       415    -52      277
  SINCE JUL 1     90                       182    -92       68

 COOLING
  YESTERDAY        0                         1     -1        6
  MONTH TO DATE   92                        63     29       94
  SINCE JUN 1    197                       150     47      191
  SINCE JAN 1    197                       152     45      193
..................................................................


WIND (MPH)
  HIGHEST WIND SPEED    17   HIGHEST WIND DIRECTION     S (180)
  HIGHEST GUST SPEED    19   HIGHEST GUST DIRECTION     S (190)
  AVERAGE WIND SPEED     6.8


SKY COVER
  AVERAGE SKY COVER 0.3


WEATHER CONDITIONS
 THE FOLLOWING WEATHER WAS RECORDED YESTERDAY.
  FOG
  FOG W/VISIBILITY <= 1/4 MILE


RELATIVE HUMIDITY (PERCENT)
 HIGHEST   100           100 AM
 LOWEST     29           600 PM
 AVERAGE    65

..........................................................


THE CUT BANK MT CLIMATE NORMALS FOR TODAY
                         NORMAL    RECORD    YEAR
 MAXIMUM TEMPERATURE (F)   75        96      1921
 MINIMUM TEMPERATURE (F)   45        32      2003


SUNRISE AND SUNSET
AUGUST 30 2014........SUNRISE   644 AM MDT   SUNSET   815 PM MDT
AUGUST 31 2014........SUNRISE   645 AM MDT   SUNSET   813 PM MDT


-  INDICATES NEGATIVE NUMBERS.
R  INDICATES RECORD WAS SET OR TIED.
MM INDICATES DATA IS MISSING.
T  INDICATES TRACE AMOUNT.




$$
