000
CDUS45 KTFX 210855
CLICTB


CLIMATE REPORT
NATIONAL WEATHER SERVICE GREAT FALLS MT
255 AM MDT SAT OCT 21 2017


...................................

...THE CUT BANK MT CLIMATE SUMMARY FOR OCTOBER 20 2017...

CLIMATE NORMAL PERIOD 1981 TO 2010
CLIMATE RECORD PERIOD 1903 TO 2017


WEATHER ITEM   OBSERVED TIME   RECORD YEAR NORMAL DEPARTURE LAST
                VALUE   (LST)  VALUE       VALUE  FROM      YEAR
                                                  NORMAL
..................................................................
TEMPERATURE (F)
 YESTERDAY
  MAXIMUM         51   1223 PM  78    2014  54     -3       59
  MINIMUM         39   1159 PM   2    1933  29     10       31
  AVERAGE         45                        41      4       45

PRECIPITATION (IN)
  YESTERDAY        0.00          0.30 1908   0.01  -0.01     0.00
  MONTH TO DATE    0.37                      0.33   0.04     0.44
  SINCE OCT 1      0.37                      0.33   0.04     0.44
  SINCE JAN 1      8.49                     10.21  -1.72    10.34

SNOWFALL (IN)
  YESTERDAY       MM
  SNOW DEPTH       0

DEGREE DAYS
 HEATING
  YESTERDAY       20                        24     -4       20
  MONTH TO DATE  458                       401     57      487
  SINCE SEP 1    800                       744     56      836
  SINCE JUL 1    883                       938    -55     1009

 COOLING
  YESTERDAY        0                         0      0        0
  MONTH TO DATE    0                         0      0        0
  SINCE SEP 1     24                         8     16        5
  SINCE JAN 1    250                       161     89      108
..................................................................


WIND (MPH)
  HIGHEST WIND SPEED    33   HIGHEST WIND DIRECTION     W (250)
  HIGHEST GUST SPEED    41   HIGHEST GUST DIRECTION    SW (240)
  AVERAGE WIND SPEED    16.9


SKY COVER
  AVERAGE SKY COVER 0.6


WEATHER CONDITIONS
 THE FOLLOWING WEATHER WAS RECORDED YESTERDAY.
  NO SIGNIFICANT WEATHER WAS OBSERVED.


RELATIVE HUMIDITY (PERCENT)
 HIGHEST    62           700 PM
 LOWEST     34           300 AM
 AVERAGE    48

..........................................................


THE CUT BANK MT CLIMATE NORMALS FOR TODAY
                         NORMAL    RECORD    YEAR
 MAXIMUM TEMPERATURE (F)   53        76      1927
 MINIMUM TEMPERATURE (F)   29        10      1984


SUNRISE AND SUNSET
OCTOBER 21 2017.......SUNRISE   759 AM MDT   SUNSET   628 PM MDT
OCTOBER 22 2017.......SUNRISE   801 AM MDT   SUNSET   626 PM MDT


-  INDICATES NEGATIVE NUMBERS.
R  INDICATES RECORD WAS SET OR TIED.
MM INDICATES DATA IS MISSING.
T  INDICATES TRACE AMOUNT.




$$
