000
CDUS45 KTFX 201015
CLICTB


CLIMATE REPORT
NATIONAL WEATHER SERVICE GREAT FALLS MT
313 AM MST FRI JAN 20 2017


...................................

...THE CUT BANK MT CLIMATE SUMMARY FOR JANUARY 19 2017...

CLIMATE NORMAL PERIOD 1981 TO 2010
CLIMATE RECORD PERIOD 1903 TO 2017


WEATHER ITEM   OBSERVED TIME   RECORD YEAR NORMAL DEPARTURE LAST
                VALUE   (LST)  VALUE       VALUE  FROM      YEAR
                                                  NORMAL
..................................................................
TEMPERATURE (F)
 YESTERDAY
  MAXIMUM         43   1255 PM  61    1981  33     10       39
  MINIMUM         34   1024 PM -36    1954  12     22       22
  AVERAGE         39                        22     17       31

PRECIPITATION (IN)
  YESTERDAY        0.00          0.28 1947   0.01  -0.01     0.00
  MONTH TO DATE    0.05                      0.13  -0.08     0.40
  SINCE OCT 1      1.48                      1.15   0.33     2.32
  SINCE JAN 1      0.05                      0.13  -0.08     0.40

SNOWFALL (IN)
  YESTERDAY        0.0
  SNOW DEPTH       T

DEGREE DAYS
 HEATING
  YESTERDAY       26                        43    -17       34
  MONTH TO DATE  999                       820    179      920
  SINCE DEC 1   2644                      2147    497     2227
  SINCE JUL 1   4622                      4410    212     4265

 COOLING
  YESTERDAY        0                         0      0        0
  MONTH TO DATE    0                         0      0        0
  SINCE DEC 1      0                         0      0        0
  SINCE JAN 1      0                         0      0        0
..................................................................


WIND (MPH)
  HIGHEST WIND SPEED    28   HIGHEST WIND DIRECTION    SW (240)
  HIGHEST GUST SPEED    33   HIGHEST GUST DIRECTION    SW (230)
  AVERAGE WIND SPEED    11.5


SKY COVER
  AVERAGE SKY COVER 0.1


WEATHER CONDITIONS
 THE FOLLOWING WEATHER WAS RECORDED YESTERDAY.
  NO SIGNIFICANT WEATHER WAS OBSERVED.


RELATIVE HUMIDITY (PERCENT)
 HIGHEST    82           400 AM
 LOWEST     55           300 PM
 AVERAGE    69

..........................................................


THE CUT BANK MT CLIMATE NORMALS FOR TODAY
                         NORMAL    RECORD    YEAR
 MAXIMUM TEMPERATURE (F)   33        63      1981
 MINIMUM TEMPERATURE (F)   12       -45      1954


SUNRISE AND SUNSET
JANUARY 20 2017.......SUNRISE   812 AM MST   SUNSET   510 PM MST
JANUARY 21 2017.......SUNRISE   811 AM MST   SUNSET   511 PM MST


-  INDICATES NEGATIVE NUMBERS.
R  INDICATES RECORD WAS SET OR TIED.
MM INDICATES DATA IS MISSING.
T  INDICATES TRACE AMOUNT.




$$
