000
CDUS45 KTFX 301017
CLICTB


CLIMATE REPORT
NATIONAL WEATHER SERVICE GREAT FALLS MT
416 AM MDT TUE JUN 30 2015


...................................

...THE CUT BANK MT CLIMATE SUMMARY FOR JUNE 29 2015...

CLIMATE NORMAL PERIOD 1981 TO 2010
CLIMATE RECORD PERIOD 1903 TO 2015


WEATHER ITEM   OBSERVED TIME   RECORD YEAR NORMAL DEPARTURE LAST
                VALUE   (LST)  VALUE       VALUE  FROM      YEAR
                                                  NORMAL
..................................................................
TEMPERATURE (F)
 YESTERDAY
  MAXIMUM         90   1210 PM  94    1937  75     15       69
  MINIMUM         56    446 AM  36    1959  47      9       49
  AVERAGE         73                        61     12       59

PRECIPITATION (IN)
  YESTERDAY        T             0.70 1941   0.06  -0.06     0.00
  MONTH TO DATE    1.20                      2.49  -1.29     5.34
  SINCE OCT 1      6.73                      7.15  -0.42    11.92
  SINCE JAN 1      4.20                      6.13  -1.93    10.72

SNOWFALL (IN)
  YESTERDAY       MM
  SNOW DEPTH       0

DEGREE DAYS
 HEATING
  YESTERDAY        0                         5     -5        6
  MONTH TO DATE  130                       227    -97      267
  SINCE JUN 1    130                       227    -97      267
  SINCE JUL 1   7781                      8515   -734     8857

 COOLING
  YESTERDAY        8                         1      7        0
  MONTH TO DATE   52                        13     39        1
  SINCE JUN 1     52                        13     39        1
  SINCE JAN 1     52                        15     37        1
..................................................................


WIND (MPH)
  HIGHEST WIND SPEED    33   HIGHEST WIND DIRECTION     N (350)
  HIGHEST GUST SPEED    40   HIGHEST GUST DIRECTION     N (340)
  AVERAGE WIND SPEED     9.2


SKY COVER
  AVERAGE SKY COVER 0.1


WEATHER CONDITIONS
 THE FOLLOWING WEATHER WAS RECORDED YESTERDAY.
  LIGHT RAIN


RELATIVE HUMIDITY (PERCENT)
 HIGHEST    80           400 AM
 LOWEST     26          1100 AM
 AVERAGE    53

..........................................................


THE CUT BANK MT CLIMATE NORMALS FOR TODAY
                         NORMAL    RECORD    YEAR
 MAXIMUM TEMPERATURE (F)   75        94      1990
 MINIMUM TEMPERATURE (F)   47        36      1956


SUNRISE AND SUNSET
JUNE 30 2015..........SUNRISE   531 AM MDT   SUNSET   936 PM MDT
JULY  1 2015..........SUNRISE   531 AM MDT   SUNSET   935 PM MDT


-  INDICATES NEGATIVE NUMBERS.
R  INDICATES RECORD WAS SET OR TIED.
MM INDICATES DATA IS MISSING.
T  INDICATES TRACE AMOUNT.




$$
