000
CDUS45 KTFX 230933
CLICTB


CLIMATE REPORT
NATIONAL WEATHER SERVICE GREAT FALLS MT
331 AM MDT WED AUG 23 2017


...................................

...THE CUT BANK MT CLIMATE SUMMARY FOR AUGUST 22 2017...

CLIMATE NORMAL PERIOD 1981 TO 2010
CLIMATE RECORD PERIOD 1903 TO 2017


WEATHER ITEM   OBSERVED TIME   RECORD YEAR NORMAL DEPARTURE LAST
                VALUE   (LST)  VALUE       VALUE  FROM      YEAR
                                                  NORMAL
..................................................................
TEMPERATURE (F)
 YESTERDAY
  MAXIMUM         86    410 PM  94    1976  78      8       71
  MINIMUM         45    432 AM  31    1992  47     -2       55
  AVERAGE         66                        62      4       63

PRECIPITATION (IN)
  YESTERDAY        0.00          1.89 1978   0.04  -0.04     0.00
  MONTH TO DATE    T                         0.83  -0.83     1.17
  SINCE OCT 1      8.94                      9.32  -0.38    10.56
  SINCE JAN 1      7.51                      8.30  -0.79     8.64

SNOWFALL (IN)
  YESTERDAY       MM
  SNOW DEPTH       0

DEGREE DAYS
 HEATING
  YESTERDAY        0                         4     -4        2
  MONTH TO DATE   63                        61      2       54
  SINCE JUN 1    249                       380   -131      292
  SINCE JUL 1     78                       147    -69      128

 COOLING
  YESTERDAY        1                         1      0        0
  MONTH TO DATE   19                        56    -37       25
  SINCE JUN 1    184                       143     41       98
  SINCE JAN 1    186                       145     41       98
..................................................................


WIND (MPH)
  HIGHEST WIND SPEED    10   HIGHEST WIND DIRECTION     E (90)
  HIGHEST GUST SPEED    15   HIGHEST GUST DIRECTION    SE (120)
  AVERAGE WIND SPEED     3.8


SKY COVER
  AVERAGE SKY COVER 0.0


WEATHER CONDITIONS
 THE FOLLOWING WEATHER WAS RECORDED YESTERDAY.
  NO SIGNIFICANT WEATHER WAS OBSERVED.


RELATIVE HUMIDITY (PERCENT)
 HIGHEST    65           400 AM
 LOWEST     17           300 PM
 AVERAGE    41

..........................................................


THE CUT BANK MT CLIMATE NORMALS FOR TODAY
                         NORMAL    RECORD    YEAR
 MAXIMUM TEMPERATURE (F)   77        98      1930
 MINIMUM TEMPERATURE (F)   47        31      1992


SUNRISE AND SUNSET
AUGUST 23 2017........SUNRISE   635 AM MDT   SUNSET   829 PM MDT
AUGUST 24 2017........SUNRISE   636 AM MDT   SUNSET   827 PM MDT


-  INDICATES NEGATIVE NUMBERS.
R  INDICATES RECORD WAS SET OR TIED.
MM INDICATES DATA IS MISSING.
T  INDICATES TRACE AMOUNT.




$$
