000
CDUS45 KTFX 110804
CLICTB


CLIMATE REPORT
NATIONAL WEATHER SERVICE GREAT FALLS MT
103 AM MST MON DEC 11 2017


...................................

...THE CUT BANK MT CLIMATE SUMMARY FOR DECEMBER 10 2017...

CLIMATE NORMAL PERIOD 1981 TO 2010
CLIMATE RECORD PERIOD 1903 TO 2017


WEATHER ITEM   OBSERVED TIME   RECORD YEAR NORMAL DEPARTURE LAST
                VALUE   (LST)  VALUE       VALUE  FROM      YEAR
                                                  NORMAL
..................................................................
TEMPERATURE (F)
 YESTERDAY
  MAXIMUM         59    129 PM  62    1939  33     26        6
  MINIMUM         28   1159 PM -23    2000  13     15      -16
  AVERAGE         44                        23     21       -5

PRECIPITATION (IN)
  YESTERDAY        0.00          0.21 1909   0.00   0.00     0.01
  MONTH TO DATE    T                         0.07  -0.07     0.07
  SINCE OCT 1      1.01                      0.87   0.14     1.40
  SINCE JAN 1      9.13                     10.75  -1.62    11.30

SNOWFALL (IN)
  YESTERDAY       MM
  SNOW DEPTH       0

DEGREE DAYS
 HEATING
  YESTERDAY       21                        42    -21       70
  MONTH TO DATE  305                       414   -109      551
  SINCE DEC 1    305                       414   -109      551
  SINCE JUL 1   2529                      2677   -148     2529

 COOLING
  YESTERDAY        0                         0      0        0
  MONTH TO DATE    0                         0      0        0
  SINCE DEC 1      0                         0      0        0
  SINCE JAN 1    250                       162     88      108
..................................................................


WIND (MPH)
  HIGHEST WIND SPEED    36   HIGHEST WIND DIRECTION     W (260)
  HIGHEST GUST SPEED    42   HIGHEST GUST DIRECTION     W (270)
  AVERAGE WIND SPEED    20.5


SKY COVER
  AVERAGE SKY COVER 0.0


WEATHER CONDITIONS
 THE FOLLOWING WEATHER WAS RECORDED YESTERDAY.
  NO SIGNIFICANT WEATHER WAS OBSERVED.


RELATIVE HUMIDITY (PERCENT)
 HIGHEST    49          1100 PM
 LOWEST     17           300 AM
 AVERAGE    33

..........................................................


THE CUT BANK MT CLIMATE NORMALS FOR TODAY
                         NORMAL    RECORD    YEAR
 MAXIMUM TEMPERATURE (F)   32        59      1939
 MINIMUM TEMPERATURE (F)   12       -34      1932


SUNRISE AND SUNSET
DECEMBER 11 2017......SUNRISE   812 AM MST   SUNSET   434 PM MST
DECEMBER 12 2017......SUNRISE   813 AM MST   SUNSET   434 PM MST


-  INDICATES NEGATIVE NUMBERS.
R  INDICATES RECORD WAS SET OR TIED.
MM INDICATES DATA IS MISSING.
T  INDICATES TRACE AMOUNT.




$$
