000
CDUS45 KTFX 251018
CLICTB


CLIMATE REPORT
NATIONAL WEATHER SERVICE GREAT FALLS MT
417 AM MDT FRI JUL 25 2014


...................................

...THE CUT BANK MT CLIMATE SUMMARY FOR JULY 24 2014...

CLIMATE NORMAL PERIOD 1981 TO 2010
CLIMATE RECORD PERIOD 1903 TO 2014


WEATHER ITEM   OBSERVED TIME   RECORD YEAR NORMAL DEPARTURE LAST
                VALUE   (LST)  VALUE       VALUE  FROM      YEAR
                                                  NORMAL
..................................................................
TEMPERATURE (F)
 YESTERDAY
  MAXIMUM         68    246 PM  98    1936  81    -13       87
  MINIMUM         53    417 AM  34    1918  51      2       52
  AVERAGE         61                        66     -5       70

PRECIPITATION (IN)
  YESTERDAY        0.00          0.44 1981   0.04  -0.04     0.00
  MONTH TO DATE    0.42                      1.04  -0.62     1.64
  SINCE OCT 1     12.35                      8.25   4.10    11.60
  SINCE JAN 1     11.15                      7.23   3.92     9.43

SNOWFALL (IN)
  YESTERDAY        0.0
  SNOW DEPTH       0

DEGREE DAYS
 HEATING
  YESTERDAY        4                         2      2        0
  MONTH TO DATE   10                        74    -64       26
  SINCE JUN 1    283                       307    -24      235
  SINCE JUL 1     10                        74    -64       26

 COOLING
  YESTERDAY        0                         3     -3        5
  MONTH TO DATE   79                        51     28       76
  SINCE JUN 1     80                        66     14       88
  SINCE JAN 1     80                        68     12       90
..................................................................


WIND (MPH)
  HIGHEST WIND SPEED    48   HIGHEST WIND DIRECTION     W (250)
  HIGHEST GUST SPEED    59   HIGHEST GUST DIRECTION     W (260)
  AVERAGE WIND SPEED    25.1


SKY COVER
  AVERAGE SKY COVER 0.2


WEATHER CONDITIONS
 THE FOLLOWING WEATHER WAS RECORDED YESTERDAY.
  NO SIGNIFICANT WEATHER WAS OBSERVED.


RELATIVE HUMIDITY (PERCENT)
 HIGHEST    87           100 AM
 LOWEST     31           500 PM
 AVERAGE    59

..........................................................


THE CUT BANK MT CLIMATE NORMALS FOR TODAY
                         NORMAL    RECORD    YEAR
 MAXIMUM TEMPERATURE (F)   82       100      1933
 MINIMUM TEMPERATURE (F)   51        40      2001


SUNRISE AND SUNSET
JULY 25 2014..........SUNRISE   555 AM MDT   SUNSET   917 PM MDT
JULY 26 2014..........SUNRISE   556 AM MDT   SUNSET   915 PM MDT


-  INDICATES NEGATIVE NUMBERS.
R  INDICATES RECORD WAS SET OR TIED.
MM INDICATES DATA IS MISSING.
T  INDICATES TRACE AMOUNT.




$$
