000
CDUS45 KTFX 012237
CLICTB


CLIMATE REPORT
NATIONAL WEATHER SERVICE GREAT FALLS MT
435 PM MDT MON JUN 1 2015


...................................

...THE CUT BANK MT CLIMATE SUMMARY FOR JUNE 1 2015...
VALID TODAY AS OF 0400 PM LOCAL TIME.

CLIMATE NORMAL PERIOD 1981 TO 2010
CLIMATE RECORD PERIOD 1903 TO 2015


WEATHER ITEM   OBSERVED TIME   RECORD YEAR NORMAL DEPARTURE LAST
                VALUE   (LST)  VALUE       VALUE  FROM      YEAR
                                                  NORMAL
..................................................................
TEMPERATURE (F)
 TODAY
  MAXIMUM         76    257 PM  91    1986  67      9       68
  MINIMUM         49    409 AM  31    1951  42      7       39
  AVERAGE         63                        54      9       54

PRECIPITATION (IN)
  TODAY            0.00          0.69 1993   0.10  -0.10     0.04
  MONTH TO DATE    0.00                      0.10  -0.10     0.04
  SINCE OCT 1      5.49                      4.76   0.73     6.62
  SINCE JAN 1      2.96                      3.74  -0.78     5.42

SNOWFALL (IN)
  TODAY           MM
  SNOW DEPTH       0

DEGREE DAYS
 HEATING
  TODAY            2                        11     -9       11
  MONTH TO DATE    2                        11     -9       11
  SINCE JUN 1      2                        11     -9       11
  SINCE JUL 1   7653                      8299   -646     8601

 COOLING
  TODAY            0                         0      0        0
  MONTH TO DATE    0                         0      0        0
  SINCE JUN 1      0                         0      0        0
  SINCE JAN 1      0                         2     -2        0
..................................................................


WIND (MPH)
  HIGHEST WIND SPEED    20   HIGHEST WIND DIRECTION     N (350)
  HIGHEST GUST SPEED    22   HIGHEST GUST DIRECTION     N (350)
  AVERAGE WIND SPEED    11.2


SKY COVER
  AVERAGE SKY COVER 0.0


WEATHER CONDITIONS
 THE FOLLOWING WEATHER WAS RECORDED TODAY.
  NO SIGNIFICANT WEATHER WAS OBSERVED.


RELATIVE HUMIDITY (PERCENT)
 HIGHEST    77           100 AM
 LOWEST     33           200 PM
 AVERAGE    55

..........................................................


THE CUT BANK MT CLIMATE NORMALS FOR TOMORROW
                         NORMAL    RECORD    YEAR
 MAXIMUM TEMPERATURE (F)   67        85      1970
 MINIMUM TEMPERATURE (F)   42        28      2009
                                             1951


SUNRISE AND SUNSET
JUNE  1 2015..........SUNRISE   532 AM MDT   SUNSET   924 PM MDT
JUNE  2 2015..........SUNRISE   531 AM MDT   SUNSET   924 PM MDT


-  INDICATES NEGATIVE NUMBERS.
R  INDICATES RECORD WAS SET OR TIED.
MM INDICATES DATA IS MISSING.
T  INDICATES TRACE AMOUNT.




$$
