000
CDUS42 KTAE 240631
CLICTY


CLIMATE REPORT
NATIONAL WEATHER SERVICE TALLAHASSEE FL
231 AM EDT TUE MAY 24 2016


...................................

...THE CROSS CITY  CLIMATE SUMMARY FOR MAY 23 2016...

CLIMATE NORMAL PERIOD 1981 TO 2010
CLIMATE RECORD PERIOD 1948 TO 2016


WEATHER ITEM   OBSERVED TIME   NORMAL DEPARTURE LAST
                VALUE   (LST)  VALUE  FROM      YEAR
                                      NORMAL
......................................................
TEMPERATURE (F)
 YESTERDAY
  MAXIMUM         88    237 PM  89     -1       93
  MINIMUM         57    559 AM  64     -7       69
  AVERAGE         73            77     -4

PRECIPITATION (IN)
  YESTERDAY        0.00          0.08  -0.08     0.00
  MONTH TO DATE    1.70          1.65   0.05     3.09
  SINCE MAR 1      9.67          8.82   0.85     6.39
  SINCE JAN 1     16.43         16.13   0.30    12.36

DEGREE DAYS
 HEATING
  YESTERDAY        0             0      0
  MONTH TO DATE    4             0      4
  SINCE MAR 1     80           183   -103
  SINCE JUL 1    811          1303   -492

 COOLING
  YESTERDAY        8            12     -4
  MONTH TO DATE  231           198     33
  SINCE MAR 1    537           353    184
  SINCE JAN 1    566           380    186
......................................................


WIND (MPH)
  RESULTANT WIND SPEED   1   RESULTANT WIND DIRECTION   W (280)
  HIGHEST WIND SPEED    16   HIGHEST WIND DIRECTION    SW (230)
  HIGHEST GUST SPEED    19   HIGHEST GUST DIRECTION     W (250)
  AVERAGE WIND SPEED     3.9



WEATHER CONDITIONS
 THE FOLLOWING WEATHER WAS RECORDED YESTERDAY.
  NO SIGNIFICANT WEATHER WAS OBSERVED.


RELATIVE HUMIDITY (PERCENT)
 HIGHEST    90
 LOWEST     28

..........................................................




SUNRISE AND SUNSET
MAY 24 2016...........SUNRISE   635 AM EDT   SUNSET   824 PM EDT
MAY 25 2016...........SUNRISE   635 AM EDT   SUNSET   824 PM EDT


-  INDICATES NEGATIVE NUMBERS.
R  INDICATES RECORD WAS SET OR TIED.
MM INDICATES DATA IS MISSING.
T  INDICATES TRACE AMOUNT.




$$
