000
CDUS42 KTAE 232237
CLICTY


CLIMATE REPORT
NATIONAL WEATHER SERVICE TALLAHASSEE FL
536 PM EST SUN NOV 23 2014


...................................

...THE CROSS CITY (AMOS) CLIMATE SUMMARY FOR NOVEMBER 23 2014...
VALID TODAY AS OF 0500 PM LOCAL TIME.

CLIMATE NORMAL PERIOD 1981 TO 2010
CLIMATE RECORD PERIOD 1948 TO 2014


WEATHER ITEM   OBSERVED TIME   NORMAL DEPARTURE LAST
                VALUE   (LST)  VALUE  FROM      YEAR
                                      NORMAL
......................................................
TEMPERATURE (F)
 TODAY
  MAXIMUM         79    243 PM  73      6
  MINIMUM         67    418 AM  48     19
  AVERAGE         73            61     12

PRECIPITATION (IN)
  TODAY            0.44          0.10   0.34     0.00
  MONTH TO DATE    1.05          1.91  -0.86     1.48
  SINCE SEP 1     15.56          9.77   5.79     7.88
  SINCE JAN 1     55.94         45.14  10.80    60.66

DEGREE DAYS
 HEATING
  TODAY            0
  MONTH TO DATE  201
  SINCE SEP 1    218
  SINCE JUL 1    218

 COOLING
  TODAY            8
  MONTH TO DATE   17
  SINCE SEP 1    638
  SINCE JAN 1   2700
......................................................


WIND (MPH)
  RESULTANT WIND SPEED  10   RESULTANT WIND DIRECTION   S (170)
  HIGHEST WIND SPEED    28   HIGHEST WIND DIRECTION     S (190)
  HIGHEST GUST SPEED    39   HIGHEST GUST DIRECTION     S (190)
  AVERAGE WIND SPEED    11.3



WEATHER CONDITIONS
 THE FOLLOWING WEATHER WAS RECORDED TODAY.
  NO SIGNIFICANT WEATHER WAS OBSERVED.


RELATIVE HUMIDITY (PERCENT)
 HIGHEST   100
 LOWEST     79
 AVERAGE    90

..........................................................


THE CROSS CITY (AMOS) CLIMATE NORMALS FOR TOMORROW
                         NORMAL
 MAXIMUM TEMPERATURE (F)   73
 MINIMUM TEMPERATURE (F)   48



-  INDICATES NEGATIVE NUMBERS.
R  INDICATES RECORD WAS SET OR TIED.
MM INDICATES DATA IS MISSING.
T  INDICATES TRACE AMOUNT.




$$
