000
CDUS42 KTAE 050631
CLICTY


CLIMATE REPORT
NATIONAL WEATHER SERVICE TALLAHASSEE FL
131 AM EST THU MAR 5 2015


...................................

...THE CROSS CITY  CLIMATE SUMMARY FOR MARCH 4 2015...

CLIMATE NORMAL PERIOD 1981 TO 2010
CLIMATE RECORD PERIOD 1948 TO 2015


WEATHER ITEM   OBSERVED TIME   NORMAL DEPARTURE LAST
                VALUE   (LST)  VALUE  FROM      YEAR
                                      NORMAL
......................................................
TEMPERATURE (F)
 YESTERDAY
  MAXIMUM         82   1140 AM  74      8       66
  MINIMUM         56    708 AM  46     10       50
  AVERAGE         69            60      9

PRECIPITATION (IN)
  YESTERDAY        0.00          0.13  -0.13     0.00
  MONTH TO DATE    0.17          0.49  -0.32     0.00
  SINCE MAR 1      0.17          0.49  -0.32     0.00
  SINCE JAN 1      6.14          7.80  -1.66    10.15

DEGREE DAYS
 HEATING
  YESTERDAY        0             6     -6
  MONTH TO DATE    0            26    -26
  SINCE MAR 1      0            26    -26
  SINCE JUL 1   1160          1146     14

 COOLING
  YESTERDAY        4             1      3
  MONTH TO DATE   16             4     12
  SINCE MAR 1     16             4     12
  SINCE JAN 1     32            31      1
......................................................


WIND (MPH)
  RESULTANT WIND SPEED   6   RESULTANT WIND DIRECTION   S (200)
  HIGHEST WIND SPEED    22   HIGHEST WIND DIRECTION     S (200)
  HIGHEST GUST SPEED    30   HIGHEST GUST DIRECTION    SW (210)
  AVERAGE WIND SPEED     6.0



WEATHER CONDITIONS
 THE FOLLOWING WEATHER WAS RECORDED YESTERDAY.
  NO SIGNIFICANT WEATHER WAS OBSERVED.


RELATIVE HUMIDITY (PERCENT)
 HIGHEST   100
 LOWEST     62

..........................................................




SUNRISE AND SUNSET
MARCH  5 2015.........SUNRISE   654 AM EST   SUNSET   634 PM EST
MARCH  6 2015.........SUNRISE   653 AM EST   SUNSET   635 PM EST


-  INDICATES NEGATIVE NUMBERS.
R  INDICATES RECORD WAS SET OR TIED.
MM INDICATES DATA IS MISSING.
T  INDICATES TRACE AMOUNT.




$$
