000
CDUS42 KTAE 300632
CLICTY


CLIMATE REPORT
NATIONAL WEATHER SERVICE TALLAHASSEE FL
231 AM EDT TUE SEP 30 2014


...................................

...THE CROSS CITY (AWOS) CLIMATE SUMMARY FOR SEPTEMBER 29 2014...

CLIMATE NORMAL PERIOD 1981 TO 2010
CLIMATE RECORD PERIOD 1948 TO 2014


WEATHER ITEM   OBSERVED TIME   NORMAL DEPARTURE LAST
                VALUE   (LST)  VALUE  FROM      YEAR
                                      NORMAL
......................................................
TEMPERATURE (F)
 YESTERDAY
  MAXIMUM         79    236 PM  86     -7
  MINIMUM         73   1159 PM  65      8
  AVERAGE         76            76      0

PRECIPITATION (IN)
  YESTERDAY        0.56          0.11   0.45     0.00
  MONTH TO DATE   12.67          4.35   8.32     5.15
  SINCE SEP 1     12.67          4.35   8.32     5.15
  SINCE JAN 1     53.05         39.72  13.33    57.93

DEGREE DAYS
 HEATING
  YESTERDAY        0             0      0
  MONTH TO DATE    0             0      0
  SINCE SEP 1      0             0      0
  SINCE JUL 1      0             0      0

 COOLING
  YESTERDAY       11            11      0
  MONTH TO DATE  413           391     22
  SINCE SEP 1    413           391     22
  SINCE JAN 1   2475          2329    146
......................................................


WIND (MPH)
  RESULTANT WIND SPEED   1   RESULTANT WIND DIRECTION   S (160)
  HIGHEST WIND SPEED     8   HIGHEST WIND DIRECTION     S (200)
  HIGHEST GUST SPEED    11   HIGHEST GUST DIRECTION     S (180)
  AVERAGE WIND SPEED     1.2



WEATHER CONDITIONS
 THE FOLLOWING WEATHER WAS RECORDED YESTERDAY.
  NO SIGNIFICANT WEATHER WAS OBSERVED.


RELATIVE HUMIDITY (PERCENT)
 HIGHEST   100
 LOWEST     82

..........................................................




SUNRISE AND SUNSET
SEPTEMBER 30 2014.....SUNRISE   725 AM EDT   SUNSET   719 PM EDT
OCTOBER  1 2014.......SUNRISE   726 AM EDT   SUNSET   718 PM EDT


-  INDICATES NEGATIVE NUMBERS.
R  INDICATES RECORD WAS SET OR TIED.
MM INDICATES DATA IS MISSING.
T  INDICATES TRACE AMOUNT.




$$
