000
CDUS42 KTAE 260639
CLICTY


CLIMATE REPORT
NATIONAL WEATHER SERVICE TALLAHASSEE FL
139 AM EST FRI DEC 26 2014


...................................

...THE CROSS CITY (AWOS) CLIMATE SUMMARY FOR DECEMBER 25 2014...

CLIMATE NORMAL PERIOD 1981 TO 2010
CLIMATE RECORD PERIOD 1948 TO 2014


WEATHER ITEM   OBSERVED TIME   NORMAL DEPARTURE LAST
                VALUE   (LST)  VALUE  FROM      YEAR
                                      NORMAL
......................................................
TEMPERATURE (F)
 YESTERDAY
  MAXIMUM         63    435 PM  65     -2
  MINIMUM         39   1159 PM  41     -2
  AVERAGE         51            53     -2

PRECIPITATION (IN)
  YESTERDAY        0.00          0.07  -0.07     0.00
  MONTH TO DATE    3.09          2.10   0.99     1.67
  SINCE DEC 1      3.09          2.10   0.99     1.67
  SINCE JAN 1     60.05         47.94  12.11    63.14

DEGREE DAYS
 HEATING
  YESTERDAY       14            13      1
  MONTH TO DATE  186           260    -74
  SINCE DEC 1    186           260    -74
  SINCE JUL 1    471           428     43

 COOLING
  YESTERDAY        0             0      0
  MONTH TO DATE   30            14     16
  SINCE DEC 1     30            14     16
  SINCE JAN 1   2740          2616    124
......................................................


WIND (MPH)
  RESULTANT WIND SPEED   3   RESULTANT WIND DIRECTION  NW (330)
  HIGHEST WIND SPEED    13   HIGHEST WIND DIRECTION     N (350)
  HIGHEST GUST SPEED    15   HIGHEST GUST DIRECTION    NW (330)
  AVERAGE WIND SPEED     3.5



WEATHER CONDITIONS
 THE FOLLOWING WEATHER WAS RECORDED YESTERDAY.
  NO SIGNIFICANT WEATHER WAS OBSERVED.


RELATIVE HUMIDITY (PERCENT)
 HIGHEST    93
 LOWEST     48

..........................................................




SUNRISE AND SUNSET
DECEMBER 26 2014......SUNRISE   725 AM EST   SUNSET   541 PM EST
DECEMBER 27 2014......SUNRISE   726 AM EST   SUNSET   541 PM EST


-  INDICATES NEGATIVE NUMBERS.
R  INDICATES RECORD WAS SET OR TIED.
MM INDICATES DATA IS MISSING.
T  INDICATES TRACE AMOUNT.




$$
