000
CDUS42 KCAE 270538
CLICUB


CLIMATE REPORT
NATIONAL WEATHER SERVICE COLUMBIA SC
1238 AM EST FRI FEB 27 2015


...................................

...THE HAMILTON - OWENS AIRPORT SC CLIMATE SUMMARY FOR FEBRUARY 26 2015...

CLIMATE NORMAL PERIOD 1981 TO 2010
CLIMATE RECORD PERIOD 9999 TO 9999


WEATHER ITEM   OBSERVED TIME   NORMAL DEPARTURE LAST
                VALUE   (LST)  VALUE  FROM      YEAR
                                      NORMAL
......................................................
TEMPERATURE (F)
 YESTERDAY
  MAXIMUM         44    524 PM  63    -19       54
  MINIMUM         35   1159 PM  40     -5       37
  AVERAGE         40            52    -12       46

PRECIPITATION (IN)
  YESTERDAY        0.18          0.15   0.03     0.13
  MONTH TO DATE    4.51          3.36   1.15     2.62
  SINCE DEC 1     12.09         10.19   1.90    12.17
  SINCE JAN 1      7.91          6.99   0.92     6.38

DEGREE DAYS
 HEATING
  YESTERDAY       25            13     12       19
  MONTH TO DATE  562           410    152      395
  SINCE DEC 1   1610          1531     79     1539
  SINCE JUL 1   2085          1902    183     1953

 COOLING
  YESTERDAY        0             0      0        0
  MONTH TO DATE    0             0      0        6
  SINCE DEC 1      0             5     -5       20
  SINCE JAN 1      0             1     -1        6
......................................................


WIND (MPH)
  HIGHEST WIND SPEED    12   HIGHEST WIND DIRECTION     E (70)
  HIGHEST GUST SPEED    15   HIGHEST GUST DIRECTION     E (70)
  AVERAGE WIND SPEED     2.7


SKY COVER
  AVERAGE SKY COVER 0.8


WEATHER CONDITIONS
 THE FOLLOWING WEATHER WAS RECORDED YESTERDAY.
  HEAVY RAIN
  RAIN
  LIGHT RAIN
  FOG


RELATIVE HUMIDITY (PERCENT)
 HIGHEST    92          1200 AM
 LOWEST     65           500 PM

..........................................................


THE HAMILTON - OWENS AIRPORT SC CLIMATE NORMALS FOR TODAY
                         NORMAL    RECORD    YEAR
 MAXIMUM TEMPERATURE (F)   64        MM        MM
 MINIMUM TEMPERATURE (F)   40        MM        MM


SUNRISE AND SUNSET
FEBRUARY 27 2015......SUNRISE   655 AM EST   SUNSET   618 PM EST
FEBRUARY 28 2015......SUNRISE   654 AM EST   SUNSET   619 PM EST


-  INDICATES NEGATIVE NUMBERS.
R  INDICATES RECORD WAS SET OR TIED.
MM INDICATES DATA IS MISSING.
T  INDICATES TRACE AMOUNT.




$$
