000
CDUS42 KCAE 192211
CLICUB


CLIMATE REPORT
NATIONAL WEATHER SERVICE COLUMBIA SC
508 PM EST FRI DEC 19 2014


...................................

...THE HAMILTON - OWENS AIRPORT SC CLIMATE SUMMARY FOR DECEMBER 19 2014...
VALID TODAY AS OF 0500 PM LOCAL TIME.

CLIMATE NORMAL PERIOD 1981 TO 2010
CLIMATE RECORD PERIOD 9999 TO 9999


WEATHER ITEM   OBSERVED TIME   NORMAL DEPARTURE LAST
                VALUE   (LST)  VALUE  FROM      YEAR
                                      NORMAL
......................................................
TEMPERATURE (F)
 TODAY
  MAXIMUM         62    344 PM  57      5       64
  MINIMUM         37    754 AM  37      0       30
  AVERAGE         50            47      3       47

PRECIPITATION (IN)
  TODAY            0.00          0.11  -0.11     0.00
  MONTH TO DATE    0.03          2.09  -2.06     2.93
  SINCE DEC 1      0.03          2.09  -2.06     2.93
  SINCE JAN 1     42.31         44.29  -1.98    49.80

DEGREE DAYS
 HEATING
  TODAY           15            18     -3       18
  MONTH TO DATE  264           303    -39      260
  SINCE DEC 1    264           303    -39      260
  SINCE JUL 1    739           674     65      674

 COOLING
  TODAY            0             0      0        0
  MONTH TO DATE    0             0      0        6
  SINCE DEC 1      0             0      0        6
  SINCE JAN 1   2415          2256    159     2229
......................................................


WIND (MPH)
  HIGHEST WIND SPEED     7   HIGHEST WIND DIRECTION    NE (40)
  HIGHEST GUST SPEED    10   HIGHEST GUST DIRECTION    NE (30)
  AVERAGE WIND SPEED     1.4


SKY COVER
  AVERAGE SKY COVER 0.0


WEATHER CONDITIONS
 THE FOLLOWING WEATHER WAS RECORDED TODAY.
  NO SIGNIFICANT WEATHER WAS OBSERVED.


RELATIVE HUMIDITY (PERCENT)
 HIGHEST    92           600 AM
 LOWEST     39           200 PM
 AVERAGE    66

..........................................................


THE HAMILTON - OWENS AIRPORT SC CLIMATE NORMALS FOR TOMORROW
                         NORMAL
 MAXIMUM TEMPERATURE (F)   57
 MINIMUM TEMPERATURE (F)   37


SUNRISE AND SUNSET
DECEMBER 19 2014......SUNRISE   724 AM EST   SUNSET   518 PM EST
DECEMBER 20 2014......SUNRISE   725 AM EST   SUNSET   518 PM EST


-  INDICATES NEGATIVE NUMBERS.
R  INDICATES RECORD WAS SET OR TIED.
MM INDICATES DATA IS MISSING.
T  INDICATES TRACE AMOUNT.




$$
