000
CDUS42 KCAE 262138
CLICUB


CLIMATE REPORT
NATIONAL WEATHER SERVICE COLUMBIA SC
537 PM EDT MON SEP 26 2016


...................................

...THE HAMILTON - OWENS AIRPORT SC CLIMATE SUMMARY FOR SEPTEMBER 26 2016...
VALID TODAY AS OF 0500 PM LOCAL TIME.

CLIMATE NORMAL PERIOD 1981 TO 2010


WEATHER ITEM   OBSERVED TIME   NORMAL DEPARTURE LAST
                VALUE   (LST)  VALUE  FROM      YEAR
                                      NORMAL
......................................................
TEMPERATURE (F)
 TODAY
  MAXIMUM         87    252 PM  83      4       73
  MINIMUM         74    742 AM  63     11       68
  AVERAGE         81            73      8       71

PRECIPITATION (IN)
  TODAY            0.00          0.12  -0.12     0.39
  MONTH TO DATE    5.56          3.54   2.02     5.94
  SINCE SEP 1      5.56          3.54   2.02     5.94
  SINCE JAN 1     33.29         35.39  -2.10    38.22

DEGREE DAYS
 HEATING
  TODAY            0             0      0        0
  MONTH TO DATE    0             0      0        0
  SINCE SEP 1      0             0      0        0
  SINCE JUL 1      0             0      0        0

 COOLING
  TODAY           16             8      8        6
  MONTH TO DATE  388           300     88      306
  SINCE SEP 1    388           300     88      306
  SINCE JAN 1   2622          2118    504     2457
......................................................


WIND (MPH)
  HIGHEST WIND SPEED    13   HIGHEST WIND DIRECTION     S (170)
  HIGHEST GUST SPEED    15   HIGHEST GUST DIRECTION     S (160)
  AVERAGE WIND SPEED     1.6


SKY COVER
  AVERAGE SKY COVER 0.6


WEATHER CONDITIONS
 THE FOLLOWING WEATHER WAS RECORDED TODAY.
  FOG


RELATIVE HUMIDITY (PERCENT)
 HIGHEST    93           300 AM
 LOWEST     55           200 PM
 AVERAGE    74

..........................................................


THE HAMILTON - OWENS AIRPORT SC CLIMATE NORMALS FOR TOMORROW
                         NORMAL
 MAXIMUM TEMPERATURE (F)   83
 MINIMUM TEMPERATURE (F)   62


SUNRISE AND SUNSET
SEPTEMBER 26 2016.....SUNRISE   715 AM EDT   SUNSET   714 PM EDT
SEPTEMBER 27 2016.....SUNRISE   716 AM EDT   SUNSET   713 PM EDT


-  INDICATES NEGATIVE NUMBERS.
R  INDICATES RECORD WAS SET OR TIED.
MM INDICATES DATA IS MISSING.
T  INDICATES TRACE AMOUNT.




$$
