000
CDUS42 KCAE 210630
CLICUB


CLIMATE REPORT
NATIONAL WEATHER SERVICE COLUMBIA SC
229 AM EDT THU AUG 21 2014


...................................

...THE HAMILTON - OWENS AIRPORT SC CLIMATE SUMMARY FOR AUGUST 20 2014...

CLIMATE NORMAL PERIOD 1981 TO 2010
CLIMATE RECORD PERIOD 9999 TO 9999


WEATHER ITEM   OBSERVED TIME   RECORD YEAR NORMAL DEPARTURE LAST
                VALUE   (LST)  VALUE       VALUE  FROM      YEAR
                                                  NORMAL
..................................................................
TEMPERATURE (F)
 YESTERDAY
  MAXIMUM         97    329 PM  MM      MM  90      7       84
  MINIMUM         73    627 AM  MM      MM  71      2       73
  AVERAGE         85                        81      4       79

PRECIPITATION (IN)
  YESTERDAY        0.00         MM      MM   0.15  -0.15     0.47
  MONTH TO DATE    4.47                      3.35   1.12     7.21
  SINCE JUN 1     10.95                     13.44  -2.49    25.01
  SINCE JAN 1     28.91                     30.26  -1.35    42.11

DEGREE DAYS
 HEATING
  YESTERDAY        0                         0      0        0
  MONTH TO DATE    0                         0      0        0
  SINCE JUN 1      0                         0      0        0
  SINCE JUL 1      0                         0      0        0

 COOLING
  YESTERDAY       20                        16      4       14
  MONTH TO DATE  319                       335    -16      297
  SINCE JUN 1   1337                      1315     22     1254
  SINCE JAN 1   1730                      1651     79     1564
..................................................................


WIND (MPH)
  HIGHEST WIND SPEED    12   HIGHEST WIND DIRECTION     W (260)
  HIGHEST GUST SPEED    14   HIGHEST GUST DIRECTION     W (260)
  AVERAGE WIND SPEED     3.5


SKY COVER
  AVERAGE SKY COVER 0.1


WEATHER CONDITIONS
 THE FOLLOWING WEATHER WAS RECORDED YESTERDAY.
  NO SIGNIFICANT WEATHER WAS OBSERVED.


RELATIVE HUMIDITY (PERCENT)
 HIGHEST    87           200 AM
 LOWEST     35           500 PM

..........................................................


THE HAMILTON - OWENS AIRPORT SC CLIMATE NORMALS FOR TODAY
                         NORMAL    RECORD    YEAR
 MAXIMUM TEMPERATURE (F)   90        MM        MM
 MINIMUM TEMPERATURE (F)   71        MM        MM


SUNRISE AND SUNSET
AUGUST 21 2014........SUNRISE   650 AM EDT   SUNSET   804 PM EDT
AUGUST 22 2014........SUNRISE   651 AM EDT   SUNSET   802 PM EDT


-  INDICATES NEGATIVE NUMBERS.
R  INDICATES RECORD WAS SET OR TIED.
MM INDICATES DATA IS MISSING.
T  INDICATES TRACE AMOUNT.




$$
