000
CDUS42 KCAE 280653
CLICUB


CLIMATE REPORT
NATIONAL WEATHER SERVICE COLUMBIA SC
211 AM EDT THU MAY 28 2015


...................................

...THE HAMILTON - OWENS AIRPORT SC CLIMATE SUMMARY FOR MAY 27 2015...

CLIMATE NORMAL PERIOD 1981 TO 2010
CLIMATE RECORD PERIOD 9999 TO 9999


WEATHER ITEM   OBSERVED TIME   NORMAL DEPARTURE LAST
                VALUE   (LST)  VALUE  FROM      YEAR
                                      NORMAL
......................................................
TEMPERATURE (F)
 YESTERDAY
  MAXIMUM         87    150 PM  86      1       89
  MINIMUM         67    417 AM  64      3       70
  AVERAGE         77            75      2       80

PRECIPITATION (IN)
  YESTERDAY        0.54          0.10   0.44     0.65
  MONTH TO DATE    1.41          2.51  -1.10     3.33
  SINCE MAR 1      7.06          9.08  -2.02     9.96
  SINCE JAN 1     14.98         16.36  -1.38    16.34

DEGREE DAYS
 HEATING
  YESTERDAY        0             0      0        0
  MONTH TO DATE    6            11     -5        8
  SINCE MAR 1    255           383   -128      476
  SINCE JUL 1   2381          2312     69     2468

 COOLING
  YESTERDAY       12            10      2       15
  MONTH TO DATE  242           195     47      239
  SINCE MAR 1    376           291     85      337
  SINCE JAN 1    376           294     82      343
......................................................


WIND (MPH)
  HIGHEST WIND SPEED    13   HIGHEST WIND DIRECTION     S (180)
  HIGHEST GUST SPEED    19   HIGHEST GUST DIRECTION     S (190)
  AVERAGE WIND SPEED     3.9


SKY COVER
  AVERAGE SKY COVER 0.3


WEATHER CONDITIONS
 THE FOLLOWING WEATHER WAS RECORDED YESTERDAY.
  THUNDERSTORM
  HEAVY RAIN
  LIGHT RAIN
  FOG
  HAZE


RELATIVE HUMIDITY (PERCENT)
 HIGHEST    90           100 AM
 LOWEST     51           100 PM

..........................................................


THE HAMILTON - OWENS AIRPORT SC CLIMATE NORMALS FOR TODAY
                         NORMAL    RECORD    YEAR
 MAXIMUM TEMPERATURE (F)   87        MM        MM
 MINIMUM TEMPERATURE (F)   64        MM        MM


SUNRISE AND SUNSET
MAY 28 2015...........SUNRISE   615 AM EDT   SUNSET   827 PM EDT
MAY 29 2015...........SUNRISE   615 AM EDT   SUNSET   828 PM EDT


-  INDICATES NEGATIVE NUMBERS.
R  INDICATES RECORD WAS SET OR TIED.
MM INDICATES DATA IS MISSING.
T  INDICATES TRACE AMOUNT.




$$
