000
CDUS42 KCAE 230554
CLICUB


CLIMATE REPORT
NATIONAL WEATHER SERVICE COLUMBIA SC
154 AM EDT WED APR 23 2014


...................................

...THE HAMILTON - OWENS AIRPORT SC CLIMATE SUMMARY FOR APRIL 22 2014...

CLIMATE NORMAL PERIOD 1981 TO 2010
CLIMATE RECORD PERIOD 9999 TO 9999


WEATHER ITEM   OBSERVED TIME   RECORD YEAR NORMAL DEPARTURE LAST
                VALUE   (LST)  VALUE       VALUE  FROM      YEAR
                                                  NORMAL
..................................................................
TEMPERATURE (F)
 YESTERDAY
  MAXIMUM         84    206 PM  MM      MM  78      6       70
  MINIMUM         49    622 AM  MM      MM  54     -5       49
  AVERAGE         67                        66      1       60

PRECIPITATION (IN)
  YESTERDAY        0.05         MM      MM   0.09  -0.04     0.00
  MONTH TO DATE    2.74                      2.07   0.67     2.35
  SINCE MAR 1      6.63                      5.95   0.68     6.23
  SINCE JAN 1     13.01                     13.23  -0.22    12.86

DEGREE DAYS
 HEATING
  YESTERDAY        0                         2     -2        5
  MONTH TO DATE   76                        84     -8       76
  SINCE MAR 1    468                       358    110      509
  SINCE JUL 1   2460                      2287    173     2167

 COOLING
  YESTERDAY        2                         3     -1        0
  MONTH TO DATE   41                        53    -12       65
  SINCE MAR 1     43                        68    -25       76
  SINCE JAN 1     49                        71    -22      100
..................................................................


WIND (MPH)
  HIGHEST WIND SPEED    22   HIGHEST WIND DIRECTION     W (280)
  HIGHEST GUST SPEED    32   HIGHEST GUST DIRECTION     W (280)
  AVERAGE WIND SPEED     2.9


SKY COVER
  AVERAGE SKY COVER 0.2


WEATHER CONDITIONS
 THE FOLLOWING WEATHER WAS RECORDED YESTERDAY.
  FOG


RELATIVE HUMIDITY (PERCENT)
 HIGHEST    93           500 AM
 LOWEST     31           100 PM

..........................................................


THE HAMILTON - OWENS AIRPORT SC CLIMATE NORMALS FOR TODAY
                         NORMAL    RECORD    YEAR
 MAXIMUM TEMPERATURE (F)   78        MM        MM
 MINIMUM TEMPERATURE (F)   54        MM        MM


SUNRISE AND SUNSET
APRIL 23 2014.........SUNRISE   644 AM EDT   SUNSET   801 PM EDT
APRIL 24 2014.........SUNRISE   642 AM EDT   SUNSET   802 PM EDT


-  INDICATES NEGATIVE NUMBERS.
R  INDICATES RECORD WAS SET OR TIED.
MM INDICATES DATA IS MISSING.
T  INDICATES TRACE AMOUNT.




$$
