000
CDUS43 KUNR 200834
CLICUT


CLIMATE REPORT
NATIONAL WEATHER SERVICE RAPID CITY SD
133 AM MST TUE FEB 20 2018


...................................

...THE CUSTER COUNTY AIRPORT SD CLIMATE SUMMARY FOR FEBRUARY 19 2018...

CLIMATE NORMAL PERIOD 1981 TO 2010
CLIMATE RECORD PERIOD 9999 TO 9999


WEATHER ITEM   OBSERVED TIME   NORMAL DEPARTURE LAST
                VALUE   (LST)  VALUE  FROM      YEAR
                                      NORMAL
......................................................
TEMPERATURE (F)
 YESTERDAY
  MAXIMUM          4   1240 AM  37    -33       56
  MINIMUM         -4   1159 PM  16    -20       38
  AVERAGE          0            26    -26       47

PRECIPITATION (IN)
  YESTERDAY        0.36          0.02   0.34     0.01
  MONTH TO DATE    1.82          0.37   1.45     0.57
  SINCE DEC 1      3.38          1.08   2.30     2.84
  SINCE JAN 1      2.30          0.70   1.60     1.56

DEGREE DAYS
 HEATING
  YESTERDAY       65            39     26       18
  MONTH TO DATE  929           760    169      626
  SINCE DEC 1   3391          3314     77     3408
  SINCE JUL 1   5355          5495   -140     5027

 COOLING
  YESTERDAY        0             0      0        0
  MONTH TO DATE    0             0      0        0
  SINCE DEC 1      0             0      0        0
  SINCE JAN 1      0             0      0        0
......................................................


WIND (MPH)
  HIGHEST WIND SPEED    13   HIGHEST WIND DIRECTION     E (70)
  HIGHEST GUST SPEED    15   HIGHEST GUST DIRECTION    NE (60)
  AVERAGE WIND SPEED     4.5


SKY COVER
  AVERAGE SKY COVER 1.0


WEATHER CONDITIONS
 THE FOLLOWING WEATHER WAS RECORDED YESTERDAY.
  HEAVY SNOW
  SNOW
  LIGHT SNOW
  FOG
  HAZE


RELATIVE HUMIDITY (PERCENT)
 HIGHEST    87
 LOWEST     71
 AVERAGE    79

..........................................................




SUNRISE AND SUNSET
FEBRUARY 20 2018......SUNRISE   646 AM MST   SUNSET   531 PM MST
FEBRUARY 21 2018......SUNRISE   644 AM MST   SUNSET   533 PM MST


-  INDICATES NEGATIVE NUMBERS.
R  INDICATES RECORD WAS SET OR TIED.
MM INDICATES DATA IS MISSING.
T  INDICATES TRACE AMOUNT.




$$
