000
CDUS43 KUNR 210833
CLICUT


CLIMATE REPORT
NATIONAL WEATHER SERVICE RAPID CITY SD
231 AM MDT SUN SEP 21 2014


...................................

...THE CUSTER COUNTY AIRPORT SD CLIMATE SUMMARY FOR SEPTEMBER 20 2014...

CLIMATE NORMAL PERIOD 1981 TO 2010
CLIMATE RECORD PERIOD 9999 TO 9999


WEATHER ITEM   OBSERVED TIME   NORMAL DEPARTURE LAST
                VALUE   (LST)  VALUE  FROM      YEAR
                                      NORMAL
......................................................
TEMPERATURE (F)
 YESTERDAY
  MAXIMUM         72    110 PM  66      6       68
  MINIMUM         43   1156 PM  39      4       33
  AVERAGE         58            52      6       51

PRECIPITATION (IN)
  YESTERDAY        0.00          0.05  -0.05     0.00
  MONTH TO DATE    0.71          1.16  -0.45     0.94
  SINCE SEP 1      0.71          1.16  -0.45     0.94
  SINCE JAN 1     15.22         16.08  -0.86    16.89

DEGREE DAYS
 HEATING
  YESTERDAY        7            13     -6       14
  MONTH TO DATE  224           180     44      103
  SINCE SEP 1    224           180     44      103
  SINCE JUL 1    355           334     21      200

 COOLING
  YESTERDAY        0             0      0        0
  MONTH TO DATE   10            11     -1       38
  SINCE SEP 1     10            11     -1       38
  SINCE JAN 1    144           177    -33      187
......................................................


WIND (MPH)
  HIGHEST WIND SPEED    22   HIGHEST WIND DIRECTION     W (270)
  HIGHEST GUST SPEED    32   HIGHEST GUST DIRECTION     W (280)
  AVERAGE WIND SPEED     6.7


SKY COVER
  AVERAGE SKY COVER 0.1


WEATHER CONDITIONS
 THE FOLLOWING WEATHER WAS RECORDED YESTERDAY.
  NO SIGNIFICANT WEATHER WAS OBSERVED.


RELATIVE HUMIDITY (PERCENT)
 HIGHEST    66
 LOWEST     25
 AVERAGE    46

..........................................................




SUNRISE AND SUNSET
SEPTEMBER 21 2014.....SUNRISE   641 AM MDT   SUNSET   654 PM MDT
SEPTEMBER 22 2014.....SUNRISE   642 AM MDT   SUNSET   652 PM MDT


-  INDICATES NEGATIVE NUMBERS.
R  INDICATES RECORD WAS SET OR TIED.
MM INDICATES DATA IS MISSING.
T  INDICATES TRACE AMOUNT.




$$
