000
CDUS43 KUNR 180832
CLICUT


CLIMATE REPORT
NATIONAL WEATHER SERVICE RAPID CITY SD
231 AM MDT WED OCT 18 2017


...................................

...THE CUSTER COUNTY AIRPORT SD CLIMATE SUMMARY FOR OCTOBER 17 2017...

CLIMATE NORMAL PERIOD 1981 TO 2010
CLIMATE RECORD PERIOD 9999 TO 9999


WEATHER ITEM   OBSERVED TIME   NORMAL DEPARTURE LAST
                VALUE   (LST)  VALUE  FROM      YEAR
                                      NORMAL
......................................................
TEMPERATURE (F)
 YESTERDAY
  MAXIMUM         68    131 PM  54     14       55
  MINIMUM         34    558 AM  31      3       39
  AVERAGE         51            42      9       47

PRECIPITATION (IN)
  YESTERDAY        0.00          0.05  -0.05      T
  MONTH TO DATE    0.72          0.99  -0.27     0.47
  SINCE SEP 1      2.29          2.56  -0.27     2.24
  SINCE JAN 1     19.86         17.48   2.38    15.08

DEGREE DAYS
 HEATING
  YESTERDAY       14            23     -9       18
  MONTH TO DATE  376           345     31      271
  SINCE SEP 1    660           677    -17      525
  SINCE JUL 1    761           831    -70      661

 COOLING
  YESTERDAY        0             0      0        0
  MONTH TO DATE    0             0      0        0
  SINCE SEP 1     27            11     16        7
  SINCE JAN 1    235           177     58      259
......................................................


WIND (MPH)
  HIGHEST WIND SPEED    20   HIGHEST WIND DIRECTION     W (270)
  HIGHEST GUST SPEED    24   HIGHEST GUST DIRECTION     W (280)
  AVERAGE WIND SPEED     6.3


SKY COVER
  AVERAGE SKY COVER 0.0


WEATHER CONDITIONS
 THE FOLLOWING WEATHER WAS RECORDED YESTERDAY.
  NO SIGNIFICANT WEATHER WAS OBSERVED.


RELATIVE HUMIDITY (PERCENT)
 HIGHEST    56
 LOWEST     12
 AVERAGE    34

..........................................................




SUNRISE AND SUNSET
OCTOBER 18 2017.......SUNRISE   713 AM MDT   SUNSET   606 PM MDT
OCTOBER 19 2017.......SUNRISE   714 AM MDT   SUNSET   604 PM MDT


-  INDICATES NEGATIVE NUMBERS.
R  INDICATES RECORD WAS SET OR TIED.
MM INDICATES DATA IS MISSING.
T  INDICATES TRACE AMOUNT.




$$
