000
CDUS43 KUNR 020837
CLICUT


CLIMATE REPORT
NATIONAL WEATHER SERVICE RAPID CITY SD
134 AM MST MON MAR 2 2015


...................................

...THE CUSTER COUNTY AIRPORT SD CLIMATE SUMMARY FOR MARCH 1 2015...

CLIMATE NORMAL PERIOD 1981 TO 2010
CLIMATE RECORD PERIOD 9999 TO 9999


WEATHER ITEM   OBSERVED TIME   NORMAL DEPARTURE LAST
                VALUE   (LST)  VALUE  FROM      YEAR
                                      NORMAL
......................................................
TEMPERATURE (F)
 YESTERDAY
  MAXIMUM         25    359 PM  39    -14       -4
  MINIMUM          3   1157 PM  18    -15      -15
  AVERAGE         14            28    -14       -9

PRECIPITATION (IN)
  YESTERDAY        T             0.01  -0.01     0.30
  MONTH TO DATE    T             0.01  -0.01     0.30
  SINCE MAR 1      T             0.01  -0.01     0.30
  SINCE JAN 1      0.40          0.87  -0.47     1.63

DEGREE DAYS
 HEATING
  YESTERDAY       51            37     14       74
  MONTH TO DATE   51            37     14       74
  SINCE MAR 1     51            37     14       74
  SINCE JUL 1   5500          5872   -372     5932

 COOLING
  YESTERDAY        0             0      0        0
  MONTH TO DATE    0             0      0        0
  SINCE MAR 1      0             0      0        0
  SINCE JAN 1      0             0      0        0
......................................................


WIND (MPH)
  HIGHEST WIND SPEED    22   HIGHEST WIND DIRECTION     W (280)
  HIGHEST GUST SPEED    30   HIGHEST GUST DIRECTION     W (290)
  AVERAGE WIND SPEED     6.6


SKY COVER
  AVERAGE SKY COVER 0.1


WEATHER CONDITIONS
 THE FOLLOWING WEATHER WAS RECORDED YESTERDAY.
  LIGHT SNOW
  FOG


RELATIVE HUMIDITY (PERCENT)
 HIGHEST    88
 LOWEST     24
 AVERAGE    56

..........................................................




SUNRISE AND SUNSET
MARCH  2 2015.........SUNRISE   630 AM MST   SUNSET   544 PM MST
MARCH  3 2015.........SUNRISE   628 AM MST   SUNSET   545 PM MST


-  INDICATES NEGATIVE NUMBERS.
R  INDICATES RECORD WAS SET OR TIED.
MM INDICATES DATA IS MISSING.
T  INDICATES TRACE AMOUNT.




$$
