000
CDUS43 KUNR 290830
CLICUT


CLIMATE REPORT
NATIONAL WEATHER SERVICE RAPID CITY SD
230 AM MDT SAT AUG 29 2015


...................................

...THE CUSTER COUNTY AIRPORT SD CLIMATE SUMMARY FOR AUGUST 28 2015...

CLIMATE NORMAL PERIOD 1981 TO 2010
CLIMATE RECORD PERIOD 9999 TO 9999


WEATHER ITEM   OBSERVED TIME   NORMAL DEPARTURE LAST
                VALUE   (LST)  VALUE  FROM      YEAR
                                      NORMAL
......................................................
TEMPERATURE (F)
 YESTERDAY
  MAXIMUM         81    126 PM  76      5       72
  MINIMUM         54    128 AM  48      6       50
  AVERAGE         68            62      6       61

PRECIPITATION (IN)
  YESTERDAY        0.00          0.07  -0.07     0.00
  MONTH TO DATE    2.13          1.91   0.22     1.88
  SINCE JUN 1     10.93          7.57   3.36     6.77
  SINCE JAN 1     20.24         14.68   5.56    14.49

DEGREE DAYS
 HEATING
  YESTERDAY        0             4     -4        4
  MONTH TO DATE   90            77     13       38
  SINCE JUN 1    248           358   -110      390
  SINCE JUL 1    146           138      8      117

 COOLING
  YESTERDAY        3             1      2        0
  MONTH TO DATE   74            49     25       44
  SINCE JUN 1    171           155     16      130
  SINCE JAN 1    171           156     15      134
......................................................


WIND (MPH)
  HIGHEST WIND SPEED    12   HIGHEST WIND DIRECTION    NE (40)
  HIGHEST GUST SPEED    14   HIGHEST GUST DIRECTION    SE (120)
  AVERAGE WIND SPEED     4.0


SKY COVER
  AVERAGE SKY COVER 0.0


WEATHER CONDITIONS
 THE FOLLOWING WEATHER WAS RECORDED YESTERDAY.
  HAZE


RELATIVE HUMIDITY (PERCENT)
 HIGHEST    72
 LOWEST     26
 AVERAGE    49

..........................................................




SUNRISE AND SUNSET
AUGUST 29 2015........SUNRISE   614 AM MDT   SUNSET   736 PM MDT
AUGUST 30 2015........SUNRISE   616 AM MDT   SUNSET   734 PM MDT


-  INDICATES NEGATIVE NUMBERS.
R  INDICATES RECORD WAS SET OR TIED.
MM INDICATES DATA IS MISSING.
T  INDICATES TRACE AMOUNT.




$$
