000
CDUS43 KUNR 230832
CLICUT


CLIMATE REPORT
NATIONAL WEATHER SERVICE RAPID CITY SD
230 AM MDT SAT AUG 23 2014


...................................

...THE CUSTER COUNTY AIRPORT SD CLIMATE SUMMARY FOR AUGUST 22 2014...

CLIMATE NORMAL PERIOD 1981 TO 2010
CLIMATE RECORD PERIOD 9999 TO 9999


WEATHER ITEM   OBSERVED TIME   NORMAL DEPARTURE LAST
                VALUE   (LST)  VALUE  FROM      YEAR
                                      NORMAL
......................................................
TEMPERATURE (F)
 YESTERDAY
  MAXIMUM         MM        MM  77     MM       74
  MINIMUM         MM        MM  49     MM       49
  AVERAGE         MM            63     MM       62

PRECIPITATION (IN)
  YESTERDAY        0.00          0.06  -0.06     0.00
  MONTH TO DATE    1.67          1.50   0.17     3.95
  SINCE JUN 1      6.56          7.16  -0.60     9.42
  SINCE JAN 1     14.28         14.27   0.01    15.95

DEGREE DAYS
 HEATING
  YESTERDAY       MM             3     MM        3
  MONTH TO DATE   10            54    -44       55
  SINCE JUN 1    362           335     27      290
  SINCE JUL 1     89           115    -26       97

 COOLING
  YESTERDAY       MM             1     MM        0
  MONTH TO DATE   44            43      1       20
  SINCE JUN 1    130           149    -19       92
  SINCE JAN 1    134           150    -16       94
......................................................


WIND (MPH)
  HIGHEST WIND SPEED    13   HIGHEST WIND DIRECTION     E (110)
  HIGHEST GUST SPEED    MM   HIGHEST GUST DIRECTION    MM
  AVERAGE WIND SPEED     4.7


SKY COVER
  AVERAGE SKY COVER 0.1


WEATHER CONDITIONS
 THE FOLLOWING WEATHER WAS RECORDED YESTERDAY.
  FOG


RELATIVE HUMIDITY (PERCENT)
 HIGHEST    96
 LOWEST     49
 AVERAGE    73

..........................................................




SUNRISE AND SUNSET
AUGUST 23 2014........SUNRISE   608 AM MDT   SUNSET   745 PM MDT
AUGUST 24 2014........SUNRISE   609 AM MDT   SUNSET   744 PM MDT


-  INDICATES NEGATIVE NUMBERS.
R  INDICATES RECORD WAS SET OR TIED.
MM INDICATES DATA IS MISSING.
T  INDICATES TRACE AMOUNT.




$$
