000
CDUS41 KILN 190529
CLICVG


CLIMATE REPORT
NATIONAL WEATHER SERVICE WILMINGTON OH
1227 AM EST SUN FEB 19 2017


...................................

...THE CINCINNATI OH CLIMATE SUMMARY FOR FEBRUARY 18 2017...

CLIMATE NORMAL PERIOD 1981 TO 2010
CLIMATE RECORD PERIOD 1869 TO 2017


WEATHER ITEM   OBSERVED TIME   RECORD YEAR NORMAL DEPARTURE LAST
                VALUE   (LST)  VALUE       VALUE  FROM      YEAR
                                                  NORMAL
..................................................................
TEMPERATURE (F)
 YESTERDAY
  MAXIMUM         62    327 PM  68    1948  44     18       44
  MINIMUM         41    556 AM  -8    1936  27     14       27
  AVERAGE         52                        35     17       36

PRECIPITATION (IN)
  YESTERDAY        T             2.38 2000   0.10  -0.10     0.00
  MONTH TO DATE    1.52                      1.83  -0.31     2.37
  SINCE DEC 1      9.62                      8.20   1.42     9.85
  SINCE JAN 1      5.19                      4.83   0.36     3.76

SNOWFALL (IN)
  YESTERDAY        0.0           4.5  2015   0.2   -0.2      0.0
  MONTH TO DATE    1.6                       4.6   -3.0      7.9
  SINCE DEC 1      8.0                      15.9   -7.9     16.4
  SINCE JUL 1      8.0                      16.7   -8.7     16.4
  SNOW DEPTH       0

DEGREE DAYS
 HEATING
  YESTERDAY       13                        30    -17       29
  MONTH TO DATE  451                       572   -121      619
  SINCE DEC 1   2268                      2584   -316     2258
  SINCE JUL 1   2950                      3544   -594     3003

 COOLING
  YESTERDAY        0                         0      0        0
  MONTH TO DATE    0                         0      0        0
  SINCE DEC 1      0                         0      0        0
  SINCE JAN 1      0                         0      0        0
..................................................................


WIND (MPH)
  RESULTANT WIND SPEED  10   RESULTANT WIND DIRECTION  SW (210)
  HIGHEST WIND SPEED    18   HIGHEST WIND DIRECTION     S (180)
  HIGHEST GUST SPEED    23   HIGHEST GUST DIRECTION     S (200)
  AVERAGE WIND SPEED    10.2


SKY COVER
  POSSIBLE SUNSHINE  MM
  AVERAGE SKY COVER 0.6


WEATHER CONDITIONS
 THE FOLLOWING WEATHER WAS RECORDED YESTERDAY.
  LIGHT RAIN


RELATIVE HUMIDITY (PERCENT)
 HIGHEST    86           800 PM
 LOWEST     43           300 PM
 AVERAGE    65

..........................................................


THE CINCINNATI OH CLIMATE NORMALS FOR TODAY
                         NORMAL    RECORD    YEAR
 MAXIMUM TEMPERATURE (F)   44        74      1939
 MINIMUM TEMPERATURE (F)   27        -6      2015


SUNRISE AND SUNSET
FEBRUARY 19 2017......SUNRISE   725 AM EST   SUNSET   621 PM EST
FEBRUARY 20 2017......SUNRISE   723 AM EST   SUNSET   622 PM EST


-  INDICATES NEGATIVE NUMBERS.
R  INDICATES RECORD WAS SET OR TIED.
MM INDICATES DATA IS MISSING.
T  INDICATES TRACE AMOUNT.




$$
