000
CDUS41 KILN 030624
CLICVG


CLIMATE REPORT
NATIONAL WEATHER SERVICE WILMINGTON OH
208 AM EDT TUE MAY 3 2016


...................................

...THE CINCINNATI OH CLIMATE SUMMARY FOR MAY 2 2016...

CLIMATE NORMAL PERIOD 1981 TO 2010
CLIMATE RECORD PERIOD 1869 TO 2016


WEATHER ITEM   OBSERVED TIME   RECORD YEAR NORMAL DEPARTURE LAST
                VALUE   (LST)  VALUE       VALUE  FROM      YEAR
                                                  NORMAL
..................................................................
TEMPERATURE (F)
 YESTERDAY
  MAXIMUM         65    449 PM  90    1959  70     -5       76
  MINIMUM         54   1159 PM  30    1994  49      5       46
  AVERAGE         60                        60      0       61

PRECIPITATION (IN)
  YESTERDAY        T             1.58 1983   0.15  -0.15     0.00
  MONTH TO DATE    0.29                      0.31  -0.02     0.00
  SINCE MAR 1     10.47                      8.16   2.31    11.45
  SINCE JAN 1     17.10                     13.97   3.13    15.60

SNOWFALL (IN)
  YESTERDAY        0.0           1.5  1897   0.0    0.0      0.0
  MONTH TO DATE    0.0                       0.0    0.0      0.0
  SINCE MAR 1      2.3                       3.5   -1.2      4.9
  SINCE JUL 1     19.2                      22.1   -2.9     29.9
  SNOW DEPTH       0

DEGREE DAYS
 HEATING
  YESTERDAY        5                         7     -2        4
  MONTH TO DATE    5                        14     -9       10
  SINCE MAR 1    770                      1021   -251      992
  SINCE JUL 1   3978                      4848   -870     5219

 COOLING
  YESTERDAY        0                         1     -1        0
  MONTH TO DATE    5                         2      3        0
  SINCE MAR 1     23                        20      3        5
  SINCE JAN 1     23                        20      3        5
..................................................................


WIND (MPH)
  RESULTANT WIND SPEED   6   RESULTANT WIND DIRECTION   W (270)
  HIGHEST WIND SPEED    15   HIGHEST WIND DIRECTION    NW (300)
  HIGHEST GUST SPEED    20   HIGHEST GUST DIRECTION     N (340)
  AVERAGE WIND SPEED     6.9


SKY COVER
  POSSIBLE SUNSHINE  MM
  AVERAGE SKY COVER 0.8


WEATHER CONDITIONS
 THE FOLLOWING WEATHER WAS RECORDED YESTERDAY.
  FOG


RELATIVE HUMIDITY (PERCENT)
 HIGHEST   100           200 AM
 LOWEST     63          1200 PM
 AVERAGE    82

..........................................................


THE CINCINNATI OH CLIMATE NORMALS FOR TODAY
                         NORMAL    RECORD    YEAR
 MAXIMUM TEMPERATURE (F)   70        87      1959
                                             1928
                                             1902
 MINIMUM TEMPERATURE (F)   49        30      2005


SUNRISE AND SUNSET
MAY  3 2016...........SUNRISE   638 AM EDT   SUNSET   834 PM EDT
MAY  4 2016...........SUNRISE   636 AM EDT   SUNSET   835 PM EDT


-  INDICATES NEGATIVE NUMBERS.
R  INDICATES RECORD WAS SET OR TIED.
MM INDICATES DATA IS MISSING.
T  INDICATES TRACE AMOUNT.




$$
