365
CDUS41 KILN 202225
CLICVG


CLIMATE REPORT
NATIONAL WEATHER SERVICE WILMINGTON OH
515 PM EST TUE FEB 20 2018


...................................

...THE CINCINNATI OH CLIMATE SUMMARY FOR FEBRUARY 20 2018...
VALID TODAY AS OF 0500 PM LOCAL TIME.

CLIMATE NORMAL PERIOD 1981 TO 2010
CLIMATE RECORD PERIOD 1869 TO 2018


WEATHER ITEM   OBSERVED TIME   RECORD YEAR NORMAL DEPARTURE LAST
                VALUE   (LST)  VALUE       VALUE  FROM      YEAR
                                                  NORMAL
..................................................................
TEMPERATURE (F)
 TODAY
  MAXIMUM         79R   234 PM  72    2016  44     35       64
                                      1891
  MINIMUM         60    552 AM -12    2015  27     33       35
  AVERAGE         70                        36     34       50

PRECIPITATION (IN)
  TODAY            0.00          1.85 1882   0.09  -0.09     0.00
  MONTH TO DATE    2.51                      2.02   0.49     1.52
  SINCE DEC 1      7.11                      8.39  -1.28     9.62
  SINCE JAN 1      4.72                      5.02  -0.30     5.19

SNOWFALL (IN)
  TODAY            0.0           2.9  1968   0.2   -0.2      0.0
  MONTH TO DATE    1.6                       5.0   -3.4      1.6
  SINCE DEC 1     11.6                      16.3   -4.7      8.0
  SINCE JUL 1     11.6                      17.1   -5.5      8.0
  SNOW DEPTH       0

DEGREE DAYS
 HEATING
  TODAY            0                        29    -29       15
  MONTH TO DATE  553                       631    -78      480
  SINCE DEC 1   2675                      2643     32     2297
  SINCE JUL 1   3566                      3603    -37     2979

 COOLING
  TODAY            5                         0      5        0
  MONTH TO DATE    5                         0      5        0
  SINCE DEC 1      5                         0      5        0
  SINCE JAN 1      5                         0      5        0
..................................................................


WIND (MPH)
  HIGHEST WIND SPEED    28   HIGHEST WIND DIRECTION     S (200)
  HIGHEST GUST SPEED    42   HIGHEST GUST DIRECTION    SW (210)
  AVERAGE WIND SPEED    16.2


SKY COVER
  POSSIBLE SUNSHINE  MM
  AVERAGE SKY COVER 0.8


WEATHER CONDITIONS
 THE FOLLOWING WEATHER WAS RECORDED TODAY.
  NO SIGNIFICANT WEATHER WAS OBSERVED.


RELATIVE HUMIDITY (PERCENT)
 HIGHEST    90           400 AM
 LOWEST     45           300 PM
 AVERAGE    68

..........................................................


THE CINCINNATI OH CLIMATE NORMALS FOR TOMORROW
                         NORMAL    RECORD    YEAR
 MAXIMUM TEMPERATURE (F)   45        70      1930
 MINIMUM TEMPERATURE (F)   27       -10      1885


SUNRISE AND SUNSET
FEBRUARY 20 2018......SUNRISE   724 AM EST   SUNSET   622 PM EST
FEBRUARY 21 2018......SUNRISE   722 AM EST   SUNSET   623 PM EST


-  INDICATES NEGATIVE NUMBERS.
R  INDICATES RECORD WAS SET OR TIED.
MM INDICATES DATA IS MISSING.
T  INDICATES TRACE AMOUNT.




$$
