000
CDUS41 KILN 280555
CLICVG


CLIMATE REPORT
NATIONAL WEATHER SERVICE WILMINGTON OH
1254 AM EST SUN DEC 28 2014


...................................

...THE CINCINNATI OH CLIMATE SUMMARY FOR DECEMBER 27 2014...

CLIMATE NORMAL PERIOD 1981 TO 2010
CLIMATE RECORD PERIOD 1869 TO 2014


WEATHER ITEM   OBSERVED TIME   RECORD YEAR NORMAL DEPARTURE LAST
                VALUE   (LST)  VALUE       VALUE  FROM      YEAR
                                                  NORMAL
..................................................................
TEMPERATURE (F)
 YESTERDAY
  MAXIMUM         51   1153 AM  70    2008  39     12       49
  MINIMUM         35    347 AM  -6    1935  24     11       28
  AVERAGE         43                        32     11       39

PRECIPITATION (IN)
  YESTERDAY        0.39          1.09 1922   0.12   0.27     0.00
  MONTH TO DATE    3.48                      2.95   0.53     4.64
  SINCE DEC 1      3.48                      2.95   0.53     4.64
  SINCE JAN 1     42.17                     42.10   0.07    49.21

SNOWFALL (IN)
  YESTERDAY        0.0           7.5  1990   0.2   -0.2      0.0
  MONTH TO DATE    0.1                       4.0   -3.9     10.3
  SINCE DEC 1      0.1                       4.0   -3.9     10.3
  SINCE JUL 1      5.2                       4.8    0.4     12.7
  SNOW DEPTH       0

DEGREE DAYS
 HEATING
  YESTERDAY       22                        33    -11       26
  MONTH TO DATE  705                       823   -118      790
  SINCE DEC 1    705                       823   -118      790
  SINCE JUL 1   1843                      1783     60     1826

 COOLING
  YESTERDAY        0                         0      0        0
  MONTH TO DATE    0                         0      0        0
  SINCE DEC 1      0                         0      0        0
  SINCE JAN 1   1077                      1121    -44     1150
..................................................................


WIND (MPH)
  RESULTANT WIND SPEED   7   RESULTANT WIND DIRECTION   S (200)
  HIGHEST WIND SPEED    16   HIGHEST WIND DIRECTION     S (200)
  HIGHEST GUST SPEED    21   HIGHEST GUST DIRECTION    SW (220)
  AVERAGE WIND SPEED     7.2


SKY COVER
  POSSIBLE SUNSHINE  MM
  AVERAGE SKY COVER 0.9


WEATHER CONDITIONS
 THE FOLLOWING WEATHER WAS RECORDED YESTERDAY.
  RAIN
  LIGHT RAIN
  FOG
  HAZE


RELATIVE HUMIDITY (PERCENT)
 HIGHEST    86           700 PM
 LOWEST     58           100 AM
 AVERAGE    72

..........................................................


THE CINCINNATI OH CLIMATE NORMALS FOR TODAY
                         NORMAL    RECORD    YEAR
 MAXIMUM TEMPERATURE (F)   39        67      1984
 MINIMUM TEMPERATURE (F)   24        -3      1924


SUNRISE AND SUNSET
DECEMBER 28 2014......SUNRISE   757 AM EST   SUNSET   524 PM EST
DECEMBER 29 2014......SUNRISE   757 AM EST   SUNSET   524 PM EST


-  INDICATES NEGATIVE NUMBERS.
R  INDICATES RECORD WAS SET OR TIED.
MM INDICATES DATA IS MISSING.
T  INDICATES TRACE AMOUNT.




$$
