000
CDUS41 KILN 280548
CLICVG


CLIMATE REPORT
NATIONAL WEATHER SERVICE WILMINGTON OH
139 AM EDT THU AUG 28 2014


...................................

...THE CINCINNATI OH CLIMATE SUMMARY FOR AUGUST 27 2014...

CLIMATE NORMAL PERIOD 1981 TO 2010
CLIMATE RECORD PERIOD 1869 TO 2014


WEATHER ITEM   OBSERVED TIME   RECORD YEAR NORMAL DEPARTURE LAST
                VALUE   (LST)  VALUE       VALUE  FROM      YEAR
                                                  NORMAL
..................................................................
TEMPERATURE (F)
 YESTERDAY
  MAXIMUM         92    349 PM  99    1948  84      8       89
  MINIMUM         69    422 AM  50    1945  64      5       71
  AVERAGE         81                        74      7       80

PRECIPITATION (IN)
  YESTERDAY        0.00          1.88 1882   0.10  -0.10      T
  MONTH TO DATE    3.78                      3.01   0.77     2.11
  SINCE JUN 1     12.83                     10.80   2.03    13.59
  SINCE JAN 1     30.30                     29.39   0.91    31.47

SNOWFALL (IN)
  YESTERDAY        0.0           0.0         0.0    0.0      0.0
  MONTH TO DATE    0.0                       0.0    0.0      0.0
  SINCE JUN 1      0.0                       0.0    0.0      0.0
  SINCE JUL 1      0.0                       0.0    0.0      0.0
  SNOW DEPTH       0

DEGREE DAYS
 HEATING
  YESTERDAY        0                         0      0        0
  MONTH TO DATE    0                         0      0        2
  SINCE JUN 1      8                        15     -7        5
  SINCE JUL 1      5                         0      5        4

 COOLING
  YESTERDAY       16                         9      7       15
  MONTH TO DATE  270                       275     -5      232
  SINCE JUN 1    761                       840    -79      775
  SINCE JAN 1    895                       934    -39      914
..................................................................


WIND (MPH)
  RESULTANT WIND SPEED   3   RESULTANT WIND DIRECTION  NW (320)
  HIGHEST WIND SPEED    13   HIGHEST WIND DIRECTION    NW (330)
  HIGHEST GUST SPEED    17   HIGHEST GUST DIRECTION    NW (300)
  AVERAGE WIND SPEED     4.3


SKY COVER
  POSSIBLE SUNSHINE  MM
  AVERAGE SKY COVER 0.5


WEATHER CONDITIONS
 THE FOLLOWING WEATHER WAS RECORDED YESTERDAY.
  FOG
  HAZE


RELATIVE HUMIDITY (PERCENT)
 HIGHEST    93           700 AM
 LOWEST     49           300 PM
 AVERAGE    71

..........................................................


THE CINCINNATI OH CLIMATE NORMALS FOR TODAY
                         NORMAL    RECORD    YEAR
 MAXIMUM TEMPERATURE (F)   84        98      2007
                                             1953
 MINIMUM TEMPERATURE (F)   63        47      1986


SUNRISE AND SUNSET
AUGUST 28 2014........SUNRISE   704 AM EDT   SUNSET   815 PM EDT
AUGUST 29 2014........SUNRISE   705 AM EDT   SUNSET   814 PM EDT


-  INDICATES NEGATIVE NUMBERS.
R  INDICATES RECORD WAS SET OR TIED.
MM INDICATES DATA IS MISSING.
T  INDICATES TRACE AMOUNT.




$$
