000
CDUS41 KILN 200534
CLICVG


CLIMATE REPORT
NATIONAL WEATHER SERVICE WILMINGTON OH
134 AM EDT SUN APR 20 2014


...................................

...THE CINCINNATI OH CLIMATE SUMMARY FOR APRIL 19 2014...

CLIMATE NORMAL PERIOD 1981 TO 2010
CLIMATE RECORD PERIOD 1869 TO 2014


WEATHER ITEM   OBSERVED TIME   RECORD YEAR NORMAL DEPARTURE LAST
                VALUE   (LST)  VALUE       VALUE  FROM      YEAR
                                                  NORMAL
..................................................................
TEMPERATURE (F)
 YESTERDAY
  MAXIMUM         70    316 PM  85    1976  66      4       73
  MINIMUM         47    635 AM  25    1983  45      2       37
  AVERAGE         59                        55      4       55

PRECIPITATION (IN)
  YESTERDAY        0.00          2.70 1940   0.13  -0.13     0.63
  MONTH TO DATE    4.84                      2.40   2.44     2.32
  SINCE MAR 1      7.25                      6.36   0.89     6.23
  SINCE JAN 1     12.79                     12.17   0.62    11.83

SNOWFALL (IN)
  YESTERDAY        0.0           0.0    MM   0.0    0.0       T
  MONTH TO DATE    0.6                       0.5    0.1       T
  SINCE MAR 1      3.9                       3.5    0.4      8.8
  SINCE JUL 1     47.5                      22.1   25.4     25.2
  SNOW DEPTH       0

DEGREE DAYS
 HEATING
  YESTERDAY        6                        10     -4       10
  MONTH TO DATE  217                       248    -31      193
  SINCE MAR 1    999                       914     85     1048
  SINCE JUL 1   5243                      4741    502     4758

 COOLING
  YESTERDAY        0                         1     -1        0
  MONTH TO DATE    7                         7      0       23
  SINCE MAR 1      7                         7      0       23
  SINCE JAN 1      7                         7      0       23
..................................................................


WIND (MPH)
  RESULTANT WIND SPEED   9   RESULTANT WIND DIRECTION  NE (50)
  HIGHEST WIND SPEED    20   HIGHEST WIND DIRECTION    NE (60)
  HIGHEST GUST SPEED    25   HIGHEST GUST DIRECTION    NE (40)
  AVERAGE WIND SPEED     9.7


SKY COVER
  POSSIBLE SUNSHINE  MM
  AVERAGE SKY COVER 0.3


WEATHER CONDITIONS
 THE FOLLOWING WEATHER WAS RECORDED YESTERDAY.
  NO SIGNIFICANT WEATHER WAS OBSERVED.


RELATIVE HUMIDITY (PERCENT)
 HIGHEST    71           600 AM
 LOWEST     26           300 PM
 AVERAGE    49

..........................................................


THE CINCINNATI OH CLIMATE NORMALS FOR TODAY
                         NORMAL    RECORD    YEAR
 MAXIMUM TEMPERATURE (F)   66        89      1976
 MINIMUM TEMPERATURE (F)   45        24      1983


SUNRISE AND SUNSET
APRIL 20 2014.........SUNRISE   655 AM EDT   SUNSET   821 PM EDT
APRIL 21 2014.........SUNRISE   654 AM EDT   SUNSET   822 PM EDT


-  INDICATES NEGATIVE NUMBERS.
R  INDICATES RECORD WAS SET OR TIED.
MM INDICATES DATA IS MISSING.
T  INDICATES TRACE AMOUNT.




$$
