000
CDUS41 KILN 280528
CLICVG


CLIMATE REPORT
NATIONAL WEATHER SERVICE WILMINGTON OH
127 AM EDT TUE MAR 28 2017


...................................

...THE CINCINNATI OH CLIMATE SUMMARY FOR MARCH 27 2017...

CLIMATE NORMAL PERIOD 1981 TO 2010
CLIMATE RECORD PERIOD 1869 TO 2017


WEATHER ITEM   OBSERVED TIME   RECORD YEAR NORMAL DEPARTURE LAST
                VALUE   (LST)  VALUE       VALUE  FROM      YEAR
                                                  NORMAL
..................................................................
TEMPERATURE (F)
 YESTERDAY
  MAXIMUM         69    434 PM  85    1910  58     11       76
  MINIMUM         42    637 AM  14    1955  37      5       45
  AVERAGE         56                        48      8       61

PRECIPITATION (IN)
  YESTERDAY        0.09          1.70 1939   0.14  -0.05     0.80
  MONTH TO DATE    4.11                      3.40   0.71     3.94
  SINCE MAR 1      4.11                      3.40   0.71     3.94
  SINCE JAN 1     11.33                      9.21   2.12    10.57

SNOWFALL (IN)
  YESTERDAY        0.0           0.7  1992   0.1   -0.1      0.0
  MONTH TO DATE    2.0                       2.8   -0.8      2.3
  SINCE MAR 1      2.0                       2.8   -0.8      2.3
  SINCE JUL 1     10.0                      21.4  -11.4     19.2
  SNOW DEPTH       0

DEGREE DAYS
 HEATING
  YESTERDAY        9                        18     -9        4
  MONTH TO DATE  587                       599    -12      407
  SINCE MAR 1    587                       599    -12      407
  SINCE JUL 1   3667                      4426   -759     3615

 COOLING
  YESTERDAY        0                         0      0        0
  MONTH TO DATE    1                         0      1        0
  SINCE MAR 1      1                         0      1        0
  SINCE JAN 1      1                         0      1        0
..................................................................


WIND (MPH)
  RESULTANT WIND SPEED   4   RESULTANT WIND DIRECTION   S (160)
  HIGHEST WIND SPEED    16   HIGHEST WIND DIRECTION     S (170)
  HIGHEST GUST SPEED    21   HIGHEST GUST DIRECTION     S (160)
  AVERAGE WIND SPEED     5.7


SKY COVER
  POSSIBLE SUNSHINE  MM
  AVERAGE SKY COVER 0.7


WEATHER CONDITIONS
 THE FOLLOWING WEATHER WAS RECORDED YESTERDAY.
  THUNDERSTORM
  LIGHT RAIN
  FOG


RELATIVE HUMIDITY (PERCENT)
 HIGHEST   100           100 AM
 LOWEST     63           400 PM
 AVERAGE    82

..........................................................


THE CINCINNATI OH CLIMATE NORMALS FOR TODAY
                         NORMAL    RECORD    YEAR
 MAXIMUM TEMPERATURE (F)   58        85      1910
 MINIMUM TEMPERATURE (F)   38        18      1934


SUNRISE AND SUNSET
MARCH 28 2017.........SUNRISE   729 AM EDT   SUNSET   759 PM EDT
MARCH 29 2017.........SUNRISE   728 AM EDT   SUNSET   800 PM EDT


-  INDICATES NEGATIVE NUMBERS.
R  INDICATES RECORD WAS SET OR TIED.
MM INDICATES DATA IS MISSING.
T  INDICATES TRACE AMOUNT.




$$
