000
CDUS41 KILN 010618
CLICVG


CLIMATE REPORT
NATIONAL WEATHER SERVICE WILMINGTON OH
117 AM EST SUN FEB 1 2015


...................................

...THE CINCINNATI OH CLIMATE SUMMARY FOR JANUARY 31 2015...

CLIMATE NORMAL PERIOD 1981 TO 2010
CLIMATE RECORD PERIOD 1869 TO 2015


WEATHER ITEM   OBSERVED TIME   RECORD YEAR NORMAL DEPARTURE LAST
                VALUE   (LST)  VALUE       VALUE  FROM      YEAR
                                                  NORMAL
..................................................................
TEMPERATURE (F)
 YESTERDAY
  MAXIMUM         38    511 PM  67    1917  40     -2       42
  MINIMUM         16    804 AM -12    2004  23     -7       33
  AVERAGE         27                        32     -5       38

PRECIPITATION (IN)
  YESTERDAY        0.01          1.35 1982   0.10  -0.09     0.00
  MONTH TO DATE    2.35                      3.00  -0.65     2.80
  SINCE DEC 1      5.95                      6.37  -0.42     7.73
  SINCE JAN 1      2.35                      3.00  -0.65     2.80

SNOWFALL (IN)
  YESTERDAY        0.0           4.1  1948   0.3   -0.3      0.0
  MONTH TO DATE    1.2                       6.5   -5.3     20.4
  SINCE DEC 1      1.3                      11.3  -10.0     30.8
  SINCE JUL 1      6.4                      12.1   -5.7     33.2
  SNOW DEPTH       0

DEGREE DAYS
 HEATING
  YESTERDAY       38                        33      5       27
  MONTH TO DATE 1075                      1053     22     1272
  SINCE DEC 1   1917                      2012    -95     2187
  SINCE JUL 1   3055                      2972     83     3223

 COOLING
  YESTERDAY        0                         0      0        0
  MONTH TO DATE    0                         0      0        0
  SINCE DEC 1      0                         0      0        0
  SINCE JAN 1      0                         0      0        0
..................................................................


WIND (MPH)
  RESULTANT WIND SPEED   5   RESULTANT WIND DIRECTION  SW (210)
  HIGHEST WIND SPEED    13   HIGHEST WIND DIRECTION    SW (240)
  HIGHEST GUST SPEED    17   HIGHEST GUST DIRECTION     S (190)
  AVERAGE WIND SPEED     4.6


SKY COVER
  POSSIBLE SUNSHINE  MM
  AVERAGE SKY COVER 0.6


WEATHER CONDITIONS
 THE FOLLOWING WEATHER WAS RECORDED YESTERDAY.
  LIGHT RAIN
  FOG


RELATIVE HUMIDITY (PERCENT)
 HIGHEST    88           800 AM
 LOWEST     48           200 PM
 AVERAGE    68

..........................................................


THE CINCINNATI OH CLIMATE NORMALS FOR TODAY
                         NORMAL    RECORD    YEAR
 MAXIMUM TEMPERATURE (F)   40        66      1989
 MINIMUM TEMPERATURE (F)   24        -5      1929


SUNRISE AND SUNSET
FEBRUARY  1 2015......SUNRISE   745 AM EST   SUNSET   600 PM EST
FEBRUARY  2 2015......SUNRISE   744 AM EST   SUNSET   601 PM EST


-  INDICATES NEGATIVE NUMBERS.
R  INDICATES RECORD WAS SET OR TIED.
MM INDICATES DATA IS MISSING.
T  INDICATES TRACE AMOUNT.




$$
