000
CDUS41 KILN 100534
CLICVG


CLIMATE REPORT
NATIONAL WEATHER SERVICE WILMINGTON OH
1230 AM EST SAT DEC 10 2016


...................................

...THE CINCINNATI OH CLIMATE SUMMARY FOR DECEMBER 9 2016...

CLIMATE NORMAL PERIOD 1981 TO 2010
CLIMATE RECORD PERIOD 1869 TO 2016


WEATHER ITEM   OBSERVED TIME   RECORD YEAR NORMAL DEPARTURE LAST
                VALUE   (LST)  VALUE       VALUE  FROM      YEAR
                                                  NORMAL
..................................................................
TEMPERATURE (F)
 YESTERDAY
  MAXIMUM         25        MM  66    1946  43    -18       55
                                      1897
  MINIMUM         19        MM  -8    1917  28     -9       41
  AVERAGE         22                        36    -14       48

PRECIPITATION (IN)
  YESTERDAY        T             1.50 1952   0.12  -0.12     0.00
  MONTH TO DATE    0.69                      1.01  -0.32     0.51
  SINCE DEC 1      0.69                      1.01  -0.32     0.51
  SINCE JAN 1     40.69                     40.16   0.53    43.30

SNOWFALL (IN)
  YESTERDAY        0.3           4.4  1961   0.1    0.2      0.0
  MONTH TO DATE    0.3                       0.9   -0.6       T
  SINCE DEC 1      0.3                       0.9   -0.6       T
  SINCE JUL 1      0.3                       1.7   -1.4       T
  SNOW DEPTH       0

DEGREE DAYS
 HEATING
  YESTERDAY       43                        29     14       17
  MONTH TO DATE  268                       251     17      213
  SINCE DEC 1    268                       251     17      213
  SINCE JUL 1    950                      1211   -261      958

 COOLING
  YESTERDAY        0                         0      0        0
  MONTH TO DATE    0                         0      0        0
  SINCE DEC 1      0                         0      0        0
  SINCE JAN 1   1477                      1121    356     1157
..................................................................


WIND (MPH)
  RESULTANT WIND SPEED   8   RESULTANT WIND DIRECTION   W (270)
  HIGHEST WIND SPEED    13   HIGHEST WIND DIRECTION     W (280)
  HIGHEST GUST SPEED    21   HIGHEST GUST DIRECTION     W (280)
  AVERAGE WIND SPEED     8.0


SKY COVER
  POSSIBLE SUNSHINE  MM
  AVERAGE SKY COVER 1.0


WEATHER CONDITIONS
 THE FOLLOWING WEATHER WAS RECORDED YESTERDAY.
  LIGHT SNOW
  FOG


RELATIVE HUMIDITY (PERCENT)
 HIGHEST    84           100 AM
 LOWEST     60           400 PM
 AVERAGE    72

..........................................................


THE CINCINNATI OH CLIMATE NORMALS FOR TODAY
                         NORMAL    RECORD    YEAR
 MAXIMUM TEMPERATURE (F)   43        67      1971
 MINIMUM TEMPERATURE (F)   28        -8      1917


SUNRISE AND SUNSET
DECEMBER 10 2016......SUNRISE   747 AM EST   SUNSET   516 PM EST
DECEMBER 11 2016......SUNRISE   748 AM EST   SUNSET   516 PM EST


-  INDICATES NEGATIVE NUMBERS.
R  INDICATES RECORD WAS SET OR TIED.
MM INDICATES DATA IS MISSING.
T  INDICATES TRACE AMOUNT.




$$
