000
CDUS45 KCYS 230732
CLICYS


CLIMATE REPORT
NATIONAL WEATHER SERVICE CHEYENNE WY
130 AM MDT SAT MAY 23 2015


...................................

...THE CHEYENNE WYOMING AIRPORT CLIMATE SUMMARY FOR MAY 22 2015...

CLIMATE NORMAL PERIOD 1981 TO 2010
CLIMATE RECORD PERIOD 1871 TO 2015


WEATHER ITEM   OBSERVED TIME   RECORD YEAR NORMAL DEPARTURE LAST
                VALUE   (LST)  VALUE       VALUE  FROM      YEAR
                                                  NORMAL
..................................................................
TEMPERATURE (F)
 YESTERDAY
  MAXIMUM         49        MM  87    2012  67    -18       66
  MINIMUM         42        MM  29    1937  42      0       48
                                      1930
  AVERAGE         46                        54     -8       57

PRECIPITATION (IN)
  YESTERDAY        0.52          1.89 1876   0.08   0.44     0.00
  MONTH TO DATE    5.19                      1.57   3.62     2.71
  SINCE JAN 1      8.78                      5.20   3.58     6.68

SNOWFALL (IN)
  YESTERDAY        0.0           0.9  1959   0.0    0.0      0.0
  MONTH TO DATE    4.4                       2.0    2.4     12.9
  SINCE JUL 1     54.5                      60.0   -5.5     91.6
  SNOW DEPTH       0

DEGREE DAYS
 HEATING
  YESTERDAY       19                        11      8        8
  MONTH TO DATE  412                       306    106      352
  SINCE MAR 1   1746                      1872   -126     1858
  SINCE JUL 1   6392                      6891   -499     7062

 COOLING
  YESTERDAY        0                         0      0        0
  MONTH TO DATE    0                         0      0        0
  SINCE MAR 1      0                         0      0        0
  SINCE JAN 1      0                         0      0        0
..................................................................


WIND (MPH)
  HIGHEST WIND SPEED    18   HIGHEST WIND DIRECTION     S (160)
  HIGHEST GUST SPEED    28   HIGHEST GUST DIRECTION     S (160)
  AVERAGE WIND SPEED    12.2


SKY COVER
  AVERAGE SKY COVER 1.0


WEATHER CONDITIONS
 THE FOLLOWING WEATHER WAS RECORDED YESTERDAY.
  RAIN
  LIGHT RAIN
  FOG
  FOG W/VISIBILITY <= 1/4 MILE


RELATIVE HUMIDITY (PERCENT)
 HIGHEST   100           100 AM
 LOWEST     80           400 PM
 AVERAGE    90

..........................................................


THE CHEYENNE WYOMING AIRPORT CLIMATE NORMALS FOR TODAY
                         NORMAL    RECORD    YEAR
 MAXIMUM TEMPERATURE (F)   67        88      1874
 MINIMUM TEMPERATURE (F)   42        30      1930


SUNRISE AND SUNSET
MAY 23 2015...........SUNRISE   534 AM MDT   SUNSET   818 PM MDT
MAY 24 2015...........SUNRISE   534 AM MDT   SUNSET   819 PM MDT


-  INDICATES NEGATIVE NUMBERS.
R  INDICATES RECORD WAS SET OR TIED.
MM INDICATES DATA IS MISSING.
T  INDICATES TRACE AMOUNT.




$$
