000
CDUS45 KCYS 120728
CLICYS


CLIMATE REPORT
NATIONAL WEATHER SERVICE CHEYENNE WY
128 AM MDT SAT JUL 12 2014


...................................

...THE CHEYENNE WYOMING CLIMATE SUMMARY FOR JULY 11 2014...

CLIMATE NORMAL PERIOD 1981 TO 2010
CLIMATE RECORD PERIOD 1871 TO 2014


WEATHER ITEM   OBSERVED TIME   RECORD YEAR NORMAL DEPARTURE LAST
                VALUE   (LST)  VALUE       VALUE  FROM      YEAR
                                                  NORMAL
..................................................................
TEMPERATURE (F)
 YESTERDAY
  MAXIMUM         86   1138 AM 100    1939  84      2       94
  MINIMUM         60   1159 PM  43    1922  55      5       56
  AVERAGE         73                        69      4       75

PRECIPITATION (IN)
  YESTERDAY        0.20          0.61 1908   0.06   0.14     0.00
  MONTH TO DATE    0.20                      0.66  -0.46     0.13
  SINCE JAN 1      9.14                      8.97   0.17     5.77

SNOWFALL (IN)
  YESTERDAY        0.0          MM      MM   0.0    0.0      0.0
  MONTH TO DATE    0.0                       0.0    0.0      0.0
  SINCE JUL 1      0.0                       0.0    0.0      0.0
  SNOW DEPTH       0

DEGREE DAYS
 HEATING
  YESTERDAY        0                         1     -1        0
  MONTH TO DATE   13                        11      2        0
  SINCE JUN 1    139                       145     -6       62
  SINCE JUL 1     13                        11      2        0

 COOLING
  YESTERDAY        8                         5      3       10
  MONTH TO DATE   63                        49     14       76
  SINCE JUN 1     77                        96    -19      193
  SINCE JAN 1     78                        99    -21      199
..................................................................


WIND (MPH)
  HIGHEST WIND SPEED    23   HIGHEST WIND DIRECTION     W (280)
  HIGHEST GUST SPEED    29   HIGHEST GUST DIRECTION     W (270)
  AVERAGE WIND SPEED     7.7


SKY COVER
  AVERAGE SKY COVER 0.3


WEATHER CONDITIONS
 THE FOLLOWING WEATHER WAS RECORDED YESTERDAY.
  THUNDERSTORM
  RAIN
  LIGHT RAIN
  FOG
  FOG W/VISIBILITY <= 1/4 MILE


RELATIVE HUMIDITY (PERCENT)
 HIGHEST    97          1000 PM
 LOWEST     31          1200 PM
 AVERAGE    64

..........................................................


THE CHEYENNE WYOMING CLIMATE NORMALS FOR TODAY
                         NORMAL    RECORD    YEAR
 MAXIMUM TEMPERATURE (F)   84        95      1971
                                             1954
                                             1939
 MINIMUM TEMPERATURE (F)   55        40      1922
                                             1882


SUNRISE AND SUNSET
JULY 12 2014..........SUNRISE   537 AM MDT   SUNSET   832 PM MDT
JULY 13 2014..........SUNRISE   538 AM MDT   SUNSET   832 PM MDT


-  INDICATES NEGATIVE NUMBERS.
R  INDICATES RECORD WAS SET OR TIED.
MM INDICATES DATA IS MISSING.
T  INDICATES TRACE AMOUNT.




$$
