000
CDUS45 KCYS 300727
CLICYS


CLIMATE REPORT
NATIONAL WEATHER SERVICE CHEYENNE WY
127 AM MDT SUN AUG 30 2015


...................................

...THE CHEYENNE WYOMING AIRPORT CLIMATE SUMMARY FOR AUGUST 29 2015...

CLIMATE NORMAL PERIOD 1981 TO 2010
CLIMATE RECORD PERIOD 1871 TO 2015


WEATHER ITEM   OBSERVED TIME   RECORD YEAR NORMAL DEPARTURE LAST
                VALUE   (LST)  VALUE       VALUE  FROM      YEAR
                                                  NORMAL
..................................................................
TEMPERATURE (F)
 YESTERDAY
  MAXIMUM         85    400 PM  93    2012  79      6       76
  MINIMUM         51    601 AM  30    1892  51      0       48
  AVERAGE         68                        65      3       62

PRECIPITATION (IN)
  YESTERDAY        0.00          1.30 1880   0.05  -0.05     0.00
  MONTH TO DATE    0.65                      1.85  -1.20     1.43
  SINCE JAN 1     13.61                     12.35   1.26    13.61

SNOWFALL (IN)
  YESTERDAY        0.0          MM      MM   0.0    0.0      0.0
  MONTH TO DATE    0.0                       0.0    0.0      0.0
  SINCE JUL 1      0.0                       0.0    0.0      0.0
  SNOW DEPTH       0

DEGREE DAYS
 HEATING
  YESTERDAY        0                         2     -2        3
  MONTH TO DATE   39                        34      5       23
  SINCE JUN 1    102                       190    -88      178
  SINCE JUL 1     66                        56     10       52

 COOLING
  YESTERDAY        3                         2      1        0
  MONTH TO DATE  143                       112     31       92
  SINCE JUN 1    335                       319     16      264
  SINCE JAN 1    335                       322     13      265
..................................................................


WIND (MPH)
  HIGHEST WIND SPEED    20   HIGHEST WIND DIRECTION    SW (210)
  HIGHEST GUST SPEED    25   HIGHEST GUST DIRECTION     S (200)
  AVERAGE WIND SPEED     8.7


SKY COVER
  AVERAGE SKY COVER 0.0


WEATHER CONDITIONS
 THE FOLLOWING WEATHER WAS RECORDED YESTERDAY.
  HAZE


RELATIVE HUMIDITY (PERCENT)
 HIGHEST    77           600 AM
 LOWEST     17           200 PM
 AVERAGE    47

..........................................................


THE CHEYENNE WYOMING AIRPORT CLIMATE NORMALS FOR TODAY
                         NORMAL    RECORD    YEAR
 MAXIMUM TEMPERATURE (F)   79        94      1990
 MINIMUM TEMPERATURE (F)   51        37      1910


SUNRISE AND SUNSET
AUGUST 30 2015........SUNRISE   624 AM MDT   SUNSET   735 PM MDT
AUGUST 31 2015........SUNRISE   625 AM MDT   SUNSET   734 PM MDT


-  INDICATES NEGATIVE NUMBERS.
R  INDICATES RECORD WAS SET OR TIED.
MM INDICATES DATA IS MISSING.
T  INDICATES TRACE AMOUNT.




$$
