000
CDUS45 KCYS 200338
CLICYS


CLIMATE REPORT
NATIONAL WEATHER SERVICE CHEYENNE WY
934 PM MDT FRI SEP 19 2014


...................................

...THE CHEYENNE WYOMING CLIMATE SUMMARY FOR SEPTEMBER 19 2014...
VALID TODAY AS OF 0900 PM LOCAL TIME.

CLIMATE NORMAL PERIOD 1981 TO 2010
CLIMATE RECORD PERIOD 1871 TO 2014


WEATHER ITEM   OBSERVED TIME   RECORD YEAR NORMAL DEPARTURE LAST
                VALUE   (LST)  VALUE       VALUE  FROM      YEAR
                                                  NORMAL
..................................................................
TEMPERATURE (F)
 TODAY
  MAXIMUM         88R   140 PM  88    1935  70     18       62
  MINIMUM         54    218 AM  18    1942  43     11       43
  AVERAGE         71                        57     14       53

PRECIPITATION (IN)
  TODAY            0.00          1.42 1997   0.05  -0.05      T
  MONTH TO DATE    0.37                      0.98  -0.61     6.22
  SINCE SEP 1      0.37                      0.98  -0.61     6.22
  SINCE JAN 1     14.03                     13.43   0.60    14.65

SNOWFALL (IN)
  TODAY            0.0           0.8  1942   0.1   -0.1      0.0
  MONTH TO DATE    0.7                       0.5    0.2      0.0
  SINCE JUL 1      0.7                       0.5    0.2      0.0
  SNOW DEPTH       0

DEGREE DAYS
 HEATING
  TODAY            0                         9     -9       12
  MONTH TO DATE  127                       103     24       60
  SINCE SEP 1    127                       103     24       60
  SINCE JUL 1    185                       159     26       75

 COOLING
  TODAY            6                         0      6        0
  MONTH TO DATE   24                        21      3       67
  SINCE SEP 1     24                        21      3       67
  SINCE JAN 1    290                       347    -57      520
..................................................................


WIND (MPH)
  HIGHEST WIND SPEED    24   HIGHEST WIND DIRECTION    NW (320)
  HIGHEST GUST SPEED    31   HIGHEST GUST DIRECTION    NW (320)
  AVERAGE WIND SPEED    10.7


SKY COVER
  AVERAGE SKY COVER 0.2


WEATHER CONDITIONS
 THE FOLLOWING WEATHER WAS RECORDED TODAY.
  THUNDERSTORM


RELATIVE HUMIDITY (PERCENT)
 HIGHEST    66           600 AM
 LOWEST     19          1200 PM
 AVERAGE    43

..........................................................


THE CHEYENNE WYOMING CLIMATE NORMALS FOR TOMORROW
                         NORMAL    RECORD    YEAR
 MAXIMUM TEMPERATURE (F)   70        87      2010
                                             1956
 MINIMUM TEMPERATURE (F)   43        21      1983


SUNRISE AND SUNSET
SEPTEMBER 19 2014.....SUNRISE   644 AM MDT   SUNSET   702 PM MDT
SEPTEMBER 20 2014.....SUNRISE   645 AM MDT   SUNSET   700 PM MDT


-  INDICATES NEGATIVE NUMBERS.
R  INDICATES RECORD WAS SET OR TIED.
MM INDICATES DATA IS MISSING.
T  INDICATES TRACE AMOUNT.




$$
