000
CDUS45 KCYS 290745
CLICYS


CLIMATE REPORT
NATIONAL WEATHER SERVICE CHEYENNE WY
145 AM MDT THU SEP 29 2016


...................................

...THE CHEYENNE WYOMING AIRPORT CLIMATE SUMMARY FOR SEPTEMBER 28 2016...

CLIMATE NORMAL PERIOD 1981 TO 2010
CLIMATE RECORD PERIOD 1871 TO 2016


WEATHER ITEM   OBSERVED TIME   RECORD YEAR NORMAL DEPARTURE LAST
                VALUE   (LST)  VALUE       VALUE  FROM      YEAR
                                                  NORMAL
..................................................................
TEMPERATURE (F)
 YESTERDAY
  MAXIMUM         76    323 PM  89    2010  66     10       68
  MINIMUM         45    610 AM  19    1985  40      5       52
  AVERAGE         61                        53      8       60

PRECIPITATION (IN)
  YESTERDAY        0.00          0.52 1982   0.04  -0.04      T
  MONTH TO DATE    0.79                      1.40  -0.61     0.10
  SINCE JAN 1     13.62                     13.85  -0.23    13.71

SNOWFALL (IN)
  YESTERDAY        0.0           4.9  1985   0.1   -0.1      0.0
  MONTH TO DATE    T                         1.1   -1.1      0.0
  SINCE JUL 1      T                         1.1   -1.1      0.0
  SNOW DEPTH       0

DEGREE DAYS
 HEATING
  YESTERDAY        4                        12     -8        5
  MONTH TO DATE  147                       199    -52       43
  SINCE SEP 1    147                       199    -52       43
  SINCE JUL 1    201                       255    -54      112

 COOLING
  YESTERDAY        0                         0      0        0
  MONTH TO DATE   32                        21     11       50
  SINCE SEP 1     32                        21     11       50
  SINCE JAN 1    452                       347    105      360
..................................................................


WIND (MPH)
  HIGHEST WIND SPEED    15   HIGHEST WIND DIRECTION    SE (140)
  HIGHEST GUST SPEED    20   HIGHEST GUST DIRECTION    SE (130)
  AVERAGE WIND SPEED     8.2


SKY COVER
  AVERAGE SKY COVER 0.0


WEATHER CONDITIONS
 THE FOLLOWING WEATHER WAS RECORDED YESTERDAY.
  NO SIGNIFICANT WEATHER WAS OBSERVED.


RELATIVE HUMIDITY (PERCENT)
 HIGHEST    53           300 AM
 LOWEST     21           100 PM
 AVERAGE    37

..........................................................


THE CHEYENNE WYOMING AIRPORT CLIMATE NORMALS FOR TODAY
                         NORMAL    RECORD    YEAR
 MAXIMUM TEMPERATURE (F)   65        85      1994
                                             1892
 MINIMUM TEMPERATURE (F)   39        14      1985


SUNRISE AND SUNSET
SEPTEMBER 29 2016.....SUNRISE   654 AM MDT   SUNSET   644 PM MDT
SEPTEMBER 30 2016.....SUNRISE   655 AM MDT   SUNSET   642 PM MDT


-  INDICATES NEGATIVE NUMBERS.
R  INDICATES RECORD WAS SET OR TIED.
MM INDICATES DATA IS MISSING.
T  INDICATES TRACE AMOUNT.




$$
