000
CDUS45 KCYS 062125
CLICYS


CLIMATE REPORT
NATIONAL WEATHER SERVICE CHEYENNE WY
325 PM MDT FRI MAY 6 2016


...................................

...THE CHEYENNE WYOMING AIRPORT CLIMATE SUMMARY FOR MAY 6 2016...
VALID AS OF 0300 PM LOCAL TIME.

CLIMATE NORMAL PERIOD 1981 TO 2010
CLIMATE RECORD PERIOD 1871 TO 2016


WEATHER ITEM   OBSERVED TIME   RECORD YEAR NORMAL DEPARTURE LAST
                VALUE   (LST)  VALUE       VALUE  FROM      YEAR
                                                  NORMAL
..................................................................
TEMPERATURE (F)
 TODAY
  MAXIMUM         78   1259 PM  84    2004  62     16       58
  MINIMUM         44    521 AM  13    1917  37      7       41
  AVERAGE         61                        49     12       50

PRECIPITATION (IN)
  TODAY            0.00          1.11 1978   0.07  -0.07     0.65
  MONTH TO DATE    0.01                      0.41  -0.40     1.02
  SINCE MAR 1      5.40                      3.24   2.16     3.85
  SINCE JAN 1      6.60                      4.04   2.56     4.61

SNOWFALL (IN)
  TODAY            0.0          11.1  1978   0.1   -0.1      0.0
  MONTH TO DATE    T                         0.9   -0.9      0.0
  SINCE JUL 1     90.1                      58.9   31.2     50.1
  SNOW DEPTH       0

DEGREE DAYS
 HEATING
  TODAY            4                        16    -12       15
  MONTH TO DATE   85                        99    -14       74
  SINCE MAR 1   1574                      1665    -91     1408
  SINCE JUL 1   6091                      6684   -593     6059

 COOLING
  TODAY            0                         0      0        0
  MONTH TO DATE    0                         0      0        0
  SINCE MAR 1      0                         0      0        0
  SINCE JAN 1      0                         0      0        0
..................................................................


WIND (MPH)
  HIGHEST WIND SPEED    22   HIGHEST WIND DIRECTION     S (190)
  HIGHEST GUST SPEED    27   HIGHEST GUST DIRECTION    SE (140)
  AVERAGE WIND SPEED     9.1


SKY COVER
  AVERAGE SKY COVER 0.0


WEATHER CONDITIONS
 THE FOLLOWING WEATHER WAS RECORDED TODAY.
  NO SIGNIFICANT WEATHER WAS OBSERVED.


RELATIVE HUMIDITY (PERCENT)
 HIGHEST    76           400 AM
 LOWEST     23          1100 AM
 AVERAGE    50

..........................................................


THE CHEYENNE WYOMING AIRPORT CLIMATE NORMALS FOR TOMORROW
                         NORMAL    RECORD    YEAR
 MAXIMUM TEMPERATURE (F)   62        84      1874
 MINIMUM TEMPERATURE (F)   38        22      1885


SUNRISE AND SUNSET
MAY  6 2016...........SUNRISE   550 AM MDT   SUNSET   802 PM MDT
MAY  7 2016...........SUNRISE   549 AM MDT   SUNSET   803 PM MDT


-  INDICATES NEGATIVE NUMBERS.
R  INDICATES RECORD WAS SET OR TIED.
MM INDICATES DATA IS MISSING.
T  INDICATES TRACE AMOUNT.




$$
