000
CDUS45 KCYS 310745
CLICYS


CLIMATE REPORT
NATIONAL WEATHER SERVICE CHEYENNE WY
145 AM MDT SUN AUG 31 2014


...................................

...THE CHEYENNE WYOMING CLIMATE SUMMARY FOR AUGUST 30 2014...

CLIMATE NORMAL PERIOD 1981 TO 2010
CLIMATE RECORD PERIOD 1871 TO 2014


WEATHER ITEM   OBSERVED TIME   RECORD YEAR NORMAL DEPARTURE LAST
                VALUE   (LST)  VALUE       VALUE  FROM      YEAR
                                                  NORMAL
..................................................................
TEMPERATURE (F)
 YESTERDAY
  MAXIMUM         83    152 PM  94    1990  79      4       91
  MINIMUM         48    529 AM  37    1910  51     -3       58
  AVERAGE         66                        65      1       75

PRECIPITATION (IN)
  YESTERDAY        0.02          1.29 1905   0.05  -0.03     0.03
  MONTH TO DATE    1.45                      1.90  -0.45     1.14
  SINCE JAN 1     13.63                     12.40   1.23     8.38

SNOWFALL (IN)
  YESTERDAY       MM            MM      MM   0.0   MM        0.0
  MONTH TO DATE    0.0                       0.0    0.0      0.0
  SINCE JUL 1      0.0                       0.0    0.0      0.0
  SNOW DEPTH       0

DEGREE DAYS
 HEATING
  YESTERDAY        0                         2     -2        0
  MONTH TO DATE   23                        36    -13        8
  SINCE JUN 1    178                       192    -14       77
  SINCE JUL 1     52                        58     -6       15

 COOLING
  YESTERDAY        1                         2     -1       10
  MONTH TO DATE   93                       114    -21      162
  SINCE JUN 1    265                       321    -56      439
  SINCE JAN 1    266                       324    -58      445
..................................................................


WIND (MPH)
  HIGHEST WIND SPEED    37   HIGHEST WIND DIRECTION     W (260)
  HIGHEST GUST SPEED    50   HIGHEST GUST DIRECTION     W (270)
  AVERAGE WIND SPEED    13.0


SKY COVER
  AVERAGE SKY COVER 0.2


WEATHER CONDITIONS
 THE FOLLOWING WEATHER WAS RECORDED YESTERDAY.
  THUNDERSTORM
  LIGHT RAIN


RELATIVE HUMIDITY (PERCENT)
 HIGHEST    93           600 AM
 LOWEST     23           200 PM
 AVERAGE    58

..........................................................


THE CHEYENNE WYOMING CLIMATE NORMALS FOR TODAY
                         NORMAL    RECORD    YEAR
 MAXIMUM TEMPERATURE (F)   78        93      1960
 MINIMUM TEMPERATURE (F)   51        37      1944
                                             1910


SUNRISE AND SUNSET
AUGUST 31 2014........SUNRISE   625 AM MDT   SUNSET   733 PM MDT
SEPTEMBER  1 2014.....SUNRISE   626 AM MDT   SUNSET   732 PM MDT


-  INDICATES NEGATIVE NUMBERS.
R  INDICATES RECORD WAS SET OR TIED.
MM INDICATES DATA IS MISSING.
T  INDICATES TRACE AMOUNT.




$$
