000
CDUS46 KSGX 181140
CLICZZ


CLIMATE REPORT
NATIONAL WEATHER SERVICE SAN DIEGO, CA
430 AM PDT WED OCT 18 2017


...................................

...THE CAMPO ASOS CA CLIMATE SUMMARY FOR OCTOBER 17 2017...

CLIMATE NORMAL PERIOD 1981 TO 2010
CLIMATE RECORD PERIOD 1948 TO 2017


WEATHER ITEM   OBSERVED TIME   RECORD YEAR NORMAL DEPARTURE LAST
                VALUE   (LST)  VALUE       VALUE  FROM      YEAR
                                                  NORMAL
..................................................................
TEMPERATURE (F)
 YESTERDAY
  MAXIMUM         92    201 PM  95    2009  79     13       70
  MINIMUM         48    227 AM  30    1980  42      6       46
  AVERAGE         70                        60     10       58

PRECIPITATION (IN)
  YESTERDAY        0.00          0.57 1971   0.03  -0.03     0.00
  MONTH TO DATE    0.00                      0.39  -0.39     0.00
  SINCE OCT 1      0.00                      0.39  -0.39     0.00
  SINCE JAN 1     11.72                     11.90  -0.18     7.38

DEGREE DAYS
 HEATING
  YESTERDAY        0                         5     -5        7
  MONTH TO DATE   56                        67    -11       72
  SINCE SEP 1    126                       103     23      109
  SINCE JUL 1    130                       117     13      109

 COOLING
  YESTERDAY        5                         1      4        0
  MONTH TO DATE   23                        24     -1        9
  SINCE SEP 1    159                       185    -26      112
  SINCE JAN 1   1036                       835    201      932
..................................................................


WIND (MPH)
  RESULTANT WIND SPEED   2   RESULTANT WIND DIRECTION   N (20)
  HIGHEST WIND SPEED    18   HIGHEST WIND DIRECTION    SW (240)
  HIGHEST GUST SPEED    22   HIGHEST GUST DIRECTION     W (250)
  AVERAGE WIND SPEED     6.3


SKY COVER
  POSSIBLE SUNSHINE  MM
  AVERAGE SKY COVER 0.0



RELATIVE HUMIDITY (PERCENT)
 HIGHEST    38          1100 PM
 LOWEST      8          1000 AM
 AVERAGE    23

..........................................................


THE CAMPO ASOS CA CLIMATE NORMALS FOR TODAY
                         NORMAL    RECORD    YEAR
 MAXIMUM TEMPERATURE (F)   79        93      2003
                                             1991
 MINIMUM TEMPERATURE (F)   42        29      1998


SUNRISE AND SUNSET
OCTOBER 18 2017.......SUNRISE   652 AM PDT   SUNSET   609 PM PDT
OCTOBER 19 2017.......SUNRISE   653 AM PDT   SUNSET   608 PM PDT


-  INDICATES NEGATIVE NUMBERS.
R  INDICATES RECORD WAS SET OR TIED.
MM INDICATES DATA IS MISSING.
T  INDICATES TRACE AMOUNT.




$$
