000
CDUS46 KSGX 241525
CLICZZ


CLIMATE REPORT
NATIONAL WEATHER SERVICE SAN DIEGO, CA
724 AM PST TUE JAN 24 2017


...................................

...THE CAMPO ASOS CA CLIMATE SUMMARY FOR JANUARY 23 2017...

CLIMATE NORMAL PERIOD 1981 TO 2010
CLIMATE RECORD PERIOD 1948 TO 2017


WEATHER ITEM   OBSERVED TIME   RECORD YEAR NORMAL DEPARTURE LAST
                VALUE   (LST)  VALUE       VALUE  FROM      YEAR
                                                  NORMAL
..................................................................
TEMPERATURE (F)
 YESTERDAY
  MAXIMUM         48    137 AM  77    2003  63    -15       61
  MINIMUM         37   1159 PM  19    1966  35      2       32
  AVERAGE         43                        49     -6       47

PRECIPITATION (IN)
  YESTERDAY        1.29R         1.18 1967   0.09   1.20     0.00
  MONTH TO DATE    6.42                      2.22   4.20     2.93
  SINCE OCT 1     11.65                      6.44   5.21     5.88
  SINCE JAN 1      6.42                      2.22   4.20     2.93

DEGREE DAYS
 HEATING
  YESTERDAY       22                        16      6       18
  MONTH TO DATE  408                       379     29      421
  SINCE DEC 1    873                       915    -42     1021
  SINCE JUL 1   1291                      1485   -194     1437

 COOLING
  YESTERDAY        0                         0      0        0
  MONTH TO DATE    0                         0      0        0
  SINCE DEC 1      0                         0      0        0
  SINCE JAN 1      0                         0      0        0
..................................................................


WIND (MPH)
  RESULTANT WIND SPEED  15   RESULTANT WIND DIRECTION  SW (240)
  HIGHEST WIND SPEED    30   HIGHEST WIND DIRECTION     W (250)
  HIGHEST GUST SPEED    43   HIGHEST GUST DIRECTION     W (250)
  AVERAGE WIND SPEED    15.3


SKY COVER
  POSSIBLE SUNSHINE  MM
  AVERAGE SKY COVER 0.0



RELATIVE HUMIDITY (PERCENT)
 HIGHEST   100           200 AM
 LOWEST     86          1100 AM
 AVERAGE    93

..........................................................


THE CAMPO ASOS CA CLIMATE NORMALS FOR TODAY
                         NORMAL    RECORD    YEAR
 MAXIMUM TEMPERATURE (F)   63        77      1975
 MINIMUM TEMPERATURE (F)   35        20      1991


SUNRISE AND SUNSET
JANUARY 24 2017.......SUNRISE   645 AM PST   SUNSET   512 PM PST
JANUARY 25 2017.......SUNRISE   644 AM PST   SUNSET   513 PM PST


-  INDICATES NEGATIVE NUMBERS.
R  INDICATES RECORD WAS SET OR TIED.
MM INDICATES DATA IS MISSING.
T  INDICATES TRACE AMOUNT.




$$
