000
CDUS46 KSGX 050017
CLICZZ


CLIMATE REPORT
NATIONAL WEATHER SERVICE SAN DIEGO, CA
517 PM PDT SAT JUL 4 2015


...................................

...THE CAMPO ASOS CA CLIMATE SUMMARY FOR JULY 4 2015...
VALID TODAY AS OF 0500 PM LOCAL TIME.

CLIMATE NORMAL PERIOD 1981 TO 2010
CLIMATE RECORD PERIOD 1948 TO 2015


WEATHER ITEM   OBSERVED TIME   RECORD YEAR NORMAL DEPARTURE LAST
                VALUE   (LST)  VALUE       VALUE  FROM      YEAR
                                                  NORMAL
..................................................................
TEMPERATURE (F)
 TODAY
  MAXIMUM         88    146 PM 108    1989  93     -5       90
  MINIMUM         55    515 AM  34    2000  49      6       63
  AVERAGE         72                        71      1       77

PRECIPITATION (IN)
  TODAY            0.00          0.13 2014   0.01  -0.01     0.13
  MONTH TO DATE    0.01                      0.02  -0.01     0.13
  SINCE OCT 1      9.61                     14.39  -4.78     5.14
  SINCE JAN 1      5.74                     10.17  -4.43     2.89

SNOWFALL (IN)
  TODAY            0.0
  MONTH TO DATE    0.0
  SINCE JUN 1      0.0
  SINCE JUL 1      0.0
  SNOW DEPTH       0

DEGREE DAYS
 HEATING
  TODAY            0                         1     -1        0
  MONTH TO DATE    0                         4     -4        0
  SINCE JUN 1     50                        60    -10       28
  SINCE JUL 1      0                         4     -4        0

 COOLING
  TODAY            7                         6      1       12
  MONTH TO DATE   36                        24     12       41
  SINCE JUN 1    224                       116    108      101
  SINCE JAN 1    241                       146     95      153
..................................................................


WIND (MPH)
  RESULTANT WIND SPEED   5   RESULTANT WIND DIRECTION  SW (220)
  HIGHEST WIND SPEED    22   HIGHEST WIND DIRECTION    SW (210)
  HIGHEST GUST SPEED    26   HIGHEST GUST DIRECTION    SW (220)
  AVERAGE WIND SPEED     8.5


SKY COVER
  POSSIBLE SUNSHINE  MM
  AVERAGE SKY COVER 0.0



RELATIVE HUMIDITY (PERCENT)
 HIGHEST    93           400 AM
 LOWEST     39           200 PM
 AVERAGE    66

..........................................................


THE CAMPO ASOS CA CLIMATE NORMALS FOR TOMORROW
                         NORMAL    RECORD    YEAR
 MAXIMUM TEMPERATURE (F)   93       106      1989
 MINIMUM TEMPERATURE (F)   50        36      1978


SUNRISE AND SUNSET
JULY  4 2015..........SUNRISE   543 AM PDT   SUNSET   757 PM PDT
JULY  5 2015..........SUNRISE   544 AM PDT   SUNSET   757 PM PDT


-  INDICATES NEGATIVE NUMBERS.
R  INDICATES RECORD WAS SET OR TIED.
MM INDICATES DATA IS MISSING.
T  INDICATES TRACE AMOUNT.




$$
