000
CDUS46 KSGX 050116
CLICZZ


CLIMATE REPORT
NATIONAL WEATHER SERVICE SAN DIEGO, CA
516 PM PST SUN DEC 4 2016


...................................

...THE CAMPO ASOS CA CLIMATE SUMMARY FOR DECEMBER 4 2016...
VALID TODAY AS OF 0500 PM LOCAL TIME.

CLIMATE NORMAL PERIOD 1981 TO 2010
CLIMATE RECORD PERIOD 1948 TO 2016


WEATHER ITEM   OBSERVED TIME   RECORD YEAR NORMAL DEPARTURE LAST
                VALUE   (LST)  VALUE       VALUE  FROM      YEAR
                                                  NORMAL
..................................................................
TEMPERATURE (F)
 TODAY
  MAXIMUM         73    144 PM  82    2007  64      9       65
                                      1979
  MINIMUM         41    544 AM  22    1967  33      8       30
  AVERAGE         57                        48      9       48

PRECIPITATION (IN)
  TODAY            0.00          0.81 1974   0.07  -0.07     0.00
  MONTH TO DATE    0.00                      0.24  -0.24     0.00
  SINCE OCT 1      0.94                      2.19  -1.25     1.70
  SINCE JAN 1      8.32                     13.70  -5.38     8.54

DEGREE DAYS
 HEATING
  TODAY            8                        17     -9       17
  MONTH TO DATE   70                        65      5       60
  SINCE DEC 1     70                        65      5       60
  SINCE JUL 1    488                       635   -147      476

 COOLING
  TODAY            0                         0      0        0
  MONTH TO DATE    0                         0      0        0
  SINCE DEC 1      0                         0      0        0
  SINCE JAN 1    955                       841    114      983
..................................................................


WIND (MPH)
  RESULTANT WIND SPEED   7   RESULTANT WIND DIRECTION  NE (60)
  HIGHEST WIND SPEED    26   HIGHEST WIND DIRECTION    NE (30)
  HIGHEST GUST SPEED    33   HIGHEST GUST DIRECTION    NE (30)
  AVERAGE WIND SPEED    10.9


SKY COVER
  POSSIBLE SUNSHINE  MM
  AVERAGE SKY COVER 0.0



RELATIVE HUMIDITY (PERCENT)
 HIGHEST    33           500 AM
 LOWEST     10          1200 PM
 AVERAGE    22

..........................................................


THE CAMPO ASOS CA CLIMATE NORMALS FOR TOMORROW
                         NORMAL    RECORD    YEAR
 MAXIMUM TEMPERATURE (F)   64        86      1989
 MINIMUM TEMPERATURE (F)   33        21      2011
                                             1953


SUNRISE AND SUNSET
DECEMBER  4 2016......SUNRISE   633 AM PST   SUNSET   440 PM PST
DECEMBER  5 2016......SUNRISE   634 AM PST   SUNSET   440 PM PST


-  INDICATES NEGATIVE NUMBERS.
R  INDICATES RECORD WAS SET OR TIED.
MM INDICATES DATA IS MISSING.
T  INDICATES TRACE AMOUNT.




$$
