445
CDUS46 KSGX 250020
CLICZZ


CLIMATE REPORT
NATIONAL WEATHER SERVICE SAN DIEGO, CA
520 PM PDT TUE MAY 24 2016


...................................

...THE CAMPO ASOS CA CLIMATE SUMMARY FOR MAY 24 2016...
VALID TODAY AS OF 0500 PM LOCAL TIME.

CLIMATE NORMAL PERIOD 1981 TO 2010
CLIMATE RECORD PERIOD 1948 TO 2016


WEATHER ITEM   OBSERVED TIME   RECORD YEAR NORMAL DEPARTURE LAST
                VALUE   (LST)  VALUE       VALUE  FROM      YEAR
                                                  NORMAL
..................................................................
TEMPERATURE (F)
 TODAY
  MAXIMUM         65    200 PM  92    1984  81    -16       65
  MINIMUM         48    509 AM  26    2010  43      5       45
  AVERAGE         57                        62     -5       55

PRECIPITATION (IN)
  TODAY            0.00          0.16 1977   0.00   0.00     0.00
  MONTH TO DATE    0.14                      0.16  -0.02     2.31
  SINCE OCT 1      9.32                     14.24  -4.92     8.93
  SINCE JAN 1      6.37                     10.02  -3.65     5.06

DEGREE DAYS
 HEATING
  TODAY            8                         4      4       10
  MONTH TO DATE  173                       131     42      230
  SINCE MAR 1    846                       848     -2      813
  SINCE JUL 1   2730                      2899   -169     2449

 COOLING
  TODAY            0                         1     -1        0
  MONTH TO DATE    2                        19    -17        2
  SINCE MAR 1      2                        22    -20        7
  SINCE JAN 1      2                        22    -20        7
..................................................................


WIND (MPH)
  RESULTANT WIND SPEED  13   RESULTANT WIND DIRECTION  SW (240)
  HIGHEST WIND SPEED    23   HIGHEST WIND DIRECTION    SW (230)
  HIGHEST GUST SPEED    31   HIGHEST GUST DIRECTION     W (250)
  AVERAGE WIND SPEED    13.5


SKY COVER
  POSSIBLE SUNSHINE  MM
  AVERAGE SKY COVER 0.0



RELATIVE HUMIDITY (PERCENT)
 HIGHEST    86           600 AM
 LOWEST     40          1200 PM
 AVERAGE    63

..........................................................


THE CAMPO ASOS CA CLIMATE NORMALS FOR TOMORROW
                         NORMAL    RECORD    YEAR
 MAXIMUM TEMPERATURE (F)   82        99      1951
 MINIMUM TEMPERATURE (F)   43        30      1960


SUNRISE AND SUNSET
MAY 24 2016...........SUNRISE   542 AM PDT   SUNSET   744 PM PDT
MAY 25 2016...........SUNRISE   541 AM PDT   SUNSET   745 PM PDT


-  INDICATES NEGATIVE NUMBERS.
R  INDICATES RECORD WAS SET OR TIED.
MM INDICATES DATA IS MISSING.
T  INDICATES TRACE AMOUNT.




$$
