000
CDUS46 KSGX 310051
CLICZZ


CLIMATE REPORT
NATIONAL WEATHER SERVICE SAN DIEGO, CA
551 PM PDT SAT JUL 30 2016


...................................

...THE CAMPO ASOS CA CLIMATE SUMMARY FOR JULY 30 2016...
VALID TODAY AS OF 0500 PM LOCAL TIME.

CLIMATE NORMAL PERIOD 1981 TO 2010
CLIMATE RECORD PERIOD 1948 TO 2016


WEATHER ITEM   OBSERVED TIME   RECORD YEAR NORMAL DEPARTURE LAST
                VALUE   (LST)  VALUE       VALUE  FROM      YEAR
                                                  NORMAL
..................................................................
TEMPERATURE (F)
 TODAY
  MAXIMUM         94   1026 AM 103    1972  95     -1       92
  MINIMUM         66   1248 AM  41    1950  54     12       66
  AVERAGE         80                        74      6       79

PRECIPITATION (IN)
  TODAY            0.00          1.61 2003   0.01  -0.01     0.00
  MONTH TO DATE    0.00                      0.30  -0.30     0.51
  SINCE OCT 1      9.32                     14.67  -5.35    10.11
  SINCE JAN 1      6.37                     10.45  -4.08     6.24

DEGREE DAYS
 HEATING
  TODAY            0                         0      0        0
  MONTH TO DATE    0                         4     -4       10
  SINCE JUN 1     27                        60    -33       60
  SINCE JUL 1      0                         4     -4       10

 COOLING
  TODAY           15                         9      6       14
  MONTH TO DATE  287                       241     46      168
  SINCE JUN 1    508                       333    175      356
  SINCE JAN 1    511                       363    148      373
..................................................................


WIND (MPH)
  RESULTANT WIND SPEED   3   RESULTANT WIND DIRECTION   S (160)
  HIGHEST WIND SPEED    24   HIGHEST WIND DIRECTION    SW (220)
  HIGHEST GUST SPEED    30   HIGHEST GUST DIRECTION     E (70)
  AVERAGE WIND SPEED    11.1


SKY COVER
  POSSIBLE SUNSHINE  MM
  AVERAGE SKY COVER 0.0



RELATIVE HUMIDITY (PERCENT)
 HIGHEST    74           600 AM
 LOWEST     39           300 PM
 AVERAGE    57

..........................................................


THE CAMPO ASOS CA CLIMATE NORMALS FOR TOMORROW
                         NORMAL    RECORD    YEAR
 MAXIMUM TEMPERATURE (F)   95       105      1972
 MINIMUM TEMPERATURE (F)   54        40      1950


SUNRISE AND SUNSET
JULY 30 2016..........SUNRISE   559 AM PDT   SUNSET   745 PM PDT
JULY 31 2016..........SUNRISE   600 AM PDT   SUNSET   744 PM PDT


-  INDICATES NEGATIVE NUMBERS.
R  INDICATES RECORD WAS SET OR TIED.
MM INDICATES DATA IS MISSING.
T  INDICATES TRACE AMOUNT.




$$
