000
CDUS46 KSGX 181131
CLICZZ


CLIMATE REPORT
NATIONAL WEATHER SERVICE SAN DIEGO, CA
430 AM PDT FRI AUG 18 2017


...................................

...THE CAMPO ASOS CA CLIMATE SUMMARY FOR AUGUST 17 2017...

CLIMATE NORMAL PERIOD 1981 TO 2010
CLIMATE RECORD PERIOD 1948 TO 2017


WEATHER ITEM   OBSERVED TIME   RECORD YEAR NORMAL DEPARTURE LAST
                VALUE   (LST)  VALUE       VALUE  FROM      YEAR
                                                  NORMAL
..................................................................
TEMPERATURE (F)
 YESTERDAY
  MAXIMUM         87    153 PM 103    1962  95     -8      100
  MINIMUM         49    517 AM  35    1975  53     -4       60
  AVERAGE         68                        74     -6       80

PRECIPITATION (IN)
  YESTERDAY        0.00          2.42 1983   0.02  -0.02     0.00
  MONTH TO DATE    0.00                      0.39  -0.39     0.00
  SINCE OCT 1     16.74                     15.08   1.66     9.32
  SINCE JAN 1     11.51                     10.86   0.65     6.37

DEGREE DAYS
 HEATING
  YESTERDAY        0                         0      0        0
  MONTH TO DATE    4                         0      4        0
  SINCE JUN 1     41                        63    -22       27
  SINCE JUL 1      4                         7     -3        0

 COOLING
  YESTERDAY        3                         9     -6       15
  MONTH TO DATE  166                       153     13      171
  SINCE JUN 1    701                       495    206      692
  SINCE JAN 1    728                       525    203      695
..................................................................


WIND (MPH)
  RESULTANT WIND SPEED   3   RESULTANT WIND DIRECTION  SW (210)
  HIGHEST WIND SPEED    20   HIGHEST WIND DIRECTION    SW (210)
  HIGHEST GUST SPEED    24   HIGHEST GUST DIRECTION    SW (210)
  AVERAGE WIND SPEED     7.0


SKY COVER
  POSSIBLE SUNSHINE  MM
  AVERAGE SKY COVER 0.0



RELATIVE HUMIDITY (PERCENT)
 HIGHEST    83          1200 AM
 LOWEST     16           900 AM
 AVERAGE    50

..........................................................


THE CAMPO ASOS CA CLIMATE NORMALS FOR TODAY
                         NORMAL    RECORD    YEAR
 MAXIMUM TEMPERATURE (F)   95       105      1950
 MINIMUM TEMPERATURE (F)   53        38      1976


SUNRISE AND SUNSET
AUGUST 18 2017........SUNRISE   612 AM PDT   SUNSET   727 PM PDT
AUGUST 19 2017........SUNRISE   612 AM PDT   SUNSET   726 PM PDT


-  INDICATES NEGATIVE NUMBERS.
R  INDICATES RECORD WAS SET OR TIED.
MM INDICATES DATA IS MISSING.
T  INDICATES TRACE AMOUNT.




$$
