000
CDUS46 KSGX 181234
CLICZZ


CLIMATE REPORT
NATIONAL WEATHER SERVICE SAN DIEGO, CA
434 AM PST MON DEC 18 2017


...................................

...THE CAMPO ASOS CA CLIMATE SUMMARY FOR DECEMBER 17 2017...

CLIMATE NORMAL PERIOD 1981 TO 2010
CLIMATE RECORD PERIOD 1948 TO 2017


WEATHER ITEM   OBSERVED TIME   RECORD YEAR NORMAL DEPARTURE LAST
                VALUE   (LST)  VALUE       VALUE  FROM      YEAR
                                                  NORMAL
..................................................................
TEMPERATURE (F)
 YESTERDAY
  MAXIMUM         58    207 PM  81    1980  62     -4       52
  MINIMUM         36    834 PM  17    1990  32      4       31
  AVERAGE         47                        47      0       42

PRECIPITATION (IN)
  YESTERDAY        0.00          2.24 1978   0.06  -0.06     0.12
  MONTH TO DATE    0.00                      1.13  -1.13     1.26
  SINCE OCT 1      0.34                      3.08  -2.74     2.20
  SINCE JAN 1     12.06                     14.59  -2.53     9.58

DEGREE DAYS
 HEATING
  YESTERDAY       18                        18      0       23
  MONTH TO DATE  193                       292    -99      258
  SINCE DEC 1    193                       292    -99      258
  SINCE JUL 1    589                       862   -273      676

 COOLING
  YESTERDAY        0                         0      0        0
  MONTH TO DATE    0                         0      0        0
  SINCE DEC 1      0                         0      0        0
  SINCE JAN 1   1087                       841    246      955
..................................................................


WIND (MPH)
  RESULTANT WIND SPEED  14   RESULTANT WIND DIRECTION  NE (50)
  HIGHEST WIND SPEED    33   HIGHEST WIND DIRECTION    NE (40)
  HIGHEST GUST SPEED    44   HIGHEST GUST DIRECTION    NE (30)
  AVERAGE WIND SPEED    13.7


SKY COVER
  POSSIBLE SUNSHINE  MM
  AVERAGE SKY COVER 0.0



RELATIVE HUMIDITY (PERCENT)
 HIGHEST    40           900 PM
 LOWEST     22           200 PM
 AVERAGE    31

..........................................................


THE CAMPO ASOS CA CLIMATE NORMALS FOR TODAY
                         NORMAL    RECORD    YEAR
 MAXIMUM TEMPERATURE (F)   62        79      1979
 MINIMUM TEMPERATURE (F)   32        20      1990


SUNRISE AND SUNSET
DECEMBER 18 2017......SUNRISE   642 AM PST   SUNSET   443 PM PST
DECEMBER 19 2017......SUNRISE   643 AM PST   SUNSET   443 PM PST


-  INDICATES NEGATIVE NUMBERS.
R  INDICATES RECORD WAS SET OR TIED.
MM INDICATES DATA IS MISSING.
T  INDICATES TRACE AMOUNT.




$$
