000
CDUS43 KUNR 300834
CLID07


CLIMATE REPORT
NATIONAL WEATHER SERVICE RAPID CITY SD
232 AM MDT FRI SEP 30 2016


...................................

...THE FAITH SD CLIMATE SUMMARY FOR SEPTEMBER 29 2016...

CLIMATE NORMAL PERIOD 1981 TO 2010
CLIMATE RECORD PERIOD 9999 TO 9999


WEATHER ITEM   OBSERVED TIME   NORMAL DEPARTURE LAST
                VALUE   (LST)  VALUE  FROM      YEAR
                                      NORMAL
......................................................
TEMPERATURE (F)
 YESTERDAY
  MAXIMUM         78    259 PM  66     12       66
  MINIMUM         43    241 AM  41      2       51
  AVERAGE         61            54      7       59

PRECIPITATION (IN)
  YESTERDAY        0.00          0.03  -0.03     0.00
  MONTH TO DATE    1.39          1.33   0.06     0.56
  SINCE SEP 1      1.39          1.33   0.06     0.56
  SINCE JAN 1     13.01         15.15  -2.14    13.53

DEGREE DAYS
 HEATING
  YESTERDAY        4            12     -8        6
  MONTH TO DATE  110           185    -75       57
  SINCE SEP 1    110           185    -75       57
  SINCE JUL 1    139           218    -79       86

 COOLING
  YESTERDAY        0             0      0        0
  MONTH TO DATE   46            60    -14      101
  SINCE SEP 1     46            60    -14      101
  SINCE JAN 1    732           635     97      680
......................................................


WIND (MPH)
  HIGHEST WIND SPEED    26   HIGHEST WIND DIRECTION    SE (140)
  HIGHEST GUST SPEED    34   HIGHEST GUST DIRECTION    SE (130)
  AVERAGE WIND SPEED    18.6




RELATIVE HUMIDITY (PERCENT)
 HIGHEST    92           200 AM
 LOWEST     29           200 PM
 AVERAGE    61

..........................................................




SUNRISE AND SUNSET
SEPTEMBER 30 2016.....SUNRISE   646 AM MDT   SUNSET   629 PM MDT
OCTOBER  1 2016.......SUNRISE   647 AM MDT   SUNSET   627 PM MDT


-  INDICATES NEGATIVE NUMBERS.
R  INDICATES RECORD WAS SET OR TIED.
MM INDICATES DATA IS MISSING.
T  INDICATES TRACE AMOUNT.




$$
