000
CDUS43 KUNR 250832
CLID07


CLIMATE REPORT
NATIONAL WEATHER SERVICE RAPID CITY SD
231 AM MDT TUE APR 25 2017


...................................

...THE FAITH SD CLIMATE SUMMARY FOR APRIL 24 2017...

CLIMATE NORMAL PERIOD 1981 TO 2010
CLIMATE RECORD PERIOD 9999 TO 9999


WEATHER ITEM   OBSERVED TIME   NORMAL DEPARTURE LAST
                VALUE   (LST)  VALUE  FROM      YEAR
                                      NORMAL
......................................................
TEMPERATURE (F)
 YESTERDAY
  MAXIMUM         56    146 PM  61     -5       68
  MINIMUM         32    711 AM  36     -4       42
  AVERAGE         44            48     -4       55

PRECIPITATION (IN)
  YESTERDAY        0.00          0.07  -0.07     0.01
  MONTH TO DATE    1.46          1.12   0.34     2.69
  SINCE MAR 1      1.96          2.10  -0.14     3.52
  SINCE JAN 1      2.98          2.72   0.26     5.03

DEGREE DAYS
 HEATING
  YESTERDAY       21            17      4       10
  MONTH TO DATE  411           517   -106      414
  SINCE MAR 1   1321          1520   -199     1184
  SINCE JUL 1   6672          7208   -536     6130

 COOLING
  YESTERDAY        0             0      0        0
  MONTH TO DATE    0             0      0        0
  SINCE MAR 1      0             0      0        0
  SINCE JAN 1      0             0      0        0
......................................................


WIND (MPH)
  HIGHEST WIND SPEED    29   HIGHEST WIND DIRECTION    NE (50)
  HIGHEST GUST SPEED    33   HIGHEST GUST DIRECTION    NE (50)
  AVERAGE WIND SPEED    15.7




RELATIVE HUMIDITY (PERCENT)
 HIGHEST   100          1200 AM
 LOWEST     61           200 PM
 AVERAGE    81

..........................................................




SUNRISE AND SUNSET
APRIL 25 2017.........SUNRISE   546 AM MDT   SUNSET   747 PM MDT
APRIL 26 2017.........SUNRISE   545 AM MDT   SUNSET   748 PM MDT


-  INDICATES NEGATIVE NUMBERS.
R  INDICATES RECORD WAS SET OR TIED.
MM INDICATES DATA IS MISSING.
T  INDICATES TRACE AMOUNT.




$$
