000
CDUS43 KUNR 261121
CLID07


CLIMATE REPORT
NATIONAL WEATHER SERVICE RAPID CITY SD
420 AM MST THU FEB 26 2015


...................................

...THE FAITH SD CLIMATE SUMMARY FOR FEBRUARY 25 2015...

CLIMATE NORMAL PERIOD 1981 TO 2010
CLIMATE RECORD PERIOD 9999 TO 9999


WEATHER ITEM   OBSERVED TIME   NORMAL DEPARTURE LAST
                VALUE   (LST)  VALUE  FROM      YEAR
                                      NORMAL
......................................................
TEMPERATURE (F)
 YESTERDAY
  MAXIMUM         36    516 AM  36      0       11
  MINIMUM          1   1159 PM  17    -16       -7
  AVERAGE         19            26     -7        2

PRECIPITATION (IN)
  YESTERDAY        0.01          0.01   0.00     0.00
  MONTH TO DATE    0.26          0.39  -0.13     0.61
  SINCE DEC 1      0.71          0.99  -0.28     1.71
  SINCE JAN 1      0.43          0.59  -0.16     0.81

DEGREE DAYS
 HEATING
  YESTERDAY       46            39      7       63
  MONTH TO DATE 1025          1046    -21     1279
  SINCE DEC 1   3458          3792   -334     4223
  SINCE JUL 1   5334          5575   -241     5973

 COOLING
  YESTERDAY        0             0      0        0
  MONTH TO DATE    0             0      0        0
  SINCE DEC 1      0             0      0        0
  SINCE JAN 1      0             0      0        0
......................................................


WIND (MPH)
  HIGHEST WIND SPEED    29   HIGHEST WIND DIRECTION     N (340)
  HIGHEST GUST SPEED    34   HIGHEST GUST DIRECTION     N (340)
  AVERAGE WIND SPEED    14.9




RELATIVE HUMIDITY (PERCENT)
 HIGHEST    88           800 AM
 LOWEST     61           100 PM
 AVERAGE    75

..........................................................




SUNRISE AND SUNSET
FEBRUARY 26 2015......SUNRISE   631 AM MST   SUNSET   531 PM MST
FEBRUARY 27 2015......SUNRISE   630 AM MST   SUNSET   532 PM MST


-  INDICATES NEGATIVE NUMBERS.
R  INDICATES RECORD WAS SET OR TIED.
MM INDICATES DATA IS MISSING.
T  INDICATES TRACE AMOUNT.




$$
