000
CDUS43 KUNR 260831
CLID07


CLIMATE REPORT
NATIONAL WEATHER SERVICE RAPID CITY SD
230 AM MDT MON JUN 26 2017


...................................

...THE FAITH SD CLIMATE SUMMARY FOR JUNE 25 2017...

CLIMATE NORMAL PERIOD 1981 TO 2010
CLIMATE RECORD PERIOD 9999 TO 9999


WEATHER ITEM   OBSERVED TIME   NORMAL DEPARTURE LAST
                VALUE   (LST)  VALUE  FROM      YEAR
                                      NORMAL
......................................................
TEMPERATURE (F)
 YESTERDAY
  MAXIMUM         80    144 PM  81     -1       84
  MINIMUM         42    314 AM  56    -14       55
  AVERAGE         61            68     -7       70

PRECIPITATION (IN)
  YESTERDAY        0.00          0.14  -0.14     0.00
  MONTH TO DATE    2.05          2.45  -0.40     1.12
  SINCE JUN 1      2.05          2.45  -0.40     1.12
  SINCE JAN 1      6.33          8.75  -2.42     7.97

DEGREE DAYS
 HEATING
  YESTERDAY        4             1      3        0
  MONTH TO DATE   23            84    -61       15
  SINCE JUN 1     23            84    -61       15
  SINCE JUL 1   7123          7703   -580     6578

 COOLING
  YESTERDAY        0             5     -5        5
  MONTH TO DATE  106            61     45      147
  SINCE JUN 1    106            61     45      147
  SINCE JAN 1    118            73     45      149
......................................................


WIND (MPH)
  HIGHEST WIND SPEED    20   HIGHEST WIND DIRECTION     N (10)
  HIGHEST GUST SPEED    28   HIGHEST GUST DIRECTION     W (250)
  AVERAGE WIND SPEED    10.9




RELATIVE HUMIDITY (PERCENT)
 HIGHEST    76           200 AM
 LOWEST     17           200 PM
 AVERAGE    47

..........................................................




SUNRISE AND SUNSET
JUNE 26 2017..........SUNRISE   503 AM MDT   SUNSET   839 PM MDT
JUNE 27 2017..........SUNRISE   503 AM MDT   SUNSET   839 PM MDT


-  INDICATES NEGATIVE NUMBERS.
R  INDICATES RECORD WAS SET OR TIED.
MM INDICATES DATA IS MISSING.
T  INDICATES TRACE AMOUNT.




$$
