000
CDUS43 KUNR 060859
CLID07


CLIMATE REPORT
NATIONAL WEATHER SERVICE RAPID CITY SD
159 AM MST TUE DEC 6 2016


...................................

...THE FAITH SD CLIMATE SUMMARY FOR DECEMBER 5 2016...

CLIMATE NORMAL PERIOD 1981 TO 2010
CLIMATE RECORD PERIOD 9999 TO 9999


WEATHER ITEM   OBSERVED TIME   NORMAL DEPARTURE LAST
                VALUE   (LST)  VALUE  FROM      YEAR
                                      NORMAL
......................................................
TEMPERATURE (F)
 YESTERDAY
  MAXIMUM         31    849 AM  33     -2       44
  MINIMUM          9   1122 PM  13     -4       31
  AVERAGE         20            23     -3       38

PRECIPITATION (IN)
  YESTERDAY        0.12          0.01   0.11     0.00
  MONTH TO DATE    0.12          0.05   0.07     0.07
  SINCE DEC 1      0.12          0.05   0.07     0.07
  SINCE JAN 1     14.22         17.31  -3.09    15.46

DEGREE DAYS
 HEATING
  YESTERDAY       45            42      3       27
  MONTH TO DATE  199           208     -9      165
  SINCE DEC 1    199           208     -9      165
  SINCE JUL 1   1450          1991   -541     1551

 COOLING
  YESTERDAY        0             0      0        0
  MONTH TO DATE    0             0      0        0
  SINCE DEC 1      0             0      0        0
  SINCE JAN 1    734           635     99      691
......................................................


WIND (MPH)
  HIGHEST WIND SPEED    43   HIGHEST WIND DIRECTION    NW (300)
  HIGHEST GUST SPEED    51   HIGHEST GUST DIRECTION    NW (300)
  AVERAGE WIND SPEED    26.5




RELATIVE HUMIDITY (PERCENT)
 HIGHEST   100           700 AM
 LOWEST     75           300 AM
 AVERAGE    88

..........................................................




SUNRISE AND SUNSET
DECEMBER  6 2016......SUNRISE   712 AM MST   SUNSET   406 PM MST
DECEMBER  7 2016......SUNRISE   713 AM MST   SUNSET   406 PM MST


-  INDICATES NEGATIVE NUMBERS.
R  INDICATES RECORD WAS SET OR TIED.
MM INDICATES DATA IS MISSING.
T  INDICATES TRACE AMOUNT.




$$
