000
CDUS43 KUNR 280832
CLID07


CLIMATE REPORT
NATIONAL WEATHER SERVICE RAPID CITY SD
231 AM MDT THU JUL 28 2016


...................................

...THE FAITH SD CLIMATE SUMMARY FOR JULY 27 2016...

CLIMATE NORMAL PERIOD 1981 TO 2010
CLIMATE RECORD PERIOD 9999 TO 9999


WEATHER ITEM   OBSERVED TIME   NORMAL DEPARTURE LAST
                VALUE   (LST)  VALUE  FROM      YEAR
                                      NORMAL
......................................................
TEMPERATURE (F)
 YESTERDAY
  MAXIMUM         78   1133 AM  87     -9       95
  MINIMUM         59    304 AM  60     -1       61
  AVERAGE         69            74     -5       78

PRECIPITATION (IN)
  YESTERDAY        0.01          0.06  -0.05     0.07
  MONTH TO DATE    0.78          2.57  -1.79     0.58
  SINCE JUN 1      2.47          5.66  -3.19     3.22
  SINCE JAN 1      9.32         11.96  -2.64    10.46

DEGREE DAYS
 HEATING
  YESTERDAY        0             0      0        0
  MONTH TO DATE    3             5     -2        0
  SINCE JUN 1     18            95    -77       34
  SINCE JUL 1      3             5     -2        0

 COOLING
  YESTERDAY        4             9     -5       13
  MONTH TO DATE  255           212     43      234
  SINCE JUN 1    430           300    130      329
  SINCE JAN 1    432           312    120      331
......................................................


WIND (MPH)
  HIGHEST WIND SPEED    26   HIGHEST WIND DIRECTION     N (340)
  HIGHEST GUST SPEED    32   HIGHEST GUST DIRECTION     N (340)
  AVERAGE WIND SPEED     8.3




RELATIVE HUMIDITY (PERCENT)
 HIGHEST   100           400 AM
 LOWEST     57           500 PM
 AVERAGE    79

..........................................................




SUNRISE AND SUNSET
JULY 28 2016..........SUNRISE   529 AM MDT   SUNSET   819 PM MDT
JULY 29 2016..........SUNRISE   531 AM MDT   SUNSET   818 PM MDT


-  INDICATES NEGATIVE NUMBERS.
R  INDICATES RECORD WAS SET OR TIED.
MM INDICATES DATA IS MISSING.
T  INDICATES TRACE AMOUNT.




$$
