000
CDUS43 KUNR 130833
CLID07


CLIMATE REPORT
NATIONAL WEATHER SERVICE RAPID CITY SD
232 AM MDT SUN JUL 13 2014


...................................

...THE FAITH SD CLIMATE SUMMARY FOR JULY 12 2014...

CLIMATE NORMAL PERIOD 1981 TO 2010
CLIMATE RECORD PERIOD 9999 TO 9999


WEATHER ITEM   OBSERVED TIME   NORMAL DEPARTURE LAST
                VALUE   (LST)  VALUE  FROM      YEAR
                                      NORMAL
......................................................
TEMPERATURE (F)
 YESTERDAY
  MAXIMUM         83    512 PM  86     -3       93
  MINIMUM         61    452 AM  59      2       72
  AVERAGE         72            72      0       83

PRECIPITATION (IN)
  YESTERDAY        0.22          0.12   0.10     0.00
  MONTH TO DATE    0.26          1.29  -1.03     0.73
  SINCE JUN 1      6.19          4.38   1.81     1.99
  SINCE JAN 1     10.77         10.68   0.09     9.63

DEGREE DAYS
 HEATING
  YESTERDAY        0             0      0        0
  MONTH TO DATE    6             5      1        3
  SINCE JUN 1    111            95     16       76
  SINCE JUL 1      6             5      1        3

 COOLING
  YESTERDAY        7             8     -1       18
  MONTH TO DATE   58            84    -26      111
  SINCE JUN 1     80           172    -92      193
  SINCE JAN 1    110           184    -74      206
......................................................


WIND (MPH)
  HIGHEST WIND SPEED    18   HIGHEST WIND DIRECTION     E (80)
  HIGHEST GUST SPEED    23   HIGHEST GUST DIRECTION     E (80)
  AVERAGE WIND SPEED     9.0




RELATIVE HUMIDITY (PERCENT)
 HIGHEST   100           400 AM
 LOWEST     51           500 PM
 AVERAGE    76

..........................................................




SUNRISE AND SUNSET
JULY 13 2014..........SUNRISE   514 AM MDT   SUNSET   833 PM MDT
JULY 14 2014..........SUNRISE   515 AM MDT   SUNSET   833 PM MDT


-  INDICATES NEGATIVE NUMBERS.
R  INDICATES RECORD WAS SET OR TIED.
MM INDICATES DATA IS MISSING.
T  INDICATES TRACE AMOUNT.




$$
