000
CDUS43 KUNR 190834
CLID07


CLIMATE REPORT
NATIONAL WEATHER SERVICE RAPID CITY SD
133 AM MST FRI DEC 19 2014


...................................

...THE FAITH SD CLIMATE SUMMARY FOR DECEMBER 18 2014...

CLIMATE NORMAL PERIOD 1981 TO 2010
CLIMATE RECORD PERIOD 9999 TO 9999


WEATHER ITEM   OBSERVED TIME   NORMAL DEPARTURE LAST
                VALUE   (LST)  VALUE  FROM      YEAR
                                      NORMAL
......................................................
TEMPERATURE (F)
 YESTERDAY
  MAXIMUM         30    332 PM  30      0       48
  MINIMUM         20   1204 AM  11      9       26
  AVERAGE         25            20      5       37

PRECIPITATION (IN)
  YESTERDAY        0.00          0.01  -0.01     0.00
  MONTH TO DATE    0.04          0.21  -0.17     0.37
  SINCE DEC 1      0.04          0.21  -0.17     0.37
  SINCE JAN 1     18.58         17.47   1.11    16.70

DEGREE DAYS
 HEATING
  YESTERDAY       40            45     -5       28
  MONTH TO DATE  634           778   -144      903
  SINCE DEC 1    634           778   -144      903
  SINCE JUL 1   2510          2561    -51     2653

 COOLING
  YESTERDAY        0             0      0        0
  MONTH TO DATE    0             0      0        0
  SINCE DEC 1      0             0      0        0
  SINCE JAN 1    445           635   -190      720
......................................................


WIND (MPH)
  HIGHEST WIND SPEED    18   HIGHEST WIND DIRECTION     S (200)
  HIGHEST GUST SPEED    21   HIGHEST GUST DIRECTION     S (200)
  AVERAGE WIND SPEED    11.2




RELATIVE HUMIDITY (PERCENT)
 HIGHEST    88           800 PM
 LOWEST     77          1200 AM
 AVERAGE    83

..........................................................




SUNRISE AND SUNSET
DECEMBER 19 2014......SUNRISE   722 AM MST   SUNSET   408 PM MST
DECEMBER 20 2014......SUNRISE   723 AM MST   SUNSET   409 PM MST


-  INDICATES NEGATIVE NUMBERS.
R  INDICATES RECORD WAS SET OR TIED.
MM INDICATES DATA IS MISSING.
T  INDICATES TRACE AMOUNT.




$$
