000
CDUS42 KMLB 290628
CLIDAB


CLIMATE REPORT
NATIONAL WEATHER SERVICE MELBOURNE FL
228 AM EDT SUN MAY 29 2016


...................................

...THE DAYTONA BEACH CLIMATE SUMMARY FOR MAY 28 2016...

CLIMATE NORMAL PERIOD 1981 TO 2010
CLIMATE RECORD PERIOD 1923 TO 2016


WEATHER ITEM   OBSERVED TIME   RECORD YEAR NORMAL DEPARTURE LAST
                VALUE   (LST)  VALUE       VALUE  FROM      YEAR
                                                  NORMAL
..................................................................
TEMPERATURE (F)
 YESTERDAY
  MAXIMUM         87   1143 AM  99    2000  87      0       84
  MINIMUM         68    529 AM  53    1935  69     -1       72
  AVERAGE         78                        78      0       78

PRECIPITATION (IN)
  YESTERDAY        0.00          2.70 1934   0.15  -0.15      T
  MONTH TO DATE    4.52                      2.64   1.88     2.60
  SINCE MAR 1      8.11                      9.06  -0.95     8.89
  SINCE JAN 1     18.82                     14.58   4.24    14.32

SNOWFALL (IN)
  YESTERDAY        0.0
  MONTH TO DATE    0.0
  SINCE JUL 1      0.0

DEGREE DAYS
 HEATING
  YESTERDAY        0                         0      0        0
  MONTH TO DATE    0                         0      0        0
  SINCE MAR 1     43                       125    -82       35
  SINCE JUL 1    508                       807   -299      682

 COOLING
  YESTERDAY       13                        13      0       13
  MONTH TO DATE  295                       274     21      329
  SINCE MAR 1    679                       496    183      834
  SINCE JAN 1    729                       561    168      874
..................................................................


WIND (MPH)
  HIGHEST WIND SPEED    22   HIGHEST WIND DIRECTION     N (20)
  HIGHEST GUST SPEED    26   HIGHEST GUST DIRECTION    NE (40)
  AVERAGE WIND SPEED     8.7


SKY COVER
  AVERAGE SKY COVER 0.3


WEATHER CONDITIONS
 THE FOLLOWING WEATHER WAS RECORDED YESTERDAY.
  NO SIGNIFICANT WEATHER WAS OBSERVED.


RELATIVE HUMIDITY (PERCENT)
 HIGHEST    97           600 AM
 LOWEST     61          1000 AM
 AVERAGE    79

..........................................................


THE DAYTONA BEACH CLIMATE NORMALS FOR TODAY
                         NORMAL    RECORD    YEAR
 MAXIMUM TEMPERATURE (F)   87        95      1990
                                             1973
                                             1924
 MINIMUM TEMPERATURE (F)   69        53      1935


SUNRISE AND SUNSET
MAY 29 2016...........SUNRISE   626 AM EDT   SUNSET   818 PM EDT
MAY 30 2016...........SUNRISE   626 AM EDT   SUNSET   818 PM EDT


-  INDICATES NEGATIVE NUMBERS.
R  INDICATES RECORD WAS SET OR TIED.
MM INDICATES DATA IS MISSING.
T  INDICATES TRACE AMOUNT.




$$
