000
CDUS42 KMLB 030632
CLIDAB


CLIMATE REPORT
NATIONAL WEATHER SERVICE MELBOURNE FL
131 AM EST SAT DEC 3 2016


...................................

...THE DAYTONA BEACH CLIMATE SUMMARY FOR DECEMBER 2 2016...

CLIMATE NORMAL PERIOD 1981 TO 2010
CLIMATE RECORD PERIOD 1923 TO 2016


WEATHER ITEM   OBSERVED TIME   RECORD YEAR NORMAL DEPARTURE LAST
                VALUE   (LST)  VALUE       VALUE  FROM      YEAR
                                                  NORMAL
..................................................................
TEMPERATURE (F)
 YESTERDAY
  MAXIMUM         69    153 PM  84    2015  73     -4       84
                                      1968
                                      1948
  MINIMUM         52    747 AM  31    1957  54     -2       65
  AVERAGE         61                        63     -2       75

PRECIPITATION (IN)
  YESTERDAY        0.00          0.87 1971   0.08  -0.08     0.00
  MONTH TO DATE    0.00                      0.15  -0.15      T
  SINCE DEC 1      0.00                      0.15  -0.15      T
  SINCE JAN 1     43.94                     47.14  -3.20    43.35

SNOWFALL (IN)
  YESTERDAY        0.0
  MONTH TO DATE    0.0
  SINCE JUL 1      0.0

DEGREE DAYS
 HEATING
  YESTERDAY        4                         4      0        0
  MONTH TO DATE    4                         8     -4        0
  SINCE DEC 1      4                         8     -4        0
  SINCE JUL 1     41                        82    -41       12

 COOLING
  YESTERDAY        0                         2     -2       10
  MONTH TO DATE    7                         4      3       15
  SINCE DEC 1      7                         4      3       15
  SINCE JAN 1   3386                      2916    470     3563
..................................................................


WIND (MPH)
  HIGHEST WIND SPEED    14   HIGHEST WIND DIRECTION     N (10)
  HIGHEST GUST SPEED    19   HIGHEST GUST DIRECTION    NE (40)
  AVERAGE WIND SPEED     7.6


SKY COVER
  AVERAGE SKY COVER 0.1


WEATHER CONDITIONS
 THE FOLLOWING WEATHER WAS RECORDED YESTERDAY.
  NO SIGNIFICANT WEATHER WAS OBSERVED.


RELATIVE HUMIDITY (PERCENT)
 HIGHEST    84          1200 AM
 LOWEST     45           100 PM
 AVERAGE    65

..........................................................


THE DAYTONA BEACH CLIMATE NORMALS FOR TODAY
                         NORMAL    RECORD    YEAR
 MAXIMUM TEMPERATURE (F)   73        85      1991
                                             1978
 MINIMUM TEMPERATURE (F)   53        35      1935


SUNRISE AND SUNSET
DECEMBER  3 2016......SUNRISE   703 AM EST   SUNSET   526 PM EST
DECEMBER  4 2016......SUNRISE   703 AM EST   SUNSET   526 PM EST


-  INDICATES NEGATIVE NUMBERS.
R  INDICATES RECORD WAS SET OR TIED.
MM INDICATES DATA IS MISSING.
T  INDICATES TRACE AMOUNT.




$$
