000
CDUS42 KMLB 290636
CLIDAB


CLIMATE REPORT
NATIONAL WEATHER SERVICE MELBOURNE FL
135 AM EST SAT NOV 29 2014


...................................

...THE DAYTONA BEACH CLIMATE SUMMARY FOR NOVEMBER 28 2014...

CLIMATE NORMAL PERIOD 1981 TO 2010
CLIMATE RECORD PERIOD 1923 TO 2014


WEATHER ITEM   OBSERVED TIME   RECORD YEAR NORMAL DEPARTURE LAST
                VALUE   (LST)  VALUE       VALUE  FROM      YEAR
                                                  NORMAL
..................................................................
TEMPERATURE (F)
 YESTERDAY
  MAXIMUM         59    247 PM  89    1948  74    -15       63
  MINIMUM         41    739 AM  32    1956  54    -13       36
  AVERAGE         50                        64    -14       50

PRECIPITATION (IN)
  YESTERDAY        0.00          2.40 1937   0.09  -0.09     0.00
  MONTH TO DATE    9.09                      2.52   6.57     3.11
  SINCE SEP 1     27.82                     13.69  14.13    11.14
  SINCE JAN 1     60.99                     46.82  14.17    46.36

SNOWFALL (IN)
  YESTERDAY        0.0
  MONTH TO DATE    0.0
  SINCE JUL 1      0.0

DEGREE DAYS
 HEATING
  YESTERDAY       15                         4     11       15
  MONTH TO DATE  121                        58     63       24
  SINCE SEP 1    121                        66     55       25
  SINCE JUL 1    121                        66     55       25

 COOLING
  YESTERDAY        0                         3     -3        0
  MONTH TO DATE   74                       112    -38      179
  SINCE SEP 1    790                       834    -44      943
  SINCE JAN 1   2982                      2908     74     3139
..................................................................


WIND (MPH)
  HIGHEST WIND SPEED    21   HIGHEST WIND DIRECTION     N (10)
  HIGHEST GUST SPEED    25   HIGHEST GUST DIRECTION     N (20)
  AVERAGE WIND SPEED    10.4


SKY COVER
  AVERAGE SKY COVER 0.2


WEATHER CONDITIONS
 THE FOLLOWING WEATHER WAS RECORDED YESTERDAY.
  NO SIGNIFICANT WEATHER WAS OBSERVED.


RELATIVE HUMIDITY (PERCENT)
 HIGHEST    82          1000 PM
 LOWEST     53          1200 PM
 AVERAGE    68

..........................................................


THE DAYTONA BEACH CLIMATE NORMALS FOR TODAY
                         NORMAL    RECORD    YEAR
 MAXIMUM TEMPERATURE (F)   73        87      1978
 MINIMUM TEMPERATURE (F)   54        32      1956


SUNRISE AND SUNSET
NOVEMBER 29 2014......SUNRISE   659 AM EST   SUNSET   526 PM EST
NOVEMBER 30 2014......SUNRISE   700 AM EST   SUNSET   526 PM EST


-  INDICATES NEGATIVE NUMBERS.
R  INDICATES RECORD WAS SET OR TIED.
MM INDICATES DATA IS MISSING.
T  INDICATES TRACE AMOUNT.




$$
