000
CDUS42 KMLB 290635
CLIDAB


CLIMATE REPORT
NATIONAL WEATHER SERVICE MELBOURNE FL
135 AM EST THU JAN 29 2015


...................................

...THE DAYTONA BEACH CLIMATE SUMMARY FOR JANUARY 28 2015...

CLIMATE NORMAL PERIOD 1981 TO 2010
CLIMATE RECORD PERIOD 1923 TO 2015


WEATHER ITEM   OBSERVED TIME   RECORD YEAR NORMAL DEPARTURE LAST
                VALUE   (LST)  VALUE       VALUE  FROM      YEAR
                                                  NORMAL
..................................................................
TEMPERATURE (F)
 YESTERDAY
  MAXIMUM         58    228 PM  84    1974  69    -11       79
                                      1957
                                      1949
  MINIMUM         42    710 AM  20    1940  48     -6       52
  AVERAGE         50                        58     -8       66

PRECIPITATION (IN)
  YESTERDAY        0.00          0.97 1973   0.10  -0.10     0.00
  MONTH TO DATE    2.55                      2.47   0.08     1.62
  SINCE DEC 1      5.38                      5.10   0.28     3.31
  SINCE JAN 1      2.55                      2.47   0.08     1.62

SNOWFALL (IN)
  YESTERDAY        0.0
  MONTH TO DATE    0.0
  SINCE JUL 1      0.0

DEGREE DAYS
 HEATING
  YESTERDAY       15                         8      7        0
  MONTH TO DATE  171                       224    -53      253
  SINCE DEC 1    286                       416   -130      326
  SINCE JUL 1    415                       490    -75      357

 COOLING
  YESTERDAY        0                         1     -1        1
  MONTH TO DATE   31                        28      3       25
  SINCE DEC 1    114                        79     35      139
  SINCE JAN 1     31                        28      3       25
..................................................................


WIND (MPH)
  HIGHEST WIND SPEED    20   HIGHEST WIND DIRECTION     N (20)
  HIGHEST GUST SPEED    25   HIGHEST GUST DIRECTION     N (20)
  AVERAGE WIND SPEED     9.4


SKY COVER
  AVERAGE SKY COVER 0.1


WEATHER CONDITIONS
 THE FOLLOWING WEATHER WAS RECORDED YESTERDAY.
  NO SIGNIFICANT WEATHER WAS OBSERVED.


RELATIVE HUMIDITY (PERCENT)
 HIGHEST    71           800 PM
 LOWEST     51           300 PM
 AVERAGE    61

..........................................................


THE DAYTONA BEACH CLIMATE NORMALS FOR TODAY
                         NORMAL    RECORD    YEAR
 MAXIMUM TEMPERATURE (F)   69        85      1957
 MINIMUM TEMPERATURE (F)   48        18      1940


SUNRISE AND SUNSET
JANUARY 29 2015.......SUNRISE   715 AM EST   SUNSET   600 PM EST
JANUARY 30 2015.......SUNRISE   714 AM EST   SUNSET   601 PM EST


-  INDICATES NEGATIVE NUMBERS.
R  INDICATES RECORD WAS SET OR TIED.
MM INDICATES DATA IS MISSING.
T  INDICATES TRACE AMOUNT.




$$
