000
CDUS42 KMLB 200628
CLIDAB


CLIMATE REPORT
NATIONAL WEATHER SERVICE MELBOURNE FL
228 AM EDT FRI OCT 20 2017


...................................

...THE DAYTONA BEACH CLIMATE SUMMARY FOR OCTOBER 19 2017...

CLIMATE NORMAL PERIOD 1981 TO 2010
CLIMATE RECORD PERIOD 1923 TO 2017


WEATHER ITEM   OBSERVED TIME   RECORD YEAR NORMAL DEPARTURE LAST
                VALUE   (LST)  VALUE       VALUE  FROM      YEAR
                                                  NORMAL
..................................................................
TEMPERATURE (F)
 YESTERDAY
  MAXIMUM         85    244 PM  91    2006  81      4       83
  MINIMUM         73   1159 PM  46    1940  65      8       65
  AVERAGE         79                        73      6       74

PRECIPITATION (IN)
  YESTERDAY        0.09          2.75 1968   0.12  -0.03     0.00
  MONTH TO DATE    6.22                      2.96   3.26     7.97
  SINCE SEP 1     15.90                      9.92   5.98    16.21
  SINCE JAN 1     45.57                     43.05   2.52    43.84

SNOWFALL (IN)
  YESTERDAY        0.0
  MONTH TO DATE    0.0
  SINCE JUL 1      0.0

DEGREE DAYS
 HEATING
  YESTERDAY        0                         0      0        0
  MONTH TO DATE    0                         0      0        0
  SINCE SEP 1      0                         0      0        0
  SINCE JUL 1      0                         0      0        0

 COOLING
  YESTERDAY       14                         9      5        9
  MONTH TO DATE  289                       201     88      248
  SINCE SEP 1    771                       637    134      728
  SINCE JAN 1   3198                      2711    487     3193
..................................................................


WIND (MPH)
  HIGHEST WIND SPEED    28   HIGHEST WIND DIRECTION    NE (40)
  HIGHEST GUST SPEED    35   HIGHEST GUST DIRECTION    NE (30)
  AVERAGE WIND SPEED    12.0


SKY COVER
  AVERAGE SKY COVER 0.6


WEATHER CONDITIONS
 THE FOLLOWING WEATHER WAS RECORDED YESTERDAY.
  LIGHT RAIN
  FOG


RELATIVE HUMIDITY (PERCENT)
 HIGHEST   100           200 AM
 LOWEST     70           100 PM
 AVERAGE    85

..........................................................


THE DAYTONA BEACH CLIMATE NORMALS FOR TODAY
                         NORMAL    RECORD    YEAR
 MAXIMUM TEMPERATURE (F)   81        93      2006
 MINIMUM TEMPERATURE (F)   65        44      1989


SUNRISE AND SUNSET
OCTOBER 20 2017.......SUNRISE   729 AM EDT   SUNSET   649 PM EDT
OCTOBER 21 2017.......SUNRISE   729 AM EDT   SUNSET   648 PM EDT


-  INDICATES NEGATIVE NUMBERS.
R  INDICATES RECORD WAS SET OR TIED.
MM INDICATES DATA IS MISSING.
T  INDICATES TRACE AMOUNT.




$$
