000
CDUS42 KMLB 240642
CLIDAB


CLIMATE REPORT
NATIONAL WEATHER SERVICE MELBOURNE FL
231 AM EDT FRI OCT 24 2014


...................................

...THE DAYTONA BEACH CLIMATE SUMMARY FOR OCTOBER 23 2014...

CLIMATE NORMAL PERIOD 1981 TO 2010
CLIMATE RECORD PERIOD 1923 TO 2014


WEATHER ITEM   OBSERVED TIME   RECORD YEAR NORMAL DEPARTURE LAST
                VALUE   (LST)  VALUE       VALUE  FROM      YEAR
                                                  NORMAL
..................................................................
TEMPERATURE (F)
 YESTERDAY
  MAXIMUM         78    115 PM  90    2007  81     -3       81
  MINIMUM         56    510 AM  48    1937  64     -8       64
  AVERAGE         67                        72     -5       73

PRECIPITATION (IN)
  YESTERDAY        0.00          2.18 2005   0.11  -0.11      T
  MONTH TO DATE    0.57                      3.42  -2.85     1.99
  SINCE SEP 1     18.72                     10.38   8.34     7.76
  SINCE JAN 1     51.89                     43.51   8.38    42.98

SNOWFALL (IN)
  YESTERDAY        0.0
  MONTH TO DATE    0.0
  SINCE JUL 1      0.0

DEGREE DAYS
 HEATING
  YESTERDAY        0                         0      0        0
  MONTH TO DATE    0                         0      0        0
  SINCE SEP 1      0                         0      0        0
  SINCE JUL 1      0                         0      0        0

 COOLING
  YESTERDAY        2                         8     -6        8
  MONTH TO DATE  224                       233     -9      267
  SINCE SEP 1    678                       669      9      729
  SINCE JAN 1   2870                      2743    127     2925
..................................................................


WIND (MPH)
  HIGHEST WIND SPEED    17   HIGHEST WIND DIRECTION    NE (40)
  HIGHEST GUST SPEED    21   HIGHEST GUST DIRECTION    NE (40)
  AVERAGE WIND SPEED     7.3


SKY COVER
  AVERAGE SKY COVER 0.3


WEATHER CONDITIONS
 THE FOLLOWING WEATHER WAS RECORDED YESTERDAY.
  NO SIGNIFICANT WEATHER WAS OBSERVED.


RELATIVE HUMIDITY (PERCENT)
 HIGHEST    93           700 AM
 LOWEST     47          1100 AM
 AVERAGE    70

..........................................................


THE DAYTONA BEACH CLIMATE NORMALS FOR TODAY
                         NORMAL    RECORD    YEAR
 MAXIMUM TEMPERATURE (F)   80        90      2009
 MINIMUM TEMPERATURE (F)   63        39      1937


SUNRISE AND SUNSET
OCTOBER 24 2014.......SUNRISE   731 AM EDT   SUNSET   645 PM EDT
OCTOBER 25 2014.......SUNRISE   732 AM EDT   SUNSET   644 PM EDT


-  INDICATES NEGATIVE NUMBERS.
R  INDICATES RECORD WAS SET OR TIED.
MM INDICATES DATA IS MISSING.
T  INDICATES TRACE AMOUNT.




$$
