000
CDUS42 KMLB 162032
CLIDAB


CLIMATE REPORT
NATIONAL WEATHER SERVICE MELBOURNE FL
431 PM EDT TUE SEP 16 2014


...................................

...THE DAYTONA BEACH CLIMATE SUMMARY FOR SEPTEMBER 16 2014...
VALID TODAY AS OF 400 PM LOCAL TIME.

CLIMATE NORMAL PERIOD 1981 TO 2010
CLIMATE RECORD PERIOD 1923 TO 2014


WEATHER ITEM   OBSERVED TIME   RECORD YEAR NORMAL DEPARTURE LAST
                VALUE   (LST)  VALUE       VALUE  FROM      YEAR
                                                  NORMAL
..................................................................
TEMPERATURE (F)
 TODAY
  MAXIMUM         88    156 PM  93    2004  87      1       88
                                      1999
                                      1934
  MINIMUM         74    603 AM  60    1940  72      2       74
  AVERAGE         81                        80      1       81

PRECIPITATION (IN)
  TODAY            0.00          3.75 1945   0.24  -0.24      T
  MONTH TO DATE    6.67                      3.88   2.79     2.39
  SINCE SEP 1      6.67                      3.88   2.79     2.39
  SINCE JAN 1     39.84                     37.01   2.83    37.61

SNOWFALL (IN)
  TODAY            0.0
  MONTH TO DATE    0.0
  SINCE JUL 1      0.0

DEGREE DAYS
 HEATING
  TODAY            0                         0      0        0
  MONTH TO DATE    0                         0      0        0
  SINCE SEP 1      0                         0      0        0
  SINCE JUL 1      0                         0      0        0

 COOLING
  TODAY           16                        15      1       16
  MONTH TO DATE  264                       245     19      266
  SINCE SEP 1    264                       245     19      266
  SINCE JAN 1   2456                      2319    137     2462
..................................................................


WIND (MPH)
  HIGHEST WIND SPEED    14   HIGHEST WIND DIRECTION     W (290)
  HIGHEST GUST SPEED    18   HIGHEST GUST DIRECTION     W (260)
  AVERAGE WIND SPEED     4.3


SKY COVER
  AVERAGE SKY COVER 0.8


WEATHER CONDITIONS
 THE FOLLOWING WEATHER WAS RECORDED TODAY.
  NO SIGNIFICANT WEATHER WAS OBSERVED.


RELATIVE HUMIDITY (PERCENT)
 HIGHEST   100          1200 AM
 LOWEST     55          1200 PM
 AVERAGE    78

..........................................................


THE DAYTONA BEACH CLIMATE NORMALS FOR TOMORROW
                         NORMAL    RECORD    YEAR
 MAXIMUM TEMPERATURE (F)   87        95      1990
 MINIMUM TEMPERATURE (F)   72        65      2001
                                             1999
                                             1967


SUNRISE AND SUNSET
SEPTEMBER 16 2014.....SUNRISE   709 AM EDT   SUNSET   728 PM EDT
SEPTEMBER 17 2014.....SUNRISE   710 AM EDT   SUNSET   727 PM EDT


-  INDICATES NEGATIVE NUMBERS.
R  INDICATES RECORD WAS SET OR TIED.
MM INDICATES DATA IS MISSING.
T  INDICATES TRACE AMOUNT.

&&

DAYTONA BEACH SURF TEMPERATURE 82.

$$
