000
CDUS42 KMLB 302024
CLIDAB


CLIMATE REPORT
NATIONAL WEATHER SERVICE MELBOURNE FL
424 PM EDT TUE AUG 30 2016


...................................

...THE DAYTONA BEACH CLIMATE SUMMARY FOR AUGUST 30 2016...
VALID TODAY AS OF 0400 PM LOCAL TIME.

CLIMATE NORMAL PERIOD 1981 TO 2010
CLIMATE RECORD PERIOD 1923 TO 2016


WEATHER ITEM   OBSERVED TIME   RECORD YEAR NORMAL DEPARTURE LAST
                VALUE   (LST)  VALUE       VALUE  FROM      YEAR
                                                  NORMAL
..................................................................
TEMPERATURE (F)
 TODAY
  MAXIMUM         85    250 PM  96    1954  89     -4       86
  MINIMUM         75    645 AM  66    1938  73      2       73
  AVERAGE         80                        81     -1       80

PRECIPITATION (IN)
  TODAY            1.85          3.47 1937   0.21   1.64     0.78
  MONTH TO DATE    3.17                      6.18  -3.01     7.30
  SINCE JUN 1      7.45                     17.84 -10.39    16.73
  SINCE JAN 1     27.45                     32.91  -5.46    31.07

SNOWFALL (IN)
  TODAY            0.0
  MONTH TO DATE    0.0
  SINCE JUL 1      0.0

DEGREE DAYS
 HEATING
  TODAY            0                         0      0        0
  MONTH TO DATE    0                         0      0        0
  SINCE JUN 1      0                         0      0        0
  SINCE JUL 1      0                         0      0        0

 COOLING
  TODAY           15                        16     -1       15
  MONTH TO DATE  574                       497     77      519
  SINCE JUN 1   1676                      1459    217     1564
  SINCE JAN 1   2450                      2060    390     2477
..................................................................


WIND (MPH)
  HIGHEST WIND SPEED    17   HIGHEST WIND DIRECTION     E (80)
  HIGHEST GUST SPEED    22   HIGHEST GUST DIRECTION     E (80)
  AVERAGE WIND SPEED     6.9


SKY COVER
  AVERAGE SKY COVER 0.7


WEATHER CONDITIONS
 THE FOLLOWING WEATHER WAS RECORDED TODAY.
  HEAVY RAIN
  RAIN
  LIGHT RAIN
  FOG
  HAZE


RELATIVE HUMIDITY (PERCENT)
 HIGHEST    94           400 AM
 LOWEST     74           300 PM
 AVERAGE    84

..........................................................


THE DAYTONA BEACH CLIMATE NORMALS FOR TOMORROW
                         NORMAL    RECORD    YEAR
 MAXIMUM TEMPERATURE (F)   88        96      2001
 MINIMUM TEMPERATURE (F)   73        66      1939


SUNRISE AND SUNSET
AUGUST 30 2016........SUNRISE   701 AM EDT   SUNSET   748 PM EDT
AUGUST 31 2016........SUNRISE   702 AM EDT   SUNSET   747 PM EDT


-  INDICATES NEGATIVE NUMBERS.
R  INDICATES RECORD WAS SET OR TIED.
MM INDICATES DATA IS MISSING.
T  INDICATES TRACE AMOUNT.




$$
