000
CDUS41 KRNK 200910
CLIDAN


CLIMATE REPORT
NATIONAL WEATHER SERVICE BLACKSBURG VA
507 AM EDT SAT SEP 20 2014


...................................

...THE DANVILLE VA CLIMATE SUMMARY FOR SEPTEMBER 19 2014...

CLIMATE NORMAL PERIOD 1981 TO 2010
CLIMATE RECORD PERIOD 1948 TO 2014


WEATHER ITEM   OBSERVED TIME   RECORD YEAR NORMAL DEPARTURE LAST
                VALUE   (LST)  VALUE       VALUE  FROM      YEAR
                                                  NORMAL
..................................................................
TEMPERATURE (F)
 YESTERDAY
  MAXIMUM         73    125 PM  96    1970  79     -6       75
  MINIMUM         62    415 AM  43    1984  59      3       57
  AVERAGE         68                        69     -1

PRECIPITATION (IN)
  YESTERDAY        0.00          0.85 2000   0.13  -0.13     0.00
  MONTH TO DATE    3.10                      2.55   0.55     0.24
  SINCE SEP 1      3.10                      2.55   0.55     0.24
  SINCE JAN 1     32.85                     32.84   0.01    41.55

SNOWFALL (IN)
  YESTERDAY        0.0
  MONTH TO DATE    0.0
  SINCE SEP 1      0.0
  SINCE JUL 1      0.0
  SNOW DEPTH       0

DEGREE DAYS
 HEATING
  YESTERDAY        0                         1     -1
  MONTH TO DATE    0                         6     -6
  SINCE SEP 1      0                         6     -6
  SINCE JUL 1      0                         6     -6

 COOLING
  YESTERDAY        3                         5     -2
  MONTH TO DATE  171                       138     33
  SINCE SEP 1    171                       138     33
  SINCE JAN 1   1360                      1365     -5
..................................................................


WIND (MPH)
  HIGHEST WIND SPEED    13   HIGHEST WIND DIRECTION    NE (30)
  HIGHEST GUST SPEED    16   HIGHEST GUST DIRECTION    NE (40)
  AVERAGE WIND SPEED     4.8


SKY COVER
  POSSIBLE SUNSHINE  MM
  AVERAGE SKY COVER 0.9


WEATHER CONDITIONS
 THE FOLLOWING WEATHER WAS RECORDED YESTERDAY.
  FOG


RELATIVE HUMIDITY (PERCENT)
 HIGHEST    93          1200 AM
 LOWEST     64           100 PM
 AVERAGE    79

..........................................................


THE DANVILLE VA CLIMATE NORMALS FOR TODAY
                         NORMAL    RECORD    YEAR
 MAXIMUM TEMPERATURE (F)   78        96      1978
 MINIMUM TEMPERATURE (F)   59        41      1959


SUNRISE AND SUNSET
SEPTEMBER 20 2014.....SUNRISE   704 AM EDT   SUNSET   717 PM EDT
SEPTEMBER 21 2014.....SUNRISE   704 AM EDT   SUNSET   716 PM EDT


-  INDICATES NEGATIVE NUMBERS.
R  INDICATES RECORD WAS SET OR TIED.
MM INDICATES DATA IS MISSING.
T  INDICATES TRACE AMOUNT.




$$
