000
CDUS41 KRNK 300754
CLIDAN


CLIMATE REPORT
NATIONAL WEATHER SERVICE BLACKSBURG VA
352 AM EDT TUE MAY 30 2017


...................................

...THE DANVILLE VA CLIMATE SUMMARY FOR MAY 29 2017...

CLIMATE NORMAL PERIOD 1981 TO 2010
CLIMATE RECORD PERIOD 1948 TO 2017


WEATHER ITEM   OBSERVED TIME   RECORD YEAR NORMAL DEPARTURE LAST
                VALUE   (LST)  VALUE       VALUE  FROM      YEAR
                                                  NORMAL
..................................................................
TEMPERATURE (F)
 YESTERDAY
  MAXIMUM         86    353 PM  93    1967  80      6       74
  MINIMUM         60    531 AM  45    2008  60      0       63
  AVERAGE         73                        70      3       69

PRECIPITATION (IN)
  YESTERDAY        T             1.85 1971   0.15  -0.15     0.31
  MONTH TO DATE    5.93                      3.60   2.33     7.53
  SINCE MAR 1     16.12                     11.17   4.95    12.66
  SINCE JAN 1     20.89                     17.60   3.29    19.51

SNOWFALL (IN)
  YESTERDAY        0.0                                       0.0
  MONTH TO DATE    0.0                                       0.0
  SINCE MAR 1      T                                         0.0
  SINCE JUL 1      8.8                                      11.1
  SNOW DEPTH       0

DEGREE DAYS
 HEATING
  YESTERDAY        0                         1     -1        0
  MONTH TO DATE   72                        67      5       79
  SINCE MAR 1    686                       809   -123      599
  SINCE JUL 1   3142                      3810   -668     3061

 COOLING
  YESTERDAY        8                         6      2        4
  MONTH TO DATE   96                        98     -2       72
  SINCE MAR 1    174                       132     42      119
  SINCE JAN 1    179                       132     47      119
..................................................................


WIND (MPH)
  HIGHEST WIND SPEED    18   HIGHEST WIND DIRECTION     N (350)
  HIGHEST GUST SPEED    23   HIGHEST GUST DIRECTION     N (340)
  AVERAGE WIND SPEED     5.1


SKY COVER
  AVERAGE SKY COVER 0.2


WEATHER CONDITIONS
 THE FOLLOWING WEATHER WAS RECORDED YESTERDAY.
  LIGHT RAIN


RELATIVE HUMIDITY (PERCENT)
 HIGHEST   100           500 AM
 LOWEST     45           400 PM
 AVERAGE    73

..........................................................


THE DANVILLE VA CLIMATE NORMALS FOR TODAY
                         NORMAL    RECORD    YEAR
 MAXIMUM TEMPERATURE (F)   80        97      1953
 MINIMUM TEMPERATURE (F)   60        48      1958


SUNRISE AND SUNSET
MAY 30 2017...........SUNRISE   601 AM EDT   SUNSET   829 PM EDT
MAY 31 2017...........SUNRISE   601 AM EDT   SUNSET   830 PM EDT


-  INDICATES NEGATIVE NUMBERS.
R  INDICATES RECORD WAS SET OR TIED.
MM INDICATES DATA IS MISSING.
T  INDICATES TRACE AMOUNT.

$$
RCS
