000
CDUS41 KRNK 272206
CLIDAN


CLIMATE REPORT
NATIONAL WEATHER SERVICE BLACKSBURG VA
501 PM EST FRI FEB 27 2015


...................................

...THE DANVILLE VA CLIMATE SUMMARY FOR FEBRUARY 27 2015...
VALID TODAY AS OF 0500 PM LOCAL TIME.

CLIMATE NORMAL PERIOD 1981 TO 2010
CLIMATE RECORD PERIOD 1948 TO 2015


WEATHER ITEM   OBSERVED TIME   RECORD YEAR NORMAL DEPARTURE LAST
                VALUE   (LST)  VALUE       VALUE  FROM      YEAR
                                                  NORMAL
..................................................................
TEMPERATURE (F)
 TODAY
  MAXIMUM         42    410 PM  85    1977  53    -11       52
  MINIMUM         22    642 AM   8    1963  34    -12       19
  AVERAGE         32                        44    -12

PRECIPITATION (IN)
  TODAY            0.00          1.33 1958   0.10  -0.10     0.00
  MONTH TO DATE    2.28                      2.91  -0.63     1.83
  SINCE DEC 1      6.46                      9.60  -3.14     9.35
  SINCE JAN 1      3.79                      6.33  -2.54     5.12

SNOWFALL (IN)
  TODAY            0.0
  MONTH TO DATE    9.8
  SINCE DEC 1      9.8
  SINCE JUL 1      9.8
  SNOW DEPTH      MM

DEGREE DAYS
 HEATING
  TODAY           33                        21     12
  MONTH TO DATE  804                       653    151
  SINCE DEC 1   2298                      2272     26
  SINCE JUL 1   3058                      2981     77

 COOLING
  TODAY            0                         0      0
  MONTH TO DATE    0                         0      0
  SINCE DEC 1      0                         0      0
  SINCE JAN 1      0                         0      0
..................................................................


WIND (MPH)
  HIGHEST WIND SPEED    15   HIGHEST WIND DIRECTION     N (340)
  HIGHEST GUST SPEED    18   HIGHEST GUST DIRECTION    NW (330)
  AVERAGE WIND SPEED     5.3


SKY COVER
  POSSIBLE SUNSHINE  MM
  AVERAGE SKY COVER 0.3


WEATHER CONDITIONS
 THE FOLLOWING WEATHER WAS RECORDED TODAY.
  FOG
  FOG W/VISIBILITY <= 1/4 MILE


RELATIVE HUMIDITY (PERCENT)
 HIGHEST    92          1200 AM
 LOWEST     38           200 PM
 AVERAGE    65

..........................................................


THE DANVILLE VA CLIMATE NORMALS FOR TOMORROW
                         NORMAL    RECORD    YEAR
 MAXIMUM TEMPERATURE (F)   54        76      1962
 MINIMUM TEMPERATURE (F)   34        16      1968


SUNRISE AND SUNSET
FEBRUARY 27 2015......SUNRISE   651 AM EST   SUNSET   610 PM EST
FEBRUARY 28 2015......SUNRISE   650 AM EST   SUNSET   611 PM EST


-  INDICATES NEGATIVE NUMBERS.
R  INDICATES RECORD WAS SET OR TIED.
MM INDICATES DATA IS MISSING.
T  INDICATES TRACE AMOUNT.

REMARKS:
DUE TO AN EQUIPMENT FAILURE CAUSING MISSING TEMPERATURE DATA ON
FEBRUARY 15...ALL TEMPERATURE DATA AND HDD WILL BE CALCULATED
WITHOUT DATA FROM THIS DATE.

$$
