000
CDUS41 KRNK 212116
CLIDAN


CLIMATE REPORT
NATIONAL WEATHER SERVICE BLACKSBURG VA
512 PM EDT THU SEP 21 2017


...................................

...THE DANVILLE VA CLIMATE SUMMARY FOR SEPTEMBER 21 2017...
VALID TODAY AS OF 0500 PM LOCAL TIME.

CLIMATE NORMAL PERIOD 1981 TO 2010
CLIMATE RECORD PERIOD 1948 TO 2017


WEATHER ITEM   OBSERVED TIME   RECORD YEAR NORMAL DEPARTURE LAST
                VALUE   (LST)  VALUE       VALUE  FROM      YEAR
                                                  NORMAL
..................................................................
TEMPERATURE (F)
 TODAY
  MAXIMUM         87    310 PM  95    1948  78      9       77
  MINIMUM         62    646 AM  40    1956  58      4       69
  AVERAGE         75                        68      7       73

PRECIPITATION (IN)
  TODAY            0.00          1.24 1966   0.11  -0.11     0.04
  MONTH TO DATE    2.60                      2.78  -0.18     0.91
  SINCE SEP 1      2.60                      2.78  -0.18     0.91
  SINCE JAN 1     36.70                     33.07   3.63    37.17

SNOWFALL (IN)
  TODAY            0.0                                       0.0
  MONTH TO DATE    0.0                                       0.0
  SINCE SEP 1      0.0                                       0.0
  SINCE JUL 1      0.0                                       0.0
  SNOW DEPTH       0

DEGREE DAYS
 HEATING
  TODAY            0                         1     -1        0
  MONTH TO DATE   30                         8     22        0
  SINCE SEP 1     30                         8     22        0
  SINCE JUL 1     30                         8     22        0

 COOLING
  TODAY           10                         4      6        8
  MONTH TO DATE   91                       147    -56      227
  SINCE SEP 1     91                       147    -56      227
  SINCE JAN 1   1265                      1374   -109     1532
..................................................................


WIND (MPH)
  HIGHEST WIND SPEED    12   HIGHEST WIND DIRECTION    NE (40)
  HIGHEST GUST SPEED    13   HIGHEST GUST DIRECTION    NE (40)
  AVERAGE WIND SPEED     2.6


SKY COVER
  AVERAGE SKY COVER 0.1


WEATHER CONDITIONS
 THE FOLLOWING WEATHER WAS RECORDED TODAY.
  FOG


RELATIVE HUMIDITY (PERCENT)
 HIGHEST   100          1200 AM
 LOWEST     50           300 PM
 AVERAGE    75

..........................................................


THE DANVILLE VA CLIMATE NORMALS FOR TOMORROW
                         NORMAL    RECORD    YEAR
 MAXIMUM TEMPERATURE (F)   78        96      1965
 MINIMUM TEMPERATURE (F)   58        41      1962


SUNRISE AND SUNSET
SEPTEMBER 21 2017.....SUNRISE   705 AM EDT   SUNSET   715 PM EDT
SEPTEMBER 22 2017.....SUNRISE   705 AM EDT   SUNSET   714 PM EDT


-  INDICATES NEGATIVE NUMBERS.
R  INDICATES RECORD WAS SET OR TIED.
MM INDICATES DATA IS MISSING.
T  INDICATES TRACE AMOUNT.


REMARKS:
DUE TO MISSING RAINFALL ON AUGUST 21-24...ALL PRECIPITATION DATA
WILL BE CALCULATED WITHOUT DATA FROM THESE DATES.


$$

PW
