260
CDUS41 KRNK 300649
CLIDAN


CLIMATE REPORT
NATIONAL WEATHER SERVICE BLACKSBURG VA
248 AM EDT FRI SEP 30 2016


...................................

...THE DANVILLE VA CLIMATE SUMMARY FOR SEPTEMBER 29 2016...

CLIMATE NORMAL PERIOD 1981 TO 2010
CLIMATE RECORD PERIOD 1948 TO 2016


WEATHER ITEM   OBSERVED TIME   RECORD YEAR NORMAL DEPARTURE LAST
                VALUE   (LST)  VALUE       VALUE  FROM      YEAR
                                                  NORMAL
..................................................................
TEMPERATURE (F)
 YESTERDAY
  MAXIMUM         79    228 PM  92    1998  75      4       80
  MINIMUM         64    657 AM  41    1951  55      9       73
  AVERAGE         72                        65      7       77

PRECIPITATION (IN)
  YESTERDAY        0.01          2.50 1948   0.13  -0.12     0.45
  MONTH TO DATE    2.88                      3.83  -0.95     7.77
  SINCE SEP 1      2.88                      3.83  -0.95     7.77
  SINCE JAN 1     39.14                     34.12   5.02    36.07

SNOWFALL (IN)
  YESTERDAY        0.0                                       0.0
  MONTH TO DATE    0.0                                       0.0
  SINCE SEP 1      0.0                                       0.0
  SINCE JUL 1      0.0                                       0.0
  SNOW DEPTH       0

DEGREE DAYS
 HEATING
  YESTERDAY        0                         3     -3        0
  MONTH TO DATE    0                        24    -24        6
  SINCE SEP 1      0                        24    -24        6
  SINCE JUL 1      0                        24    -24        6

 COOLING
  YESTERDAY        7                         3      4       12
  MONTH TO DATE  294                       174    120      214
  SINCE SEP 1    294                       174    120      214
  SINCE JAN 1   1599                      1401    198     1608
..................................................................


WIND (MPH)
  HIGHEST WIND SPEED     9   HIGHEST WIND DIRECTION    SE (130)
  HIGHEST GUST SPEED    20   HIGHEST GUST DIRECTION    SE (140)
  AVERAGE WIND SPEED     3.6


SKY COVER
  AVERAGE SKY COVER 0.8


WEATHER CONDITIONS
 THE FOLLOWING WEATHER WAS RECORDED YESTERDAY.
  THUNDERSTORM
  LIGHT RAIN


RELATIVE HUMIDITY (PERCENT)
 HIGHEST   100           200 AM
 LOWEST     62           200 PM
 AVERAGE    81

..........................................................


THE DANVILLE VA CLIMATE NORMALS FOR TODAY
                         NORMAL    RECORD    YEAR
 MAXIMUM TEMPERATURE (F)   75        92      1973
 MINIMUM TEMPERATURE (F)   55        34      1951


SUNRISE AND SUNSET
SEPTEMBER 30 2016.....SUNRISE   712 AM EDT   SUNSET   702 PM EDT
OCTOBER  1 2016.......SUNRISE   713 AM EDT   SUNSET   700 PM EDT


-  INDICATES NEGATIVE NUMBERS.
R  INDICATES RECORD WAS SET OR TIED.
MM INDICATES DATA IS MISSING.
T  INDICATES TRACE AMOUNT.

$$
RCS
