474
CDUS41 KRNK 290822
CLIDAN


CLIMATE REPORT
NATIONAL WEATHER SERVICE BLACKSBURG VA
419 AM EDT WED MAR 29 2017


...................................

...THE DANVILLE VA CLIMATE SUMMARY FOR MARCH 28 2017...

CLIMATE NORMAL PERIOD 1981 TO 2010
CLIMATE RECORD PERIOD 1948 TO 2017


WEATHER ITEM   OBSERVED TIME   RECORD YEAR NORMAL DEPARTURE LAST
                VALUE   (LST)  VALUE       VALUE  FROM      YEAR
                                                  NORMAL
..................................................................
TEMPERATURE (F)
 YESTERDAY
  MAXIMUM         74    504 PM  84    2007  63     11       72
                                      1989
  MINIMUM         57   1117 PM  23    2001  42     15       50
  AVERAGE         66                        52     14       61

PRECIPITATION (IN)
  YESTERDAY        0.22          3.53 2010   0.17   0.05     0.36
  MONTH TO DATE    1.78                      3.62  -1.84     2.26
  SINCE MAR 1      1.78                      3.62  -1.84     2.26
  SINCE JAN 1      6.55                     10.05  -3.50     9.11

SNOWFALL (IN)
  YESTERDAY        0.0                                       0.0
  MONTH TO DATE    T                                         0.0
  SINCE MAR 1      T                                         0.0
  SINCE JUL 1      8.8                                      11.1
  SNOW DEPTH       0

DEGREE DAYS
 HEATING
  YESTERDAY        0                        13    -13        4
  MONTH TO DATE  465                       474     -9      270
  SINCE MAR 1    465                       474     -9      270
  SINCE JUL 1   2921                      3475   -554     2732

 COOLING
  YESTERDAY        1                         0      1        0
  MONTH TO DATE    3                         0      3       21
  SINCE MAR 1      3                         0      3       21
  SINCE JAN 1      8                         0      8       21
..................................................................


WIND (MPH)
  HIGHEST WIND SPEED    16   HIGHEST WIND DIRECTION     W (280)
  HIGHEST GUST SPEED    22   HIGHEST GUST DIRECTION    NW (320)
  AVERAGE WIND SPEED     6.6


SKY COVER
  AVERAGE SKY COVER 0.4


WEATHER CONDITIONS
 THE FOLLOWING WEATHER WAS RECORDED YESTERDAY.
  THUNDERSTORM
  LIGHT RAIN
  FOG


RELATIVE HUMIDITY (PERCENT)
 HIGHEST   100           600 AM
 LOWEST     49           600 PM
 AVERAGE    75

..........................................................


THE DANVILLE VA CLIMATE NORMALS FOR TODAY
                         NORMAL    RECORD    YEAR
 MAXIMUM TEMPERATURE (F)   64        85      1985
 MINIMUM TEMPERATURE (F)   42        21      2015


SUNRISE AND SUNSET
MARCH 29 2017.........SUNRISE   707 AM EDT   SUNSET   737 PM EDT
MARCH 30 2017.........SUNRISE   706 AM EDT   SUNSET   738 PM EDT


-  INDICATES NEGATIVE NUMBERS.
R  INDICATES RECORD WAS SET OR TIED.
MM INDICATES DATA IS MISSING.
T  INDICATES TRACE AMOUNT.




$$
