000
CDUS41 KRNK 090829
CLIDAN


CLIMATE REPORT
NATIONAL WEATHER SERVICE BLACKSBURG VA
329 AM EST TUE FEB 9 2016


...................................

...THE DANVILLE VA CLIMATE SUMMARY FOR FEBRUARY 8 2016...

CLIMATE NORMAL PERIOD 1981 TO 2010
CLIMATE RECORD PERIOD 1948 TO 2016


WEATHER ITEM   OBSERVED TIME   RECORD YEAR NORMAL DEPARTURE LAST
                VALUE   (LST)  VALUE       VALUE  FROM      YEAR
                                                  NORMAL
..................................................................
TEMPERATURE (F)
 YESTERDAY
  MAXIMUM         52    154 PM  73    2015  48      4       73
  MINIMUM         25    652 AM  12    1977  31     -6       30
  AVERAGE         39                        40     -1       52

PRECIPITATION (IN)
  YESTERDAY        T             1.31 1965   0.11  -0.11     0.00
  MONTH TO DATE    1.75                      0.91   0.84     0.44
  SINCE DEC 1      9.85                      7.60   2.25     4.62
  SINCE JAN 1      4.29                      4.33  -0.04     1.95

SNOWFALL (IN)
  YESTERDAY       MM                                         0.0
  MONTH TO DATE    T                                         0.0
  SINCE DEC 1      9.2                                        T
  SINCE JUL 1      9.2                                        T
  SNOW DEPTH       0

DEGREE DAYS
 HEATING
  YESTERDAY       26                        25      1       13
  MONTH TO DATE  147                       207    -60      202
  SINCE DEC 1   1421                      1826   -405     1696
  SINCE JUL 1   1963                      2535   -572     2456

 COOLING
  YESTERDAY        0                         0      0        0
  MONTH TO DATE    0                         0      0        0
  SINCE DEC 1     11                         0     11        0
  SINCE JAN 1      0                         0      0        0
..................................................................


WIND (MPH)
  HIGHEST WIND SPEED    20   HIGHEST WIND DIRECTION    SW (240)
  HIGHEST GUST SPEED    27   HIGHEST GUST DIRECTION    SW (210)
  AVERAGE WIND SPEED     3.7


SKY COVER
  AVERAGE SKY COVER 0.4


WEATHER CONDITIONS
 THE FOLLOWING WEATHER WAS RECORDED YESTERDAY.
  LIGHT RAIN
  FOG
  FOG W/VISIBILITY <= 1/4 MILE


RELATIVE HUMIDITY (PERCENT)
 HIGHEST   100          1000 PM
 LOWEST     38           200 PM
 AVERAGE    69

..........................................................


THE DANVILLE VA CLIMATE NORMALS FOR TODAY
                         NORMAL    RECORD    YEAR
 MAXIMUM TEMPERATURE (F)   49        71      1965
 MINIMUM TEMPERATURE (F)   31        12      1977


SUNRISE AND SUNSET
FEBRUARY  9 2016......SUNRISE   712 AM EST   SUNSET   551 PM EST
FEBRUARY 10 2016......SUNRISE   711 AM EST   SUNSET   552 PM EST


-  INDICATES NEGATIVE NUMBERS.
R  INDICATES RECORD WAS SET OR TIED.
MM INDICATES DATA IS MISSING.
T  INDICATES TRACE AMOUNT.




$$
