000
CDUS41 KRNK 062107
CLIDAN


CLIMATE REPORT
NATIONAL WEATHER SERVICE BLACKSBURG VA
506 PM EDT MON JUL 6 2015


...................................

...THE DANVILLE VA CLIMATE SUMMARY FOR JULY 6 2015...
VALID TODAY AS OF 0500 PM LOCAL TIME.

CLIMATE NORMAL PERIOD 1981 TO 2010
CLIMATE RECORD PERIOD 1948 TO 2015


WEATHER ITEM   OBSERVED TIME   RECORD YEAR NORMAL DEPARTURE LAST
                VALUE   (LST)  VALUE       VALUE  FROM      YEAR
                                                  NORMAL
..................................................................
TEMPERATURE (F)
 TODAY
  MAXIMUM         86    401 PM 102    1990  88     -2       89
  MINIMUM         70    530 AM  54    2014  68      2       54
  AVERAGE         78                        78      0       72

PRECIPITATION (IN)
  TODAY            0.04          1.42 1989   0.14  -0.10     0.00
  MONTH TO DATE    2.28                      0.78   1.50     0.01
  SINCE JUN 1     10.40                      4.63   5.77     1.24
  SINCE JAN 1     20.28                     22.51  -2.23    19.80

SNOWFALL (IN)
  TODAY           MM                                         0.0
  MONTH TO DATE    0.0                                       0.0
  SINCE JUN 1      0.0                                       0.0
  SINCE JUL 1      0.0                                       0.0
  SNOW DEPTH       0

DEGREE DAYS
 HEATING
  TODAY            0                         0      0        0
  MONTH TO DATE    0                         0      0        0
  SINCE JUN 1      5                         3      2        0
  SINCE JUL 1      0                         0      0        0

 COOLING
  TODAY           13                        13      0        7
  MONTH TO DATE   68                        78    -10       82
  SINCE JUN 1    446                       375     71      427
  SINCE JAN 1    673                       519    154      588
..................................................................


WIND (MPH)
  HIGHEST WIND SPEED    15   HIGHEST WIND DIRECTION     W (260)
  HIGHEST GUST SPEED    20   HIGHEST GUST DIRECTION    SW (240)
  AVERAGE WIND SPEED     5.0


SKY COVER
  AVERAGE SKY COVER 0.7


WEATHER CONDITIONS
 THE FOLLOWING WEATHER WAS RECORDED TODAY.
  RAIN
  LIGHT RAIN
  FOG


RELATIVE HUMIDITY (PERCENT)
 HIGHEST    97          1200 AM
 LOWEST     55           300 PM
 AVERAGE    76

..........................................................


THE DANVILLE VA CLIMATE NORMALS FOR TOMORROW
                         NORMAL    RECORD    YEAR
 MAXIMUM TEMPERATURE (F)   88       104      2010
 MINIMUM TEMPERATURE (F)   68        54      1951


SUNRISE AND SUNSET
JULY  6 2015..........SUNRISE   605 AM EDT   SUNSET   839 PM EDT
JULY  7 2015..........SUNRISE   606 AM EDT   SUNSET   839 PM EDT


-  INDICATES NEGATIVE NUMBERS.
R  INDICATES RECORD WAS SET OR TIED.
MM INDICATES DATA IS MISSING.
T  INDICATES TRACE AMOUNT.

REMARKS:
DUE TO A TIPPING BUCKET FAILURE CAUSING MISSING PRECIPITATION ON
MARCH 14 AND 19-20...THE ANNUAL PRECIPITATION TOTAL AND DEPARTURE
FROM NORMAL WILL BE CALCULATED WITHOUT DATA FROM THESE DATES.

$$

JDR

$$
