000
CDUS41 KRNK 310519
CLIDAN


CLIMATE REPORT
NATIONAL WEATHER SERVICE BLACKSBURG VA
118 AM EDT WED AUG 31 2016


...................................

...THE DANVILLE VA CLIMATE SUMMARY FOR AUGUST 30 2016...

CLIMATE NORMAL PERIOD 1981 TO 2010
CLIMATE RECORD PERIOD 1948 TO 2016


WEATHER ITEM   OBSERVED TIME   RECORD YEAR NORMAL DEPARTURE LAST
                VALUE   (LST)  VALUE       VALUE  FROM      YEAR
                                                  NORMAL
..................................................................
TEMPERATURE (F)
 YESTERDAY
  MAXIMUM         91    336 PM 100    1953  85      6       85
  MINIMUM         65    556 AM  47    1986  66     -1       66
  AVERAGE         78                        75      3       76

PRECIPITATION (IN)
  YESTERDAY        0.00          0.91 2006   0.13  -0.13     0.00
  MONTH TO DATE    4.94                      3.82   1.12     2.99
  SINCE JUN 1     16.71                     12.26   4.45    18.35
  SINCE JAN 1     36.26                     30.14   6.12    28.23

SNOWFALL (IN)
  YESTERDAY        0.0                                       0.0
  MONTH TO DATE    0.0                                       0.0
  SINCE JUN 1      0.0                                       0.0
  SINCE JUL 1      0.0                                       0.0
  SNOW DEPTH       0

DEGREE DAYS
 HEATING
  YESTERDAY        0                         0      0        0
  MONTH TO DATE    0                         0      0        0
  SINCE JUN 1      0                         3     -3        5
  SINCE JUL 1      0                         0      0        0

 COOLING
  YESTERDAY       13                        10      3       11
  MONTH TO DATE  424                       365     59      352
  SINCE JUN 1   1152                      1074     78     1155
  SINCE JAN 1   1291                      1218     73     1382
..................................................................


WIND (MPH)
  HIGHEST WIND SPEED     9   HIGHEST WIND DIRECTION     E (70)
  HIGHEST GUST SPEED    17   HIGHEST GUST DIRECTION    NE (50)
  AVERAGE WIND SPEED     1.9


SKY COVER
  AVERAGE SKY COVER 0.1


WEATHER CONDITIONS
 THE FOLLOWING WEATHER WAS RECORDED YESTERDAY.
  NO SIGNIFICANT WEATHER WAS OBSERVED.


RELATIVE HUMIDITY (PERCENT)
 HIGHEST   100           100 AM
 LOWEST     44           300 PM
 AVERAGE    72

..........................................................


THE DANVILLE VA CLIMATE NORMALS FOR TODAY
                         NORMAL    RECORD    YEAR
 MAXIMUM TEMPERATURE (F)   85       101      1953
 MINIMUM TEMPERATURE (F)   65        47      1986


SUNRISE AND SUNSET
AUGUST 31 2016........SUNRISE   648 AM EDT   SUNSET   746 PM EDT
SEPTEMBER  1 2016.....SUNRISE   649 AM EDT   SUNSET   745 PM EDT


-  INDICATES NEGATIVE NUMBERS.
R  INDICATES RECORD WAS SET OR TIED.
MM INDICATES DATA IS MISSING.
T  INDICATES TRACE AMOUNT.




$$
