000
CDUS41 KILN 262051
CLIDAY


CLIMATE REPORT
NATIONAL WEATHER SERVICE WILMINGTON OH
451 PM EDT SUN MAR 26 2017


...................................

...THE DAYTON OH CLIMATE SUMMARY FOR MARCH 26 2017...
VALID TODAY AS OF 0400 PM LOCAL TIME.

CLIMATE NORMAL PERIOD 1981 TO 2010
CLIMATE RECORD PERIOD 1869 TO 2017


WEATHER ITEM   OBSERVED TIME   RECORD YEAR NORMAL DEPARTURE LAST
                VALUE   (LST)  VALUE       VALUE  FROM      YEAR
                                                  NORMAL
..................................................................
TEMPERATURE (F)
 TODAY
  MAXIMUM         65    336 PM  81    1907  54     11       60
  MINIMUM         57   1245 PM  10    2001  34     23       29
  AVERAGE         61                        44     17       45

PRECIPITATION (IN)
  TODAY            0.11          1.80 1904   0.12  -0.01     0.00
  MONTH TO DATE    4.15                      2.71   1.44     3.75
  SINCE MAR 1      4.15                      2.71   1.44     3.75
  SINCE JAN 1      9.09                      7.66   1.43     8.57

SNOWFALL (IN)
  TODAY            0.0           2.0  1955   0.1   -0.1      0.0
  MONTH TO DATE    1.3                       3.1   -1.8      1.4
  SINCE MAR 1      1.3                       3.1   -1.8      1.4
  SINCE JUL 1      8.5                      22.4  -13.9     12.0
  SNOW DEPTH       0

DEGREE DAYS
 HEATING
  TODAY            4                        21    -17       20
  MONTH TO DATE  673                       665      8      467
  SINCE MAR 1    673                       665      8      467
  SINCE JUL 1   4103                      4940   -837     4008

 COOLING
  TODAY            0                         0      0        0
  MONTH TO DATE    2                         0      2        0
  SINCE MAR 1      2                         0      2        0
  SINCE JAN 1      2                         0      2        0
..................................................................


WIND (MPH)
  RESULTANT WIND SPEED   8   RESULTANT WIND DIRECTION   S (190)
  HIGHEST WIND SPEED    21   HIGHEST WIND DIRECTION     S (190)
  HIGHEST GUST SPEED    27   HIGHEST GUST DIRECTION     S (200)
  AVERAGE WIND SPEED     9.1


SKY COVER
  POSSIBLE SUNSHINE  MM
  AVERAGE SKY COVER 1.0


WEATHER CONDITIONS
 THE FOLLOWING WEATHER WAS RECORDED TODAY.
  LIGHT RAIN
  FOG
  HAZE


RELATIVE HUMIDITY (PERCENT)
 HIGHEST    93          1200 PM
 LOWEST     60           100 AM
 AVERAGE    77

..........................................................


THE DAYTON OH CLIMATE NORMALS FOR TOMORROW
                         NORMAL    RECORD    YEAR
 MAXIMUM TEMPERATURE (F)   54        83      1910
 MINIMUM TEMPERATURE (F)   35        11      1955


SUNRISE AND SUNSET
MARCH 26 2017.........SUNRISE   730 AM EDT   SUNSET   755 PM EDT
MARCH 27 2017.........SUNRISE   729 AM EDT   SUNSET   756 PM EDT


-  INDICATES NEGATIVE NUMBERS.
R  INDICATES RECORD WAS SET OR TIED.
MM INDICATES DATA IS MISSING.
T  INDICATES TRACE AMOUNT.




$$
