000
CDUS41 KILN 250544
CLIDAY


CLIMATE REPORT
NATIONAL WEATHER SERVICE WILMINGTON OH
144 AM EDT MON SEP 25 2017


...................................

...THE DAYTON OH CLIMATE SUMMARY FOR SEPTEMBER 24 2017...

CLIMATE NORMAL PERIOD 1981 TO 2010
CLIMATE RECORD PERIOD 1869 TO 2017


WEATHER ITEM   OBSERVED TIME   RECORD YEAR NORMAL DEPARTURE LAST
                VALUE   (LST)  VALUE       VALUE  FROM      YEAR
                                                  NORMAL
..................................................................
TEMPERATURE (F)
 YESTERDAY
  MAXIMUM         89    300 PM  94    1908  73     16       79
  MINIMUM         62    655 AM  33    1950  52     10       62
  AVERAGE         76                        62     14       71

PRECIPITATION (IN)
  YESTERDAY        0.00          1.15 1945   0.11  -0.11     0.00
  MONTH TO DATE    2.16                      2.67  -0.51     1.90
  SINCE SEP 1      2.16                      2.67  -0.51     1.90
  SINCE JAN 1     39.27                     30.98   8.29    28.43

SNOWFALL (IN)
  YESTERDAY        0.0          MM      MM   0.0    0.0      0.0
  MONTH TO DATE    0.0                       0.0    0.0      0.0
  SINCE SEP 1      0.0                       0.0    0.0      0.0
  SINCE JUL 1      0.0                       0.0    0.0      0.0
  SNOW DEPTH       0

DEGREE DAYS
 HEATING
  YESTERDAY        0                         5     -5        0
  MONTH TO DATE   58                        53      5        0
  SINCE SEP 1     58                        53      5        0
  SINCE JUL 1     63                        55      8        3

 COOLING
  YESTERDAY       11                         2      9        6
  MONTH TO DATE   92                        90      2      170
  SINCE SEP 1     92                        90      2      170
  SINCE JAN 1    841                       872    -31     1198
..................................................................


WIND (MPH)
  RESULTANT WIND SPEED   5   RESULTANT WIND DIRECTION  SE (120)
  HIGHEST WIND SPEED    17   HIGHEST WIND DIRECTION     S (160)
  HIGHEST GUST SPEED    22   HIGHEST GUST DIRECTION     S (160)
  AVERAGE WIND SPEED     5.4



WEATHER CONDITIONS
 THE FOLLOWING WEATHER WAS RECORDED YESTERDAY.
  NO SIGNIFICANT WEATHER WAS OBSERVED.


RELATIVE HUMIDITY (PERCENT)
 HIGHEST    84           700 AM
 LOWEST     29           400 PM
 AVERAGE    57

..........................................................


THE DAYTON OH CLIMATE NORMALS FOR TODAY
                         NORMAL    RECORD    YEAR
 MAXIMUM TEMPERATURE (F)   72        94      1908
                                             1900
 MINIMUM TEMPERATURE (F)   51        35      1903


SUNRISE AND SUNSET
SEPTEMBER 25 2017.....SUNRISE   727 AM EDT   SUNSET   729 PM EDT
SEPTEMBER 26 2017.....SUNRISE   728 AM EDT   SUNSET   727 PM EDT


-  INDICATES NEGATIVE NUMBERS.
R  INDICATES RECORD WAS SET OR TIED.
MM INDICATES DATA IS MISSING.
T  INDICATES TRACE AMOUNT.




$$
