000
CDUS41 KILN 020551
CLIDAY


CLIMATE REPORT
NATIONAL WEATHER SERVICE WILMINGTON OH
150 AM EDT SAT AUG 2 2014


...................................

...THE DAYTON OH CLIMATE SUMMARY FOR AUGUST 1 2014...

CLIMATE NORMAL PERIOD 1981 TO 2010
CLIMATE RECORD PERIOD 1869 TO 2014


WEATHER ITEM   OBSERVED TIME   RECORD YEAR NORMAL DEPARTURE LAST
                VALUE   (LST)  VALUE       VALUE  FROM      YEAR
                                                  NORMAL
..................................................................
TEMPERATURE (F)
 YESTERDAY
  MAXIMUM         84    115 PM  96    1935  83      1       81
                                      1894
  MINIMUM         60    419 AM  52    1903  64     -4       64
  AVERAGE         72                        74     -2       73

PRECIPITATION (IN)
  YESTERDAY        0.00          2.19 1953   0.10  -0.10     0.00
  MONTH TO DATE    0.00                      0.10  -0.10     0.00
  SINCE JUN 1      6.76                      8.38  -1.62     6.70
  SINCE JAN 1     24.84                     25.42  -0.58    21.00

SNOWFALL (IN)
  YESTERDAY        0.0           0.0    MM   0.0    0.0      0.0
  MONTH TO DATE    0.0                       0.0    0.0      0.0
  SINCE JUN 1      0.0                       0.0    0.0      0.0
  SINCE JUL 1      0.0                       0.0    0.0      0.0
  SNOW DEPTH       0

DEGREE DAYS
 HEATING
  YESTERDAY        0                         0      0        0
  MONTH TO DATE    0                         0      0        0
  SINCE JUN 1      6                        22    -16       14
  SINCE JUL 1      4                         0      4        3

 COOLING
  YESTERDAY        7                         9     -2        8
  MONTH TO DATE    7                         9     -2        8
  SINCE JUN 1    462                       478    -16      505
  SINCE JAN 1    591                       548     43      636
..................................................................


WIND (MPH)
  RESULTANT WIND SPEED   1   RESULTANT WIND DIRECTION  NE (50)
  HIGHEST WIND SPEED     9   HIGHEST WIND DIRECTION    NE (40)
  HIGHEST GUST SPEED    16   HIGHEST GUST DIRECTION     E (70)
  AVERAGE WIND SPEED     2.1



WEATHER CONDITIONS
 THE FOLLOWING WEATHER WAS RECORDED YESTERDAY.
  FOG
  HAZE


RELATIVE HUMIDITY (PERCENT)
 HIGHEST    90           600 AM
 LOWEST     42           200 PM
 AVERAGE    66

..........................................................


THE DAYTON OH CLIMATE NORMALS FOR TODAY
                         NORMAL    RECORD    YEAR
 MAXIMUM TEMPERATURE (F)   83        98      1899
 MINIMUM TEMPERATURE (F)   64        49      1965


SUNRISE AND SUNSET
AUGUST  2 2014........SUNRISE   636 AM EDT   SUNSET   849 PM EDT
AUGUST  3 2014........SUNRISE   637 AM EDT   SUNSET   848 PM EDT


-  INDICATES NEGATIVE NUMBERS.
R  INDICATES RECORD WAS SET OR TIED.
MM INDICATES DATA IS MISSING.
T  INDICATES TRACE AMOUNT.




$$
