000
CDUS41 KILN 192154
CLIDAY


CLIMATE REPORT
NATIONAL WEATHER SERVICE WILMINGTON OH
454 PM EST FRI DEC 19 2014


...................................

...THE DAYTON OH CLIMATE SUMMARY FOR DECEMBER 19 2014...
VALID TODAY AS OF 0400 PM LOCAL TIME.

CLIMATE NORMAL PERIOD 1981 TO 2010
CLIMATE RECORD PERIOD 1869 TO 2014


WEATHER ITEM   OBSERVED TIME   RECORD YEAR NORMAL DEPARTURE LAST
                VALUE   (LST)  VALUE       VALUE  FROM      YEAR
                                                  NORMAL
..................................................................
TEMPERATURE (F)
 TODAY
  MAXIMUM         31    416 PM  60    1924  37     -6       49
                                      1895
  MINIMUM         26    705 AM  -7    1963  23      3       34
  AVERAGE         29                        30     -1       42

PRECIPITATION (IN)
  TODAY            0.00          1.55 2008   0.09  -0.09     0.00
  MONTH TO DATE    2.00                      1.89   0.11     1.44
  SINCE DEC 1      2.00                      1.89   0.11     1.44
  SINCE JAN 1     35.19                     39.82  -4.63    33.39

SNOWFALL (IN)
  TODAY            0.0           5.4  1995   0.2   -0.2      0.0
  MONTH TO DATE    0.1                       2.3   -2.2     12.4
  SINCE DEC 1      0.1                       2.3   -2.2     12.4
  SINCE JUL 1      4.2                       3.3    0.9     14.4
  SNOW DEPTH       0

DEGREE DAYS
 HEATING
  TODAY           36                        35      1       23
  MONTH TO DATE  558                       613    -55      655
  SINCE DEC 1    558                       613    -55      655
  SINCE JUL 1   1774                      1724     50     1779

 COOLING
  TODAY            0                         0      0        0
  MONTH TO DATE    0                         0      0        0
  SINCE DEC 1      0                         0      0        0
  SINCE JAN 1    977                       891     86     1062
..................................................................


WIND (MPH)
  RESULTANT WIND SPEED   4   RESULTANT WIND DIRECTION   W (290)
  HIGHEST WIND SPEED    12   HIGHEST WIND DIRECTION    NW (330)
  HIGHEST GUST SPEED    14   HIGHEST GUST DIRECTION    NW (310)
  AVERAGE WIND SPEED     4.6


SKY COVER
  POSSIBLE SUNSHINE  MM
  AVERAGE SKY COVER 1.0


WEATHER CONDITIONS
 THE FOLLOWING WEATHER WAS RECORDED TODAY.
  HAZE


RELATIVE HUMIDITY (PERCENT)
 HIGHEST    81          1200 AM
 LOWEST     72           100 PM
 AVERAGE    77

..........................................................


THE DAYTON OH CLIMATE NORMALS FOR TOMORROW
                         NORMAL    RECORD    YEAR
 MAXIMUM TEMPERATURE (F)   37        63      1895
 MINIMUM TEMPERATURE (F)   23       -12      1963


SUNRISE AND SUNSET
DECEMBER 19 2014......SUNRISE   754 AM EST   SUNSET   514 PM EST
DECEMBER 20 2014......SUNRISE   754 AM EST   SUNSET   515 PM EST


-  INDICATES NEGATIVE NUMBERS.
R  INDICATES RECORD WAS SET OR TIED.
MM INDICATES DATA IS MISSING.
T  INDICATES TRACE AMOUNT.




$$
