000
CDUS41 KILN 250546
CLIDAY


CLIMATE REPORT
NATIONAL WEATHER SERVICE WILMINGTON OH
146 AM EDT MON MAY 25 2015


...................................

...THE DAYTON OH CLIMATE SUMMARY FOR MAY 24 2015...

CLIMATE NORMAL PERIOD 1981 TO 2010
CLIMATE RECORD PERIOD 1869 TO 2015


WEATHER ITEM   OBSERVED TIME   RECORD YEAR NORMAL DEPARTURE LAST
                VALUE   (LST)  VALUE       VALUE  FROM      YEAR
                                                  NORMAL
..................................................................
TEMPERATURE (F)
 YESTERDAY
  MAXIMUM         84    441 PM  90    1975  74     10       76
  MINIMUM         56    543 AM  36    1925  54      2       51
  AVERAGE         70                        64      6       64

PRECIPITATION (IN)
  YESTERDAY        0.00          1.18 1947   0.15  -0.15     0.00
  MONTH TO DATE    1.28                      3.60  -2.32     4.60
  SINCE MAR 1     10.45                     11.03  -0.58    13.02
  SINCE JAN 1     14.81                     15.98  -1.17    18.00

SNOWFALL (IN)
  YESTERDAY        0.0           0.0    MM   0.0    0.0      0.0
  MONTH TO DATE    0.0                       0.0    0.0      0.0
  SINCE MAR 1      5.7                       4.0    1.7      8.2
  SINCE JUL 1     27.7                      23.3    4.4     53.6
  SNOW DEPTH       0

DEGREE DAYS
 HEATING
  YESTERDAY        0                         4     -4        1
  MONTH TO DATE   67                       147    -80      130
  SINCE MAR 1   1198                      1323   -125     1339
  SINCE JUL 1   5761                      5598    163     5938

 COOLING
  YESTERDAY        5                         3      2        0
  MONTH TO DATE  109                        38     71       64
  SINCE MAR 1    113                        48     65       72
  SINCE JAN 1    113                        48     65       72
..................................................................


WIND (MPH)
  RESULTANT WIND SPEED   9   RESULTANT WIND DIRECTION   S (180)
  HIGHEST WIND SPEED    18   HIGHEST WIND DIRECTION     S (180)
  HIGHEST GUST SPEED    24   HIGHEST GUST DIRECTION     S (190)
  AVERAGE WIND SPEED     9.8



WEATHER CONDITIONS
 THE FOLLOWING WEATHER WAS RECORDED YESTERDAY.
  NO SIGNIFICANT WEATHER WAS OBSERVED.


RELATIVE HUMIDITY (PERCENT)
 HIGHEST    72           500 AM
 LOWEST     33           600 PM
 AVERAGE    53

..........................................................


THE DAYTON OH CLIMATE NORMALS FOR TODAY
                         NORMAL    RECORD    YEAR
 MAXIMUM TEMPERATURE (F)   74        92      1939
 MINIMUM TEMPERATURE (F)   54        33      1925


SUNRISE AND SUNSET
MAY 25 2015...........SUNRISE   614 AM EDT   SUNSET   854 PM EDT
MAY 26 2015...........SUNRISE   614 AM EDT   SUNSET   854 PM EDT


-  INDICATES NEGATIVE NUMBERS.
R  INDICATES RECORD WAS SET OR TIED.
MM INDICATES DATA IS MISSING.
T  INDICATES TRACE AMOUNT.




$$
