000
CDUS41 KILN 170554
CLIDAY


CLIMATE REPORT
NATIONAL WEATHER SERVICE WILMINGTON OH
1246 AM EST TUE JAN 17 2017


...................................

...THE DAYTON OH CLIMATE SUMMARY FOR JANUARY 16 2017...

CLIMATE NORMAL PERIOD 1981 TO 2010
CLIMATE RECORD PERIOD 1869 TO 2017


WEATHER ITEM   OBSERVED TIME   RECORD YEAR NORMAL DEPARTURE LAST
                VALUE   (LST)  VALUE       VALUE  FROM      YEAR
                                                  NORMAL
..................................................................
TEMPERATURE (F)
 YESTERDAY
  MAXIMUM         48   1159 PM  59    1990  34     14       32
                                      1928
  MINIMUM         32   1210 AM -17    1977  20     12       28
  AVERAGE         40                        27     13       30

PRECIPITATION (IN)
  YESTERDAY        0.20          0.69 1924   0.08   0.12     0.02
  MONTH TO DATE    2.23                      1.49   0.74     1.34
  SINCE DEC 1      5.22                      4.61   0.61     5.73
  SINCE JAN 1      2.23                      1.49   0.74     1.34

SNOWFALL (IN)
  YESTERDAY        0.0           7.1  1994   0.3   -0.3      0.2
  MONTH TO DATE    1.2                       4.0   -2.8      3.0
  SINCE DEC 1      5.3                       8.5   -3.2      3.2
  SINCE JUL 1      5.3                       9.5   -4.2      3.2
  SNOW DEPTH       0

DEGREE DAYS
 HEATING
  YESTERDAY       25                        38    -13       35
  MONTH TO DATE  560                       602    -42      571
  SINCE DEC 1   1628                      1650    -22     1224
  SINCE JUL 1   2401                      2761   -360     2060

 COOLING
  YESTERDAY        0                         0      0        0
  MONTH TO DATE    0                         0      0        0
  SINCE DEC 1      0                         0      0        0
  SINCE JAN 1      0                         0      0        0
..................................................................


WIND (MPH)
  RESULTANT WIND SPEED   6   RESULTANT WIND DIRECTION  SE (130)
  HIGHEST WIND SPEED    13   HIGHEST WIND DIRECTION    SE (150)
  HIGHEST GUST SPEED    15   HIGHEST GUST DIRECTION    SE (150)
  AVERAGE WIND SPEED     7.0



WEATHER CONDITIONS
 THE FOLLOWING WEATHER WAS RECORDED YESTERDAY.
  RAIN
  LIGHT RAIN
  FOG


RELATIVE HUMIDITY (PERCENT)
 HIGHEST   100           600 AM
 LOWEST     89           100 AM
 AVERAGE    95

..........................................................


THE DAYTON OH CLIMATE NORMALS FOR TODAY
                         NORMAL    RECORD    YEAR
 MAXIMUM TEMPERATURE (F)   35        63      1952
 MINIMUM TEMPERATURE (F)   20       -21      1977


SUNRISE AND SUNSET
JANUARY 17 2017.......SUNRISE   755 AM EST   SUNSET   539 PM EST
JANUARY 18 2017.......SUNRISE   755 AM EST   SUNSET   540 PM EST


-  INDICATES NEGATIVE NUMBERS.
R  INDICATES RECORD WAS SET OR TIED.
MM INDICATES DATA IS MISSING.
T  INDICATES TRACE AMOUNT.




$$
