000
CDUS41 KILN 292054
CLIDAY


CLIMATE REPORT
NATIONAL WEATHER SERVICE WILMINGTON OH
453 PM EDT FRI AUG 29 2014


...................................

...THE DAYTON OH CLIMATE SUMMARY FOR AUGUST 29 2014...
VALID TODAY AS OF 0400 PM LOCAL TIME.

CLIMATE NORMAL PERIOD 1981 TO 2010
CLIMATE RECORD PERIOD 1869 TO 2014


WEATHER ITEM   OBSERVED TIME   RECORD YEAR NORMAL DEPARTURE LAST
                VALUE   (LST)  VALUE       VALUE  FROM      YEAR
                                                  NORMAL
..................................................................
TEMPERATURE (F)
 TODAY
  MAXIMUM         85    331 PM  96    1953  82      3       85
  MINIMUM         64    654 AM  41    1986  61      3       68
  AVERAGE         75                        71      4       77

PRECIPITATION (IN)
  TODAY            0.00          1.06 2003   0.11  -0.11     0.00
  MONTH TO DATE    2.76                      2.78  -0.02     1.38
  SINCE JUN 1      9.52                     11.06  -1.54     8.08
  SINCE JAN 1     27.60                     28.10  -0.50    22.38

SNOWFALL (IN)
  TODAY            0.0                       0.0    0.0      0.0
  MONTH TO DATE    0.0                       0.0    0.0      0.0
  SINCE JUN 1      0.0                       0.0    0.0      0.0
  SINCE JUL 1      0.0                       0.0    0.0      0.0
  SNOW DEPTH       0

DEGREE DAYS
 HEATING
  TODAY            0                         0      0        0
  MONTH TO DATE    3                         0      3        9
  SINCE JUN 1      9                        22    -13       23
  SINCE JUL 1      7                         0      7       12

 COOLING
  TODAY           10                         7      3       12
  MONTH TO DATE  260                       231     29      230
  SINCE JUN 1    715                       700     15      727
  SINCE JAN 1    844                       770     74      858
..................................................................


WIND (MPH)
  RESULTANT WIND SPEED   8   RESULTANT WIND DIRECTION  SE (130)
  HIGHEST WIND SPEED    13   HIGHEST WIND DIRECTION    SE (150)
  HIGHEST GUST SPEED    20   HIGHEST GUST DIRECTION     S (160)
  AVERAGE WIND SPEED     8.2


SKY COVER
  POSSIBLE SUNSHINE  MM
  AVERAGE SKY COVER 0.2


WEATHER CONDITIONS
 THE FOLLOWING WEATHER WAS RECORDED TODAY.
  NO SIGNIFICANT WEATHER WAS OBSERVED.


RELATIVE HUMIDITY (PERCENT)
 HIGHEST    78           200 AM
 LOWEST     51           100 PM
 AVERAGE    65

..........................................................


THE DAYTON OH CLIMATE NORMALS FOR TOMORROW
                         NORMAL    RECORD    YEAR
 MAXIMUM TEMPERATURE (F)   81        96      1953
                                             1898
 MINIMUM TEMPERATURE (F)   61        43      1986
                                             1976


SUNRISE AND SUNSET
AUGUST 29 2014........SUNRISE   702 AM EDT   SUNSET   813 PM EDT
AUGUST 30 2014........SUNRISE   703 AM EDT   SUNSET   811 PM EDT


-  INDICATES NEGATIVE NUMBERS.
R  INDICATES RECORD WAS SET OR TIED.
MM INDICATES DATA IS MISSING.
T  INDICATES TRACE AMOUNT.




$$
