000
CDUS41 KILN 230627
CLIDAY


CLIMATE REPORT
NATIONAL WEATHER SERVICE WILMINGTON OH
122 AM EST THU FEB 23 2017


...................................

...THE DAYTON OH CLIMATE SUMMARY FOR FEBRUARY 22 2017...

CLIMATE NORMAL PERIOD 1981 TO 2010
CLIMATE RECORD PERIOD 1869 TO 2017


WEATHER ITEM   OBSERVED TIME   RECORD YEAR NORMAL DEPARTURE LAST
                VALUE   (LST)  VALUE       VALUE  FROM      YEAR
                                                  NORMAL
..................................................................
TEMPERATURE (F)
 YESTERDAY
  MAXIMUM         61    432 PM  69    1922  41     20       50
  MINIMUM         54    511 AM -10    1963  25     29       27
  AVERAGE         58                        33     25       39

PRECIPITATION (IN)
  YESTERDAY        T             0.84 1975   0.08  -0.08     0.00
  MONTH TO DATE    1.01                      1.75  -0.74     1.46
  SINCE DEC 1      7.42                      7.58  -0.16     7.35
  SINCE JAN 1      4.43                      4.46  -0.03     2.96

SNOWFALL (IN)
  YESTERDAY        0.0           3.9  2001   0.2   -0.2      0.0
  MONTH TO DATE    1.2                       4.7   -3.5      4.1
  SINCE DEC 1      7.2                      17.1   -9.9      9.1
  SINCE JUL 1      7.2                      18.1  -10.9      9.1
  SNOW DEPTH       0

DEGREE DAYS
 HEATING
  YESTERDAY        7                        32    -25       26
  MONTH TO DATE  548                       765   -217      735
  SINCE DEC 1   2559                      2977   -418     2530
  SINCE JUL 1   3332                      4088   -756     3366

 COOLING
  YESTERDAY        0                         0      0        0
  MONTH TO DATE    0                         0      0        0
  SINCE DEC 1      0                         0      0        0
  SINCE JAN 1      0                         0      0        0
..................................................................


WIND (MPH)
  RESULTANT WIND SPEED   8   RESULTANT WIND DIRECTION   S (190)
  HIGHEST WIND SPEED    13   HIGHEST WIND DIRECTION    SE (150)
  HIGHEST GUST SPEED    17   HIGHEST GUST DIRECTION    SE (150)
  AVERAGE WIND SPEED     8.7



WEATHER CONDITIONS
 THE FOLLOWING WEATHER WAS RECORDED YESTERDAY.
  FOG
  HAZE


RELATIVE HUMIDITY (PERCENT)
 HIGHEST   100           100 AM
 LOWEST     84           400 PM
 AVERAGE    92

..........................................................


THE DAYTON OH CLIMATE NORMALS FOR TODAY
                         NORMAL    RECORD    YEAR
 MAXIMUM TEMPERATURE (F)   41        68      1985
 MINIMUM TEMPERATURE (F)   25         0      2015


SUNRISE AND SUNSET
FEBRUARY 23 2017......SUNRISE   718 AM EST   SUNSET   622 PM EST
FEBRUARY 24 2017......SUNRISE   717 AM EST   SUNSET   623 PM EST


-  INDICATES NEGATIVE NUMBERS.
R  INDICATES RECORD WAS SET OR TIED.
MM INDICATES DATA IS MISSING.
T  INDICATES TRACE AMOUNT.




$$
