805
CDUS41 KILN 240607
CLIDAY


CLIMATE REPORT
NATIONAL WEATHER SERVICE WILMINGTON OH
206 AM EDT WED MAY 24 2017


...................................

...THE DAYTON OH CLIMATE SUMMARY FOR MAY 23 2017...

CLIMATE NORMAL PERIOD 1981 TO 2010
CLIMATE RECORD PERIOD 1869 TO 2017


WEATHER ITEM   OBSERVED TIME   RECORD YEAR NORMAL DEPARTURE LAST
                VALUE   (LST)  VALUE       VALUE  FROM      YEAR
                                                  NORMAL
..................................................................
TEMPERATURE (F)
 YESTERDAY
  MAXIMUM         73    254 PM  90    1939  73      0       76
  MINIMUM         49    531 AM  34    1963  54     -5       43
  AVERAGE         61                        64     -3       60

PRECIPITATION (IN)
  YESTERDAY        0.00          3.17 1989   0.16  -0.16     0.00
  MONTH TO DATE    3.99                      3.45   0.54     2.72
  SINCE MAR 1     14.40                     10.88   3.52    11.17
  SINCE JAN 1     19.34                     15.83   3.51    15.99

SNOWFALL (IN)
  YESTERDAY        0.0                       0.0    0.0      0.0
  MONTH TO DATE    0.0                       0.0    0.0      0.0
  SINCE MAR 1      1.3                       4.0   -2.7      2.1
  SINCE JUL 1      8.5                      23.3  -14.8     12.7
  SNOW DEPTH       0

DEGREE DAYS
 HEATING
  YESTERDAY        4                         4      0        5
  MONTH TO DATE  158                       143     15      188
  SINCE MAR 1   1123                      1319   -196     1136
  SINCE JUL 1   4553                      5594  -1041     4677

 COOLING
  YESTERDAY        0                         3     -3        0
  MONTH TO DATE   39                        35      4        9
  SINCE MAR 1     72                        45     27       13
  SINCE JAN 1     72                        45     27       13
..................................................................


WIND (MPH)
  RESULTANT WIND SPEED   5   RESULTANT WIND DIRECTION  SE (120)
  HIGHEST WIND SPEED    14   HIGHEST WIND DIRECTION    SE (120)
  HIGHEST GUST SPEED    19   HIGHEST GUST DIRECTION     E (110)
  AVERAGE WIND SPEED     5.9



WEATHER CONDITIONS
 THE FOLLOWING WEATHER WAS RECORDED YESTERDAY.
  NO SIGNIFICANT WEATHER WAS OBSERVED.


RELATIVE HUMIDITY (PERCENT)
 HIGHEST    93           600 AM
 LOWEST     41           300 PM
 AVERAGE    67

..........................................................


THE DAYTON OH CLIMATE NORMALS FOR TODAY
                         NORMAL    RECORD    YEAR
 MAXIMUM TEMPERATURE (F)   74        90      1975
 MINIMUM TEMPERATURE (F)   54        36      1925


SUNRISE AND SUNSET
MAY 24 2017...........SUNRISE   615 AM EDT   SUNSET   853 PM EDT
MAY 25 2017...........SUNRISE   614 AM EDT   SUNSET   854 PM EDT


-  INDICATES NEGATIVE NUMBERS.
R  INDICATES RECORD WAS SET OR TIED.
MM INDICATES DATA IS MISSING.
T  INDICATES TRACE AMOUNT.




$$
