000
CDUS41 KILN 220643
CLIDAY


CLIMATE REPORT
NATIONAL WEATHER SERVICE WILMINGTON OH
143 AM EST MON JAN 22 2018


...................................

...THE DAYTON OH CLIMATE SUMMARY FOR JANUARY 21 2018...

CLIMATE NORMAL PERIOD 1981 TO 2010
CLIMATE RECORD PERIOD 1869 TO 2018


WEATHER ITEM   OBSERVED TIME   RECORD YEAR NORMAL DEPARTURE LAST
                VALUE   (LST)  VALUE       VALUE  FROM      YEAR
                                                  NORMAL
..................................................................
TEMPERATURE (F)
 YESTERDAY
  MAXIMUM         52    936 PM  75    1906  35     17       61
  MINIMUM         39    207 AM -20    1984  20     19       44
  AVERAGE         46                        27     19       53

PRECIPITATION (IN)
  YESTERDAY        0.01          4.16 1959   0.08  -0.07     0.00
  MONTH TO DATE    1.54                      1.91  -0.37     3.23
  SINCE DEC 1      3.08                      5.03  -1.95     6.22
  SINCE JAN 1      1.54                      1.91  -0.37     3.23

SNOWFALL (IN)
  YESTERDAY        0.0           4.0  1926   0.3   -0.3      0.0
  MONTH TO DATE    5.8                       5.4    0.4      1.2
  SINCE DEC 1     14.4                       9.9    4.5      5.3
  SINCE JUL 1     14.4                      10.9    3.5      5.3
  SNOW DEPTH       0

DEGREE DAYS
 HEATING
  YESTERDAY       19                        38    -19       12
  MONTH TO DATE  922                       792    130      654
  SINCE DEC 1   2035                      1840    195     1722
  SINCE JUL 1   3042                      2951     91     2495

 COOLING
  YESTERDAY        0                         0      0        0
  MONTH TO DATE    0                         0      0        0
  SINCE DEC 1      0                         0      0        0
  SINCE JAN 1      0                         0      0        0
..................................................................


WIND (MPH)
  RESULTANT WIND SPEED   9   RESULTANT WIND DIRECTION   S (200)
  HIGHEST WIND SPEED    16   HIGHEST WIND DIRECTION    SW (210)
  HIGHEST GUST SPEED    22   HIGHEST GUST DIRECTION    SW (220)
  AVERAGE WIND SPEED     9.2



WEATHER CONDITIONS
 THE FOLLOWING WEATHER WAS RECORDED YESTERDAY.
  LIGHT RAIN
  FOG
  FOG W/VISIBILITY <= 1/4 MILE


RELATIVE HUMIDITY (PERCENT)
 HIGHEST   100           100 AM
 LOWEST     83           200 PM
 AVERAGE    92

..........................................................


THE DAYTON OH CLIMATE NORMALS FOR TODAY
                         NORMAL    RECORD    YEAR
 MAXIMUM TEMPERATURE (F)   35        67      1933
                                             1906
 MINIMUM TEMPERATURE (F)   20       -15      1936


SUNRISE AND SUNSET
JANUARY 22 2018.......SUNRISE   753 AM EST   SUNSET   544 PM EST
JANUARY 23 2018.......SUNRISE   752 AM EST   SUNSET   545 PM EST


-  INDICATES NEGATIVE NUMBERS.
R  INDICATES RECORD WAS SET OR TIED.
MM INDICATES DATA IS MISSING.
T  INDICATES TRACE AMOUNT.




$$
