000
CDUS41 KILN 290534
CLIDAY


CLIMATE REPORT
NATIONAL WEATHER SERVICE WILMINGTON OH
134 AM EDT FRI APR 29 2016


...................................

...THE DAYTON OH CLIMATE SUMMARY FOR APRIL 28 2016...

CLIMATE NORMAL PERIOD 1981 TO 2010
CLIMATE RECORD PERIOD 1869 TO 2016


WEATHER ITEM   OBSERVED TIME   RECORD YEAR NORMAL DEPARTURE LAST
                VALUE   (LST)  VALUE       VALUE  FROM      YEAR
                                                  NORMAL
..................................................................
TEMPERATURE (F)
 YESTERDAY
  MAXIMUM         68    319 PM  85    1894  66      2       63
  MINIMUM         50    934 AM  29    1934  46      4       36
  AVERAGE         59                        56      3       50

PRECIPITATION (IN)
  YESTERDAY        0.16          1.26 1958   0.14   0.02     0.00
  MONTH TO DATE    2.38                      3.81  -1.43     5.26
  SINCE MAR 1      7.88                      7.15   0.73     9.17
  SINCE JAN 1     12.70                     12.10   0.60    13.53

SNOWFALL (IN)
  YESTERDAY        0.0           0.0    MM   0.0    0.0      0.0
  MONTH TO DATE    0.7                       0.6    0.1      0.0
  SINCE MAR 1      2.1                       4.0   -1.9      5.7
  SINCE JUL 1     12.7                      23.3  -10.6     27.7
  SNOW DEPTH       0

DEGREE DAYS
 HEATING
  YESTERDAY        6                        10     -4       15
  MONTH TO DATE  388                       394     -6      304
  SINCE MAR 1    925                      1158   -233     1111
  SINCE JUL 1   4466                      5433   -967     5674

 COOLING
  YESTERDAY        0                         1     -1        0
  MONTH TO DATE    4                         8     -4        4
  SINCE MAR 1      4                         8     -4        4
  SINCE JAN 1      4                         8     -4        4
..................................................................


WIND (MPH)
  RESULTANT WIND SPEED   4   RESULTANT WIND DIRECTION  NE (30)
  HIGHEST WIND SPEED    18   HIGHEST WIND DIRECTION     E (100)
  HIGHEST GUST SPEED    21   HIGHEST GUST DIRECTION     E (90)
  AVERAGE WIND SPEED     6.2



WEATHER CONDITIONS
 THE FOLLOWING WEATHER WAS RECORDED YESTERDAY.
  THUNDERSTORM
  LIGHT RAIN
  FOG
  HAZE


RELATIVE HUMIDITY (PERCENT)
 HIGHEST    96           900 PM
 LOWEST     78          1200 PM
 AVERAGE    87

..........................................................


THE DAYTON OH CLIMATE NORMALS FOR TODAY
                         NORMAL    RECORD    YEAR
 MAXIMUM TEMPERATURE (F)   67        87      1899
 MINIMUM TEMPERATURE (F)   46        30      1977


SUNRISE AND SUNSET
APRIL 29 2016.........SUNRISE   639 AM EDT   SUNSET   830 PM EDT
APRIL 30 2016.........SUNRISE   638 AM EDT   SUNSET   831 PM EDT


-  INDICATES NEGATIVE NUMBERS.
R  INDICATES RECORD WAS SET OR TIED.
MM INDICATES DATA IS MISSING.
T  INDICATES TRACE AMOUNT.




$$
