000
CDUS41 KILN 160602
CLIDAY


CLIMATE REPORT
NATIONAL WEATHER SERVICE WILMINGTON OH
158 AM EDT WED APR 16 2014


...................................

...THE DAYTON OH CLIMATE SUMMARY FOR APRIL 15 2014...

CLIMATE NORMAL PERIOD 1981 TO 2010
CLIMATE RECORD PERIOD 1869 TO 2014


WEATHER ITEM   OBSERVED TIME   RECORD YEAR NORMAL DEPARTURE LAST
                VALUE   (LST)  VALUE       VALUE  FROM      YEAR
                                                  NORMAL
..................................................................
TEMPERATURE (F)
 YESTERDAY
  MAXIMUM         38    350 PM  82    2010  62    -24       68
                                      2002
  MINIMUM         27   1157 PM  23    1907  41    -14       52
  AVERAGE         33                        52    -19       60

PRECIPITATION (IN)
  YESTERDAY        0.13          1.87 1939   0.14  -0.01     0.00
  MONTH TO DATE    3.94                      1.97   1.97     1.44
  SINCE MAR 1      6.56                      5.31   1.25     4.60
  SINCE JAN 1     11.54                     10.26   1.28     8.99

SNOWFALL (IN)
  YESTERDAY        1.1 R         0.1  1935   0.0    1.1      0.0
  MONTH TO DATE    1.1                       0.5    0.6      0.0
  SINCE MAR 1      8.2                       3.9    4.3     14.2
  SINCE JUL 1     53.6                      23.2   30.4     35.9
  SNOW DEPTH       1

DEGREE DAYS
 HEATING
  YESTERDAY       32                        14     18        5
  MONTH TO DATE  186                       244    -58      213
  SINCE MAR 1   1063                      1008     55     1125
  SINCE JUL 1   5662                      5283    379     5175

 COOLING
  YESTERDAY        0                         0      0        0
  MONTH TO DATE    8                         0      8        9
  SINCE MAR 1      8                         0      8        9
  SINCE JAN 1      8                         0      8        9
..................................................................


WIND (MPH)
  RESULTANT WIND SPEED  14   RESULTANT WIND DIRECTION  NW (330)
  HIGHEST WIND SPEED    25   HIGHEST WIND DIRECTION    NW (330)
  HIGHEST GUST SPEED    32   HIGHEST GUST DIRECTION    NW (310)
  AVERAGE WIND SPEED    14.1



WEATHER CONDITIONS
 THE FOLLOWING WEATHER WAS RECORDED YESTERDAY.
  LIGHT RAIN
  SNOW
  LIGHT SNOW
  FOG


RELATIVE HUMIDITY (PERCENT)
 HIGHEST    92           300 AM
 LOWEST     47           500 PM
 AVERAGE    70

..........................................................


THE DAYTON OH CLIMATE NORMALS FOR TODAY
                         NORMAL    RECORD    YEAR
 MAXIMUM TEMPERATURE (F)   62        87      1896
 MINIMUM TEMPERATURE (F)   42        23      1962


SUNRISE AND SUNSET
APRIL 16 2014.........SUNRISE   658 AM EDT   SUNSET   816 PM EDT
APRIL 17 2014.........SUNRISE   656 AM EDT   SUNSET   817 PM EDT


-  INDICATES NEGATIVE NUMBERS.
R  INDICATES RECORD WAS SET OR TIED.
MM INDICATES DATA IS MISSING.
T  INDICATES TRACE AMOUNT.




$$
