000
CDUS43 KDVN 182125
CLIDBQ


CLIMATE REPORT
NATIONAL WEATHER SERVICE QUAD CITIES IA IL
422 PM CDT WED OCT 18 2017


...................................

...THE DUBUQUE IA CLIMATE SUMMARY FOR OCTOBER 18 2017...
VALID TODAY AS OF 0400 PM LOCAL TIME.

CLIMATE NORMAL PERIOD 1981 TO 2010
CLIMATE RECORD PERIOD 1873 TO 2017


WEATHER ITEM   OBSERVED TIME   RECORD YEAR NORMAL DEPARTURE LAST
                VALUE   (LST)  VALUE       VALUE  FROM      YEAR
                                                  NORMAL
..................................................................
TEMPERATURE (F)
 TODAY
  MAXIMUM         71    258 PM  87    1950  59     12       72
  MINIMUM         45    223 AM  16    1952  39      6       49
  AVERAGE         58                        49      9       61

PRECIPITATION (IN)
  TODAY            0.00          1.67 1984   0.09  -0.09     0.00
  MONTH TO DATE    6.04                      1.54   4.50     1.42
  SINCE SEP 1      7.06                      5.00   2.06     6.59
  SINCE JAN 1     34.48                     30.98   3.50    35.75

SNOWFALL (IN)
  TODAY            0.0          MM      MM   0.0    0.0      0.0
  MONTH TO DATE    0.0                       0.0    0.0      0.0
  SINCE SEP 1      0.0                       0.0    0.0      0.0
  SINCE JUL 1      0.0                       0.0    0.0      0.0
  SNOW DEPTH       0

DEGREE DAYS
 HEATING
  TODAY            7                        16     -9        4
  MONTH TO DATE  125                       234   -109      121
  SINCE SEP 1    214                       385   -171      172
  SINCE JUL 1    240                       412   -172      179

 COOLING
  TODAY            0                         0      0        0
  MONTH TO DATE    9                         4      5       14
  SINCE SEP 1    111                        65     46      101
  SINCE JAN 1    566                       641    -75      781
..................................................................


WIND (MPH)
  HIGHEST WIND SPEED    25   HIGHEST WIND DIRECTION     S (190)
  HIGHEST GUST SPEED    32   HIGHEST GUST DIRECTION     S (200)
  AVERAGE WIND SPEED    14.1


SKY COVER
  POSSIBLE SUNSHINE  MM
  AVERAGE SKY COVER 0.0


WEATHER CONDITIONS
 THE FOLLOWING WEATHER WAS RECORDED TODAY.
  NO SIGNIFICANT WEATHER WAS OBSERVED.


RELATIVE HUMIDITY (PERCENT)
 HIGHEST    86           200 AM
 LOWEST     40           300 PM
 AVERAGE    63

..........................................................


THE DUBUQUE IA CLIMATE NORMALS FOR TOMORROW
                         NORMAL    RECORD    YEAR
 MAXIMUM TEMPERATURE (F)   59        83      1953
 MINIMUM TEMPERATURE (F)   39        18      1972


SUNRISE AND SUNSET
OCTOBER 18 2017.......SUNRISE   720 AM CDT   SUNSET   616 PM CDT
OCTOBER 19 2017.......SUNRISE   721 AM CDT   SUNSET   614 PM CDT


-  INDICATES NEGATIVE NUMBERS.
R  INDICATES RECORD WAS SET OR TIED.
MM INDICATES DATA IS MISSING.
T  INDICATES TRACE AMOUNT.




$$
