000
CDUS43 KDVN 300926
CLIDBQ


CLIMATE REPORT
NATIONAL WEATHER SERVICE QUAD CITIES IA IL
424 AM CDT MON MAR 30 2015


...................................

...THE DUBUQUE IA CLIMATE SUMMARY FOR MARCH 29 2015...

CLIMATE NORMAL PERIOD 1981 TO 2010
CLIMATE RECORD PERIOD 1873 TO 2015


WEATHER ITEM   OBSERVED TIME   RECORD YEAR NORMAL DEPARTURE LAST
                VALUE   (LST)  VALUE       VALUE  FROM      YEAR
                                                  NORMAL
..................................................................
TEMPERATURE (F)
 YESTERDAY
  MAXIMUM         54    216 PM  86    1895  51      3       48
  MINIMUM         29    536 AM   2    1887  31     -2       30
  AVERAGE         42                        41      1       39

PRECIPITATION (IN)
  YESTERDAY        0.10          0.99 1974   0.09   0.01     0.00
  MONTH TO DATE    0.80                      2.21  -1.41     1.11
  SINCE MAR 1      0.80                      2.21  -1.41     1.11
  SINCE JAN 1      3.09                      4.82  -1.73     3.59

SNOWFALL (IN)
  YESTERDAY        0.0          MM      MM   0.1   -0.1      0.0
  MONTH TO DATE    4.1                       6.0   -1.9     10.9
  SINCE MAR 1      4.1                       6.0   -1.9     10.9
  SINCE JUL 1     33.7                      39.6   -5.9     62.6
  SNOW DEPTH       0

DEGREE DAYS
 HEATING
  YESTERDAY       23                        24     -1       26
  MONTH TO DATE  879                       871      8     1123
  SINCE MAR 1    879                       871      8     1123
  SINCE JUL 1   6727                      6264    463     7499

 COOLING
  YESTERDAY        0                         0      0        0
  MONTH TO DATE    0                         0      0        0
  SINCE MAR 1      0                         0      0        0
  SINCE JAN 1      0                         0      0        0
..................................................................


WIND (MPH)
  HIGHEST WIND SPEED    31   HIGHEST WIND DIRECTION    NW (300)
  HIGHEST GUST SPEED    41   HIGHEST GUST DIRECTION     S (180)
  AVERAGE WIND SPEED    19.5


SKY COVER
  POSSIBLE SUNSHINE  MM
  AVERAGE SKY COVER 0.5


WEATHER CONDITIONS
 THE FOLLOWING WEATHER WAS RECORDED YESTERDAY.
  LIGHT RAIN
  FREEZING RAIN


RELATIVE HUMIDITY (PERCENT)
 HIGHEST    92          1200 PM
 LOWEST     45           700 PM
 AVERAGE    69

..........................................................


THE DUBUQUE IA CLIMATE NORMALS FOR TODAY
                         NORMAL    RECORD    YEAR
 MAXIMUM TEMPERATURE (F)   51        81      1943
 MINIMUM TEMPERATURE (F)   32         4      1964


SUNRISE AND SUNSET
MARCH 30 2015.........SUNRISE   649 AM CDT   SUNSET   726 PM CDT
MARCH 31 2015.........SUNRISE   647 AM CDT   SUNSET   727 PM CDT


-  INDICATES NEGATIVE NUMBERS.
R  INDICATES RECORD WAS SET OR TIED.
MM INDICATES DATA IS MISSING.
T  INDICATES TRACE AMOUNT.




$$
