000
CDUS43 KDVN 010915
CLIDBQ


CLIMATE REPORT
NATIONAL WEATHER SERVICE QUAD CITIES IA IL
415 AM CDT FRI AUG 1 2014


...................................

...THE DUBUQUE IA CLIMATE SUMMARY FOR JULY 31 2014...

CLIMATE NORMAL PERIOD 1981 TO 2010
CLIMATE RECORD PERIOD 1873 TO 2014


WEATHER ITEM   OBSERVED TIME   RECORD YEAR NORMAL DEPARTURE LAST
                VALUE   (LST)  VALUE       VALUE  FROM      YEAR
                                                  NORMAL
..................................................................
TEMPERATURE (F)
 YESTERDAY
  MAXIMUM         79    331 PM 101    1988  81     -2       79
  MINIMUM         54    518 AM  45    1971  62     -8       61
  AVERAGE         67                        72     -5       70

PRECIPITATION (IN)
  YESTERDAY        0.00          1.83 1957   0.14  -0.14      T
  MONTH TO DATE    2.08                      4.31  -2.23     2.50
  SINCE JUN 1     14.65                      8.71   5.94     6.13
  SINCE JAN 1     27.03                     21.58   5.45    27.71

SNOWFALL (IN)
  YESTERDAY        0.0          MM      MM   0.0    0.0      0.0
  MONTH TO DATE    0.0                       0.0    0.0      0.0
  SINCE JUN 1      0.0                       0.0    0.0      0.0
  SINCE JUL 1      0.0                       0.0    0.0      0.0
  SNOW DEPTH       0

DEGREE DAYS
 HEATING
  YESTERDAY        0                         0      0        0
  MONTH TO DATE   27                         0     27       22
  SINCE JUN 1     37                        48    -11       61
  SINCE JUL 1     27                         8     19       22

 COOLING
  YESTERDAY        2                         7     -5        5
  MONTH TO DATE  102                       224   -122      198
  SINCE JUN 1    256                       363   -107      307
  SINCE JAN 1    310                       400    -90      352
..................................................................


WIND (MPH)
  HIGHEST WIND SPEED    17   HIGHEST WIND DIRECTION     W (260)
  HIGHEST GUST SPEED    21   HIGHEST GUST DIRECTION     W (260)
  AVERAGE WIND SPEED     6.0


SKY COVER
  POSSIBLE SUNSHINE  MM
  AVERAGE SKY COVER 0.1


WEATHER CONDITIONS
 THE FOLLOWING WEATHER WAS RECORDED YESTERDAY.
  NO SIGNIFICANT WEATHER WAS OBSERVED.


RELATIVE HUMIDITY (PERCENT)
 HIGHEST   100           200 AM
 LOWEST     48           100 PM
 AVERAGE    74

..........................................................


THE DUBUQUE IA CLIMATE NORMALS FOR TODAY
                         NORMAL    RECORD    YEAR
 MAXIMUM TEMPERATURE (F)   81       100      1988
 MINIMUM TEMPERATURE (F)   62        51      1992


SUNRISE AND SUNSET
AUGUST  1 2014........SUNRISE   555 AM CDT   SUNSET   822 PM CDT
AUGUST  2 2014........SUNRISE   556 AM CDT   SUNSET   821 PM CDT


-  INDICATES NEGATIVE NUMBERS.
R  INDICATES RECORD WAS SET OR TIED.
MM INDICATES DATA IS MISSING.
T  INDICATES TRACE AMOUNT.




$$
