000
CDUS43 KDVN 170912
CLIDBQ


CLIMATE REPORT
NATIONAL WEATHER SERVICE QUAD CITIES IA IL
411 AM CDT WED SEP 17 2014


...................................

...THE DUBUQUE IA CLIMATE SUMMARY FOR SEPTEMBER 16 2014...

CLIMATE NORMAL PERIOD 1981 TO 2010
CLIMATE RECORD PERIOD 1873 TO 2014


WEATHER ITEM   OBSERVED TIME   RECORD YEAR NORMAL DEPARTURE LAST
                VALUE   (LST)  VALUE       VALUE  FROM      YEAR
                                                  NORMAL
..................................................................
TEMPERATURE (F)
 YESTERDAY
  MAXIMUM         64    400 PM  96    1931  72     -8       65
  MINIMUM         36    617 AM  34    1984  52    -16       49
  AVERAGE         50                        62    -12       57

PRECIPITATION (IN)
  YESTERDAY        0.00          1.90 1987   0.12  -0.12     0.00
  MONTH TO DATE    2.08                      1.88   0.20     0.44
  SINCE SEP 1      2.08                      1.88   0.20     0.44
  SINCE JAN 1     32.23                     27.86   4.37    31.13

SNOWFALL (IN)
  YESTERDAY        0.0          MM      MM   0.0    0.0      0.0
  MONTH TO DATE    0.0                       0.0    0.0      0.0
  SINCE SEP 1      0.0                       0.0    0.0      0.0
  SINCE JUL 1      0.0                       0.0    0.0      0.0
  SNOW DEPTH       0

DEGREE DAYS
 HEATING
  YESTERDAY       15                         5     10        8
  MONTH TO DATE  110                        49     61       39
  SINCE SEP 1    110                        49     61       39
  SINCE JUL 1    139                        76     63       71

 COOLING
  YESTERDAY        0                         2     -2        0
  MONTH TO DATE   28                        45    -17       78
  SINCE SEP 1     28                        45    -17       78
  SINCE JAN 1    510                       621   -111      614
..................................................................


WIND (MPH)
  HIGHEST WIND SPEED    12   HIGHEST WIND DIRECTION     W (270)
  HIGHEST GUST SPEED    16   HIGHEST GUST DIRECTION     W (270)
  AVERAGE WIND SPEED     3.0


SKY COVER
  POSSIBLE SUNSHINE  MM
  AVERAGE SKY COVER 0.0


WEATHER CONDITIONS
 THE FOLLOWING WEATHER WAS RECORDED YESTERDAY.
  NO SIGNIFICANT WEATHER WAS OBSERVED.


RELATIVE HUMIDITY (PERCENT)
 HIGHEST    96           300 AM
 LOWEST     44           300 PM
 AVERAGE    70

..........................................................


THE DUBUQUE IA CLIMATE NORMALS FOR TODAY
                         NORMAL    RECORD    YEAR
 MAXIMUM TEMPERATURE (F)   72        91      1927
                                             1925
                                             1895
 MINIMUM TEMPERATURE (F)   51        38      1916
                                             1875


SUNRISE AND SUNSET
SEPTEMBER 17 2014.....SUNRISE   645 AM CDT   SUNSET   709 PM CDT
SEPTEMBER 18 2014.....SUNRISE   646 AM CDT   SUNSET   707 PM CDT


-  INDICATES NEGATIVE NUMBERS.
R  INDICATES RECORD WAS SET OR TIED.
MM INDICATES DATA IS MISSING.
T  INDICATES TRACE AMOUNT.




$$
