000
CDUS43 KDVN 010901
CLIDBQ


CLIMATE REPORT
NATIONAL WEATHER SERVICE QUAD CITIES IA IL
400 AM CDT SAT OCT 1 2016


...................................

...THE DUBUQUE IA CLIMATE SUMMARY FOR SEPTEMBER 30 2016...

CLIMATE NORMAL PERIOD 1981 TO 2010
CLIMATE RECORD PERIOD 1873 TO 2016


WEATHER ITEM   OBSERVED TIME   RECORD YEAR NORMAL DEPARTURE LAST
                VALUE   (LST)  VALUE       VALUE  FROM      YEAR
                                                  NORMAL
..................................................................
TEMPERATURE (F)
 YESTERDAY
  MAXIMUM         60    453 PM  89    1897  67     -7       62
  MINIMUM         53    332 AM  24    1899  45      8       43
  AVERAGE         57                        56      1       53

PRECIPITATION (IN)
  YESTERDAY        0.02          2.64 1961   0.10  -0.08     0.00
  MONTH TO DATE    5.17                      3.46   1.71     4.03
  SINCE SEP 1      5.17                      3.46   1.71     4.03
  SINCE JAN 1     34.33                     29.44   4.89    26.86

SNOWFALL (IN)
  YESTERDAY        0.0          MM      MM   0.0    0.0      0.0
  MONTH TO DATE    0.0                       0.0    0.0      0.0
  SINCE SEP 1      0.0                       0.0    0.0      0.0
  SINCE JUL 1      0.0                       0.0    0.0      0.0
  SNOW DEPTH       0

DEGREE DAYS
 HEATING
  YESTERDAY        8                        10     -2       12
  MONTH TO DATE   51                       152   -101       59
  SINCE SEP 1     51                       151   -100       59
  SINCE JUL 1     58                       178   -120       92

 COOLING
  YESTERDAY        0                         1     -1        0
  MONTH TO DATE   87                        61     26      144
  SINCE SEP 1     87                        61     26      144
  SINCE JAN 1    767                       637    130      637
..................................................................


WIND (MPH)
  HIGHEST WIND SPEED    18   HIGHEST WIND DIRECTION    NE (40)
  HIGHEST GUST SPEED    24   HIGHEST GUST DIRECTION    NE (30)
  AVERAGE WIND SPEED     9.9


SKY COVER
  POSSIBLE SUNSHINE  MM
  AVERAGE SKY COVER 0.8


WEATHER CONDITIONS
 THE FOLLOWING WEATHER WAS RECORDED YESTERDAY.
  LIGHT RAIN
  FOG


RELATIVE HUMIDITY (PERCENT)
 HIGHEST   100           700 PM
 LOWEST     77          1200 AM
 AVERAGE    89

..........................................................


THE DUBUQUE IA CLIMATE NORMALS FOR TODAY
                         NORMAL    RECORD    YEAR
 MAXIMUM TEMPERATURE (F)   66        88      1976
                                             1897
 MINIMUM TEMPERATURE (F)   45        26      2003


SUNRISE AND SUNSET
OCTOBER  1 2016.......SUNRISE   700 AM CDT   SUNSET   643 PM CDT
OCTOBER  2 2016.......SUNRISE   702 AM CDT   SUNSET   642 PM CDT


-  INDICATES NEGATIVE NUMBERS.
R  INDICATES RECORD WAS SET OR TIED.
MM INDICATES DATA IS MISSING.
T  INDICATES TRACE AMOUNT.




$$
