614
CDUS43 KDVN 211006
CLIDBQ


CLIMATE REPORT
NATIONAL WEATHER SERVICE QUAD CITIES IA IL
405 AM CST TUE FEB 21 2017


...................................

...THE DUBUQUE IA CLIMATE SUMMARY FOR FEBRUARY 20 2017...

CLIMATE NORMAL PERIOD 1981 TO 2010
CLIMATE RECORD PERIOD 1873 TO 2017


WEATHER ITEM   OBSERVED TIME   RECORD YEAR NORMAL DEPARTURE LAST
                VALUE   (LST)  VALUE       VALUE  FROM      YEAR
                                                  NORMAL
..................................................................
TEMPERATURE (F)
 YESTERDAY
  MAXIMUM         59    204 PM  61    1981  33     26       48
  MINIMUM         46    722 AM -24    1929  17     29       35
  AVERAGE         53                        25     28       42

PRECIPITATION (IN)
  YESTERDAY        0.26          1.13 2011   0.05   0.21     0.00
  MONTH TO DATE    1.25                      0.96   0.29     0.55
  SINCE DEC 1      4.80                      3.97   0.83     5.20
  SINCE JAN 1      3.26                      2.13   1.13     1.01

SNOWFALL (IN)
  YESTERDAY        0.0          MM      MM   0.3   -0.3      0.0
  MONTH TO DATE    T                         6.8   -6.8      7.0
  SINCE DEC 1     21.2                      28.6   -7.4     19.1
  SINCE JUL 1     21.2                      31.4  -10.2     30.9
  SNOW DEPTH       0

DEGREE DAYS
 HEATING
  YESTERDAY       12                        40    -28       23
  MONTH TO DATE  662                       852   -190      837
  SINCE DEC 1   3287                      3589   -302     3015
  SINCE JUL 1   4279                      5089   -810     4222

 COOLING
  YESTERDAY        0                         0      0        0
  MONTH TO DATE    0                         0      0        0
  SINCE DEC 1      0                         0      0        0
  SINCE JAN 1      0                         0      0        0
..................................................................


WIND (MPH)
  HIGHEST WIND SPEED    23   HIGHEST WIND DIRECTION     S (160)
  HIGHEST GUST SPEED    30   HIGHEST GUST DIRECTION     S (160)
  AVERAGE WIND SPEED    13.2


SKY COVER
  POSSIBLE SUNSHINE  MM
  AVERAGE SKY COVER 0.7


WEATHER CONDITIONS
 THE FOLLOWING WEATHER WAS RECORDED YESTERDAY.
  RAIN
  LIGHT RAIN
  FOG
  FOG W/VISIBILITY <= 1/4 MILE
  HAZE


RELATIVE HUMIDITY (PERCENT)
 HIGHEST   100           900 AM
 LOWEST     71          1200 AM
 AVERAGE    86

..........................................................


THE DUBUQUE IA CLIMATE NORMALS FOR TODAY
                         NORMAL    RECORD    YEAR
 MAXIMUM TEMPERATURE (F)   34        63      1930
 MINIMUM TEMPERATURE (F)   18       -13      1963


SUNRISE AND SUNSET
FEBRUARY 21 2017......SUNRISE   650 AM CST   SUNSET   543 PM CST
FEBRUARY 22 2017......SUNRISE   649 AM CST   SUNSET   544 PM CST


-  INDICATES NEGATIVE NUMBERS.
R  INDICATES RECORD WAS SET OR TIED.
MM INDICATES DATA IS MISSING.
T  INDICATES TRACE AMOUNT.




$$
