000
CDUS43 KDVN 031005
CLIDBQ


CLIMATE REPORT
NATIONAL WEATHER SERVICE QUAD CITIES IA IL
404 AM CST SAT DEC 3 2016


...................................

...THE DUBUQUE IA CLIMATE SUMMARY FOR DECEMBER 2 2016...

CLIMATE NORMAL PERIOD 1981 TO 2010
CLIMATE RECORD PERIOD 1873 TO 2016


WEATHER ITEM   OBSERVED TIME   RECORD YEAR NORMAL DEPARTURE LAST
                VALUE   (LST)  VALUE       VALUE  FROM      YEAR
                                                  NORMAL
..................................................................
TEMPERATURE (F)
 YESTERDAY
  MAXIMUM         36   1035 AM  62    1982  35      1       33
                                      1962
  MINIMUM         30   1159 PM  -9    1886  20     10       27
  AVERAGE         33                        28      5       30

PRECIPITATION (IN)
  YESTERDAY        0.01          2.00 1982   0.07  -0.06     0.03
  MONTH TO DATE    0.01                      0.15  -0.14     0.04
  SINCE DEC 1      0.01                      0.15  -0.14     0.04
  SINCE JAN 1     39.44                     34.60   4.84    35.03

SNOWFALL (IN)
  YESTERDAY       MM            MM      MM   0.4   MM        0.9
  MONTH TO DATE    T                         0.7   -0.7      0.9
  SINCE DEC 1      T                         0.7   -0.7      0.9
  SINCE JUL 1      T                         3.5   -3.5     12.7
  SNOW DEPTH       0

DEGREE DAYS
 HEATING
  YESTERDAY       32                        37     -5       35
  MONTH TO DATE   61                        74    -13       66
  SINCE DEC 1     61                        74    -13       66
  SINCE JUL 1   1053                      1574   -521     1273

 COOLING
  YESTERDAY        0                         0      0        0
  MONTH TO DATE    0                         0      0        0
  SINCE DEC 1      0                         0      0        0
  SINCE JAN 1    781                       643    138      637
..................................................................


WIND (MPH)
  HIGHEST WIND SPEED    15   HIGHEST WIND DIRECTION     W (290)
  HIGHEST GUST SPEED    21   HIGHEST GUST DIRECTION    NW (310)
  AVERAGE WIND SPEED     9.8


SKY COVER
  POSSIBLE SUNSHINE  MM
  AVERAGE SKY COVER 1.0


WEATHER CONDITIONS
 THE FOLLOWING WEATHER WAS RECORDED YESTERDAY.
  FOG


RELATIVE HUMIDITY (PERCENT)
 HIGHEST   100           100 AM
 LOWEST     69           200 PM
 AVERAGE    85

..........................................................


THE DUBUQUE IA CLIMATE NORMALS FOR TODAY
                         NORMAL    RECORD    YEAR
 MAXIMUM TEMPERATURE (F)   35        64      2012
                                             1970
                                             1951
 MINIMUM TEMPERATURE (F)   20       -15      1985


SUNRISE AND SUNSET
DECEMBER  3 2016......SUNRISE   715 AM CST   SUNSET   430 PM CST
DECEMBER  4 2016......SUNRISE   716 AM CST   SUNSET   430 PM CST


-  INDICATES NEGATIVE NUMBERS.
R  INDICATES RECORD WAS SET OR TIED.
MM INDICATES DATA IS MISSING.
T  INDICATES TRACE AMOUNT.




$$
