000
CDUS43 KDVN 252122
CLIDBQ


CLIMATE REPORT
NATIONAL WEATHER SERVICE QUAD CITIES IA IL
421 PM CDT SAT OCT 25 2014


...................................

...THE DUBUQUE IA CLIMATE SUMMARY FOR OCTOBER 25 2014...
VALID TODAY AS OF 0400 PM LOCAL TIME.

CLIMATE NORMAL PERIOD 1981 TO 2010
CLIMATE RECORD PERIOD 1873 TO 2014


WEATHER ITEM   OBSERVED TIME   RECORD YEAR NORMAL DEPARTURE LAST
                VALUE   (LST)  VALUE       VALUE  FROM      YEAR
                                                  NORMAL
..................................................................
TEMPERATURE (F)
 TODAY
  MAXIMUM         68    238 PM  78    1989  56     12       51
  MINIMUM         51    538 AM  15    1887  37     14       23
  AVERAGE         60                        47     13       37

PRECIPITATION (IN)
  TODAY            0.00          2.87 1939   0.09  -0.09     0.00
  MONTH TO DATE    3.05                      2.14   0.91     1.40
  SINCE SEP 1      5.19                      5.60  -0.41     3.77
  SINCE JAN 1     35.34                     31.58   3.76    34.46

SNOWFALL (IN)
  TODAY            0.0          MM      MM   0.0    0.0      0.0
  MONTH TO DATE    T                         0.0    0.0       T
  SINCE SEP 1      T                         0.0    0.0       T
  SINCE JUL 1      T                         0.0    0.0       T
  SNOW DEPTH       0

DEGREE DAYS
 HEATING
  TODAY            5                        18    -13       28
  MONTH TO DATE  374                       353     21      372
  SINCE SEP 1    545                       504     41      478
  SINCE JUL 1    574                       531     43      510

 COOLING
  TODAY            0                         0      0        0
  MONTH TO DATE    0                         4     -4        8
  SINCE SEP 1     44                        65    -21      104
  SINCE JAN 1    526                       641   -115      640
..................................................................


WIND (MPH)
  HIGHEST WIND SPEED    20   HIGHEST WIND DIRECTION    NW (310)
  HIGHEST GUST SPEED    25   HIGHEST GUST DIRECTION    NW (310)
  AVERAGE WIND SPEED    11.5


SKY COVER
  POSSIBLE SUNSHINE  MM
  AVERAGE SKY COVER 0.2


WEATHER CONDITIONS
 THE FOLLOWING WEATHER WAS RECORDED TODAY.
  FOG


RELATIVE HUMIDITY (PERCENT)
 HIGHEST   100          1200 AM
 LOWEST     26           300 PM
 AVERAGE    63

..........................................................


THE DUBUQUE IA CLIMATE NORMALS FOR TOMORROW
                         NORMAL    RECORD    YEAR
 MAXIMUM TEMPERATURE (F)   56        82      1927
 MINIMUM TEMPERATURE (F)   37        16      1962


SUNRISE AND SUNSET
OCTOBER 25 2014.......SUNRISE   728 AM CDT   SUNSET   606 PM CDT
OCTOBER 26 2014.......SUNRISE   729 AM CDT   SUNSET   604 PM CDT


-  INDICATES NEGATIVE NUMBERS.
R  INDICATES RECORD WAS SET OR TIED.
MM INDICATES DATA IS MISSING.
T  INDICATES TRACE AMOUNT.




$$
