000
CDUS43 KDVN 290921
CLIDBQ


CLIMATE REPORT
NATIONAL WEATHER SERVICE QUAD CITIES IA IL
420 AM CDT FRI MAY 29 2015


...................................

...THE DUBUQUE IA CLIMATE SUMMARY FOR MAY 28 2015...

CLIMATE NORMAL PERIOD 1981 TO 2010
CLIMATE RECORD PERIOD 1873 TO 2015


WEATHER ITEM   OBSERVED TIME   RECORD YEAR NORMAL DEPARTURE LAST
                VALUE   (LST)  VALUE       VALUE  FROM      YEAR
                                                  NORMAL
..................................................................
TEMPERATURE (F)
 YESTERDAY
  MAXIMUM         80    343 PM  93    1874  73      7       75
  MINIMUM         57    508 AM  36    1947  52      5       59
  AVERAGE         69                        63      6       67

PRECIPITATION (IN)
  YESTERDAY        T             1.85 1996   0.14  -0.14     0.00
  MONTH TO DATE    5.53                      3.77   1.76     2.27
  SINCE MAR 1      8.23                      9.84  -1.61     9.40
  SINCE JAN 1     10.52                     12.45  -1.93    11.88

SNOWFALL (IN)
  YESTERDAY        0.0          MM      MM   0.0    0.0      0.0
  MONTH TO DATE    0.0                       0.1   -0.1       T
  SINCE MAR 1      4.1                       8.4   -4.3     11.6
  SINCE JUL 1     33.7                      42.0   -8.3     63.3
  SNOW DEPTH       0

DEGREE DAYS
 HEATING
  YESTERDAY        0                         4     -4        0
  MONTH TO DATE  163                       213    -50      224
  SINCE MAR 1   1518                      1641   -123     1948
  SINCE JUL 1   7366                      7034    332     8324

 COOLING
  YESTERDAY        4                         2      2        2
  MONTH TO DATE   31                        26      5       38
  SINCE MAR 1     31                        31      0       38
  SINCE JAN 1     31                        31      0       38
..................................................................


WIND (MPH)
  HIGHEST WIND SPEED    22   HIGHEST WIND DIRECTION     S (170)
  HIGHEST GUST SPEED    27   HIGHEST GUST DIRECTION     S (170)
  AVERAGE WIND SPEED     9.5


SKY COVER
  POSSIBLE SUNSHINE  MM
  AVERAGE SKY COVER 0.1


WEATHER CONDITIONS
 THE FOLLOWING WEATHER WAS RECORDED YESTERDAY.
  LIGHT RAIN


RELATIVE HUMIDITY (PERCENT)
 HIGHEST    90          1200 AM
 LOWEST     39           300 PM
 AVERAGE    65

..........................................................


THE DUBUQUE IA CLIMATE NORMALS FOR TODAY
                         NORMAL    RECORD    YEAR
 MAXIMUM TEMPERATURE (F)   73        97      1934
 MINIMUM TEMPERATURE (F)   53        31      1965


SUNRISE AND SUNSET
MAY 29 2015...........SUNRISE   530 AM CDT   SUNSET   831 PM CDT
MAY 30 2015...........SUNRISE   530 AM CDT   SUNSET   831 PM CDT


-  INDICATES NEGATIVE NUMBERS.
R  INDICATES RECORD WAS SET OR TIED.
MM INDICATES DATA IS MISSING.
T  INDICATES TRACE AMOUNT.




$$
