000
CDUS43 KDVN 240919
CLIDBQ


CLIMATE REPORT
NATIONAL WEATHER SERVICE QUAD CITIES IA IL
416 AM CDT TUE MAY 24 2016


...................................

...THE DUBUQUE IA CLIMATE SUMMARY FOR MAY 23 2016...

CLIMATE NORMAL PERIOD 1981 TO 2010
CLIMATE RECORD PERIOD 1873 TO 2016


WEATHER ITEM   OBSERVED TIME   RECORD YEAR NORMAL DEPARTURE LAST
                VALUE   (LST)  VALUE       VALUE  FROM      YEAR
                                                  NORMAL
..................................................................
TEMPERATURE (F)
 YESTERDAY
  MAXIMUM         82    422 PM  91    1921  71     11       76
  MINIMUM         54    439 AM  31    1963  51      3       54
  AVERAGE         68                        61      7       65

PRECIPITATION (IN)
  YESTERDAY        0.00          1.70 1902   0.14  -0.14     0.00
  MONTH TO DATE    3.03                      3.09  -0.06     3.08
  SINCE MAR 1      8.57                      9.16  -0.59     5.78
  SINCE JAN 1      9.65                     11.77  -2.12     8.07

SNOWFALL (IN)
  YESTERDAY        0.0          MM      MM   0.0    0.0      0.0
  MONTH TO DATE    0.0                       0.1   -0.1      0.0
  SINCE MAR 1      3.3                       8.4   -5.1      4.1
  SINCE JUL 1     34.8                      42.0   -7.2     33.7
  SNOW DEPTH       0

DEGREE DAYS
 HEATING
  YESTERDAY        0                         6     -6        0
  MONTH TO DATE  229                       190     39      161
  SINCE MAR 1   1490                      1618   -128     1516
  SINCE JUL 1   5967                      7011  -1044     7364

 COOLING
  YESTERDAY        3                         2      1        0
  MONTH TO DATE    4                        16    -12       19
  SINCE MAR 1      7                        21    -14       19
  SINCE JAN 1      7                        21    -14       19
..................................................................


WIND (MPH)
  HIGHEST WIND SPEED    25   HIGHEST WIND DIRECTION     S (200)
  HIGHEST GUST SPEED    30   HIGHEST GUST DIRECTION     S (200)
  AVERAGE WIND SPEED    11.7


SKY COVER
  POSSIBLE SUNSHINE  MM
  AVERAGE SKY COVER 0.0


WEATHER CONDITIONS
 THE FOLLOWING WEATHER WAS RECORDED YESTERDAY.
  NO SIGNIFICANT WEATHER WAS OBSERVED.


RELATIVE HUMIDITY (PERCENT)
 HIGHEST    72           400 AM
 LOWEST     26           400 PM
 AVERAGE    49

..........................................................


THE DUBUQUE IA CLIMATE NORMALS FOR TODAY
                         NORMAL    RECORD    YEAR
 MAXIMUM TEMPERATURE (F)   72        92      1880
 MINIMUM TEMPERATURE (F)   51        35      1925


SUNRISE AND SUNSET
MAY 24 2016...........SUNRISE   533 AM CDT   SUNSET   827 PM CDT
MAY 25 2016...........SUNRISE   532 AM CDT   SUNSET   828 PM CDT


-  INDICATES NEGATIVE NUMBERS.
R  INDICATES RECORD WAS SET OR TIED.
MM INDICATES DATA IS MISSING.
T  INDICATES TRACE AMOUNT.




$$
