000
CDUS43 KDVN 032118
CLIDBQ


CLIMATE REPORT
NATIONAL WEATHER SERVICE QUAD CITIES IA IL
416 PM CDT THU SEP 3 2015


...................................

...THE DUBUQUE IA CLIMATE SUMMARY FOR SEPTEMBER 3 2015...
VALID TODAY AS OF 0400 PM LOCAL TIME.

CLIMATE NORMAL PERIOD 1981 TO 2010
CLIMATE RECORD PERIOD 1873 TO 2015


WEATHER ITEM   OBSERVED TIME   RECORD YEAR NORMAL DEPARTURE LAST
                VALUE   (LST)  VALUE       VALUE  FROM      YEAR
                                                  NORMAL
..................................................................
TEMPERATURE (F)
 TODAY
  MAXIMUM         88    300 PM  95    1939  77     11       81
  MINIMUM         66        MM  41    1974  57      9       54
  AVERAGE         77                        67     10       68

PRECIPITATION (IN)
  TODAY            0.00          3.09 1934   0.12  -0.12     0.00
  MONTH TO DATE    0.00                      0.37  -0.37     0.45
  SINCE SEP 1      0.00                      0.37  -0.37     0.45
  SINCE JAN 1     22.83                     26.35  -3.52    30.60

SNOWFALL (IN)
  TODAY            0.0          MM      MM   0.0    0.0      0.0
  MONTH TO DATE    0.0                       0.0    0.0      0.0
  SINCE SEP 1      0.0                       0.0    0.0      0.0
  SINCE JUL 1      0.0                       0.0    0.0      0.0
  SNOW DEPTH       0

DEGREE DAYS
 HEATING
  TODAY            0                         2     -2        0
  MONTH TO DATE    0                         6     -6        0
  SINCE SEP 1      0                         6     -6        0
  SINCE JUL 1     33                        33      0       29

 COOLING
  TODAY           12                         4      8        3
  MONTH TO DATE   34                        12     22       11
  SINCE SEP 1     34                        12     22       11
  SINCE JAN 1    527                       588    -61      493
..................................................................


WIND (MPH)
  HIGHEST WIND SPEED    10   HIGHEST WIND DIRECTION     W (260)
  HIGHEST GUST SPEED    MM   HIGHEST GUST DIRECTION    MM
  AVERAGE WIND SPEED     6.8


SKY COVER
  POSSIBLE SUNSHINE  MM
  AVERAGE SKY COVER 0.2


WEATHER CONDITIONS
 THE FOLLOWING WEATHER WAS RECORDED TODAY.
  FOG


RELATIVE HUMIDITY (PERCENT)
 HIGHEST    97           700 AM
 LOWEST     59           100 PM
 AVERAGE    78

..........................................................


THE DUBUQUE IA CLIMATE NORMALS FOR TOMORROW
                         NORMAL    RECORD    YEAR
 MAXIMUM TEMPERATURE (F)   77        97      1925
 MINIMUM TEMPERATURE (F)   57        38      1974


SUNRISE AND SUNSET
SEPTEMBER  3 2015.....SUNRISE   630 AM CDT   SUNSET   734 PM CDT
SEPTEMBER  4 2015.....SUNRISE   631 AM CDT   SUNSET   732 PM CDT


-  INDICATES NEGATIVE NUMBERS.
R  INDICATES RECORD WAS SET OR TIED.
MM INDICATES DATA IS MISSING.
T  INDICATES TRACE AMOUNT.




$$
