000
CDUS43 KDVN 232127
CLIDBQ


CLIMATE REPORT
NATIONAL WEATHER SERVICE QUAD CITIES IA IL
426 PM CDT SAT JUL 23 2016


...................................

...THE DUBUQUE IA CLIMATE SUMMARY FOR JULY 23 2016...
VALID TODAY AS OF 0400 PM LOCAL TIME.

CLIMATE NORMAL PERIOD 1981 TO 2010
CLIMATE RECORD PERIOD 1873 TO 2016


WEATHER ITEM   OBSERVED TIME   RECORD YEAR NORMAL DEPARTURE LAST
                VALUE   (LST)  VALUE       VALUE  FROM      YEAR
                                                  NORMAL
..................................................................
TEMPERATURE (F)
 TODAY
  MAXIMUM         81    711 AM 104    1901  82     -1       82
  MINIMUM         73    100 PM  52    1990  62     11       59
                                      1985
                                      1947
  AVERAGE         77                        72      5       71

PRECIPITATION (IN)
  TODAY            0.00          4.59 2010   0.13  -0.13     0.00
  MONTH TO DATE    5.87                      3.21   2.66     0.55
  SINCE JUN 1     13.16                      7.61   5.55     8.89
  SINCE JAN 1     24.11                     20.48   3.63    19.66

SNOWFALL (IN)
  TODAY            0.0          MM      MM   0.0    0.0      0.0
  MONTH TO DATE    0.0                       0.0    0.0      0.0
  SINCE JUN 1      0.0                       0.0    0.0       T
  SINCE JUL 1      0.0                       0.0    0.0      0.0
  SNOW DEPTH       0

DEGREE DAYS
 HEATING
  TODAY            0                         0      0        0
  MONTH TO DATE    5                         0      5       13
  SINCE JUN 1     18                        40    -22       36
  SINCE JUL 1      5                         0      5       13

 COOLING
  TODAY           12                         7      5        6
  MONTH TO DATE  165                       162      3      119
  SINCE JUN 1    339                       301     38      238
  SINCE JAN 1    390                       338     52      274
..................................................................


WIND (MPH)
  HIGHEST WIND SPEED    22   HIGHEST WIND DIRECTION     N (360)
  HIGHEST GUST SPEED    27   HIGHEST GUST DIRECTION     N (360)
  AVERAGE WIND SPEED     4.4


SKY COVER
  POSSIBLE SUNSHINE  MM
  AVERAGE SKY COVER 0.7


WEATHER CONDITIONS
 THE FOLLOWING WEATHER WAS RECORDED TODAY.
  FOG


RELATIVE HUMIDITY (PERCENT)
 HIGHEST   100           200 AM
 LOWEST     82           200 PM
 AVERAGE    91

..........................................................


THE DUBUQUE IA CLIMATE NORMALS FOR TOMORROW
                         NORMAL    RECORD    YEAR
 MAXIMUM TEMPERATURE (F)   82       105      1901
 MINIMUM TEMPERATURE (F)   62        51      2003
                                             1992


SUNRISE AND SUNSET
JULY 23 2016..........SUNRISE   547 AM CDT   SUNSET   831 PM CDT
JULY 24 2016..........SUNRISE   548 AM CDT   SUNSET   830 PM CDT


-  INDICATES NEGATIVE NUMBERS.
R  INDICATES RECORD WAS SET OR TIED.
MM INDICATES DATA IS MISSING.
T  INDICATES TRACE AMOUNT.




$$
