000
CDUS43 KDVN 242124
CLIDBQ


CLIMATE REPORT
NATIONAL WEATHER SERVICE QUAD CITIES IA IL
423 PM CDT FRI JUN 24 2016


...................................

...THE DUBUQUE IA CLIMATE SUMMARY FOR JUNE 24 2016...
VALID TODAY AS OF 0400 PM LOCAL TIME.

CLIMATE NORMAL PERIOD 1981 TO 2010
CLIMATE RECORD PERIOD 1873 TO 2016


WEATHER ITEM   OBSERVED TIME   RECORD YEAR NORMAL DEPARTURE LAST
                VALUE   (LST)  VALUE       VALUE  FROM      YEAR
                                                  NORMAL
..................................................................
TEMPERATURE (F)
 TODAY
  MAXIMUM         81    255 PM  99    1931  81      0       75
  MINIMUM         58    509 AM  45    1887  61     -3       57
  AVERAGE         70                        71     -1       66

PRECIPITATION (IN)
  TODAY            0.00          2.41 1968   0.15  -0.15     0.27
  MONTH TO DATE    6.36                      3.56   2.80     7.43
  SINCE JUN 1      6.36                      3.56   2.80     7.43
  SINCE JAN 1     17.31                     16.43   0.88    18.20

SNOWFALL (IN)
  TODAY            0.0          MM      MM   0.0    0.0      0.0
  MONTH TO DATE    0.0                       0.0    0.0       T
  SINCE JUN 1      0.0                       0.0    0.0       T
  SINCE JUL 1     34.8                      41.9   -7.1     33.7
  SNOW DEPTH       0

DEGREE DAYS
 HEATING
  TODAY            0                         1     -1        0
  MONTH TO DATE    9                        39    -30       23
  SINCE JUN 1      9                        39    -30       23
  SINCE JUL 1   5976                      7085  -1109     7409

 COOLING
  TODAY            5                         6     -1        1
  MONTH TO DATE  138                       100     38       99
  SINCE JUN 1    138                       100     38       99
  SINCE JAN 1    189                       137     52      135
..................................................................


WIND (MPH)
  HIGHEST WIND SPEED    12   HIGHEST WIND DIRECTION     S (170)
  HIGHEST GUST SPEED    16   HIGHEST GUST DIRECTION     S (180)
  AVERAGE WIND SPEED     4.7


SKY COVER
  POSSIBLE SUNSHINE  MM
  AVERAGE SKY COVER 0.1


WEATHER CONDITIONS
 THE FOLLOWING WEATHER WAS RECORDED TODAY.
  FOG


RELATIVE HUMIDITY (PERCENT)
 HIGHEST   100           200 AM
 LOWEST     56          1100 AM
 AVERAGE    78

..........................................................


THE DUBUQUE IA CLIMATE NORMALS FOR TOMORROW
                         NORMAL    RECORD    YEAR
 MAXIMUM TEMPERATURE (F)   81       102      1931
 MINIMUM TEMPERATURE (F)   61        41      2004


SUNRISE AND SUNSET
JUNE 24 2016..........SUNRISE   527 AM CDT   SUNSET   844 PM CDT
JUNE 25 2016..........SUNRISE   527 AM CDT   SUNSET   844 PM CDT


-  INDICATES NEGATIVE NUMBERS.
R  INDICATES RECORD WAS SET OR TIED.
MM INDICATES DATA IS MISSING.
T  INDICATES TRACE AMOUNT.




$$
