000
CDUS41 KLWX 250524
CLIDCA


CLIMATE REPORT
NATIONAL WEATHER SERVICE BALTIMORE MD/WASHINGTON DC
1223 AM EST SAT NOV 25 2017


...................................

...THE WASHINGTON NATIONAL DC CLIMATE SUMMARY FOR NOVEMBER 24 2017...

CLIMATE NORMAL PERIOD 1981 TO 2010
CLIMATE RECORD PERIOD 1871 TO 2017


WEATHER ITEM   OBSERVED TIME   RECORD YEAR NORMAL DEPARTURE LAST
                VALUE   (LST)  VALUE       VALUE  FROM      YEAR
                                                  NORMAL
..................................................................
TEMPERATURE (F)
 YESTERDAY
  MAXIMUM         53    349 PM  74    2014  55     -2       57
                                      1958
  MINIMUM         32    646 AM  13    1880  39     -7       43
  AVERAGE         43                        47     -4       50

PRECIPITATION (IN)
  YESTERDAY        0.00          2.83 1877   0.11  -0.11      T
  MONTH TO DATE    1.99                      2.53  -0.54     0.26
  SINCE SEP 1      5.44                      9.65  -4.21     3.66
  SINCE JAN 1     35.09                     36.05  -0.96    28.59

SNOWFALL (IN)
  YESTERDAY        0.0           1.5  1909   0.0    0.0
  MONTH TO DATE    0.0                       0.3   -0.3
  SINCE JUL 1      0.0                       0.3   -0.3
  SNOW DEPTH       0

DEGREE DAYS
 HEATING
  YESTERDAY       22                        18      4       15
  MONTH TO DATE  371                       348     23      287
  SINCE SEP 1    464                       577   -113      404
  SINCE JUL 1    464                       577   -113      404

 COOLING
  YESTERDAY        0                         0      0        0
  MONTH TO DATE    3                         0      3        6
  SINCE SEP 1    335                       236     99      408
  SINCE JAN 1   1826                      1547    279     1994
..................................................................


WIND (MPH)
  HIGHEST WIND SPEED    13   HIGHEST WIND DIRECTION     S (180)
  HIGHEST GUST SPEED    16   HIGHEST GUST DIRECTION     S (180)
  AVERAGE WIND SPEED     6.1


SKY COVER
  POSSIBLE SUNSHINE  MM
  AVERAGE SKY COVER 0.0


WEATHER CONDITIONS
 THE FOLLOWING WEATHER WAS RECORDED YESTERDAY.
  NO SIGNIFICANT WEATHER WAS OBSERVED.


RELATIVE HUMIDITY (PERCENT)
 HIGHEST    89           800 AM
 LOWEST     44           400 PM
 AVERAGE    67

..........................................................


THE WASHINGTON NATIONAL DC CLIMATE NORMALS FOR TODAY
                         NORMAL    RECORD    YEAR
 MAXIMUM TEMPERATURE (F)   54        79      1973
 MINIMUM TEMPERATURE (F)   38        18      1950


SUNRISE AND SUNSET
NOVEMBER 25 2017......SUNRISE   702 AM EST   SUNSET   448 PM EST
NOVEMBER 26 2017......SUNRISE   703 AM EST   SUNSET   448 PM EST


-  INDICATES NEGATIVE NUMBERS.
R  INDICATES RECORD WAS SET OR TIED.
MM INDICATES DATA IS MISSING.
T  INDICATES TRACE AMOUNT.




$$
