000
CDUS41 KALY 280621
CLIDDH


CLIMATE REPORT
NATIONAL WEATHER SERVICE ALBANY NY
221 AM EDT FRI AUG 28 2015


...................................

...THE BENNINGTON VT CLIMATE SUMMARY FOR AUGUST 27 2015...

CLIMATE NORMAL PERIOD 1981 TO 2010
CLIMATE RECORD PERIOD 9999 TO 9999


WEATHER ITEM   OBSERVED TIME   NORMAL DEPARTURE LAST
                VALUE   (LST)  VALUE  FROM      YEAR
                                      NORMAL
......................................................
TEMPERATURE (F)
 YESTERDAY
  MAXIMUM         73    339 PM  76     -3       82
  MINIMUM         52    400 AM  54     -2       58
  AVERAGE         63            65     -2       70

PRECIPITATION (IN)
  YESTERDAY        T             0.12  -0.12     0.00
  MONTH TO DATE    1.73          3.54  -1.81     1.84
  SINCE JUN 1      6.67         12.01  -5.34    13.12
  SINCE JAN 1     14.23         27.08 -12.85    25.95

DEGREE DAYS
 HEATING
  YESTERDAY        2             2      0        0
  MONTH TO DATE    6            34    -28       37
  SINCE JUN 1    128           155    -27       95
  SINCE JUL 1     33            58    -25       48

 COOLING
  YESTERDAY        0             2     -2        5
  MONTH TO DATE  113            87     26       44
  SINCE JUN 1    297           268     29      230
  SINCE JAN 1    361           282     79      246
......................................................


WIND (MPH)
  HIGHEST WIND SPEED    13   HIGHEST WIND DIRECTION     W (290)
  HIGHEST GUST SPEED    18   HIGHEST GUST DIRECTION     W (280)
  AVERAGE WIND SPEED     3.4


SKY COVER
  AVERAGE SKY COVER 0.8



RELATIVE HUMIDITY (PERCENT)
 HIGHEST    93           200 AM
 LOWEST     57           300 PM
 AVERAGE    75

..........................................................


THE BENNINGTON VT CLIMATE NORMALS FOR TODAY
                         NORMAL
 MAXIMUM TEMPERATURE (F)   76
 MINIMUM TEMPERATURE (F)   53


SUNRISE AND SUNSET
AUGUST 28 2015........SUNRISE   613 AM EDT   SUNSET   735 PM EDT
AUGUST 29 2015........SUNRISE   614 AM EDT   SUNSET   733 PM EDT


-  INDICATES NEGATIVE NUMBERS.
R  INDICATES RECORD WAS SET OR TIED.
MM INDICATES DATA IS MISSING.
T  INDICATES TRACE AMOUNT.




$$
