000
CDUS41 KALY 312047
CLIDDH


CLIMATE REPORT
NATIONAL WEATHER SERVICE ALBANY NY
446 PM EDT WED AUG 31 2016


...................................

...THE BENNINGTON VT CLIMATE SUMMARY FOR AUGUST 31 2016...
VALID TODAY AS OF 0400 PM LOCAL TIME.

CLIMATE NORMAL PERIOD 1981 TO 2010
CLIMATE RECORD PERIOD 9999 TO 9999


WEATHER ITEM   OBSERVED TIME   NORMAL DEPARTURE LAST
                VALUE   (LST)  VALUE  FROM      YEAR
                                      NORMAL
......................................................
TEMPERATURE (F)
 TODAY
  MAXIMUM         75    343 PM  75      0       84
  MINIMUM         56    541 AM  53      3       56
  AVERAGE         66            64      2       70

PRECIPITATION (IN)
  TODAY            T             0.11  -0.11     0.00
  MONTH TO DATE    4.13          4.00   0.13     1.73
  SINCE JUN 1      8.26         12.47  -4.21     6.67
  SINCE JAN 1     21.31         27.54  -6.23    14.23

DEGREE DAYS
 HEATING
  TODAY            0             3     -3        0
  MONTH TO DATE   12            44    -32       12
  SINCE JUN 1     91           169    -78      134
  SINCE JUL 1     22            72    -50       39

 COOLING
  TODAY            1             2     -1        5
  MONTH TO DATE  173            93     80      120
  SINCE JUN 1    397           274    123      304
  SINCE JAN 1    439           288    151      368
......................................................


WIND (MPH)
  HIGHEST WIND SPEED     6   HIGHEST WIND DIRECTION     E (99)
  HIGHEST GUST SPEED    MM   HIGHEST GUST DIRECTION    MM
  AVERAGE WIND SPEED     1.4


SKY COVER
  AVERAGE SKY COVER 0.3



RELATIVE HUMIDITY (PERCENT)
 HIGHEST    93
 LOWEST     64
 AVERAGE    79

..........................................................


THE BENNINGTON VT CLIMATE NORMALS FOR TOMORROW
                         NORMAL
 MAXIMUM TEMPERATURE (F)   75
 MINIMUM TEMPERATURE (F)   52


SUNRISE AND SUNSET
AUGUST 31 2016........SUNRISE   617 AM EDT   SUNSET   728 PM EDT
SEPTEMBER  1 2016.....SUNRISE   618 AM EDT   SUNSET   727 PM EDT


-  INDICATES NEGATIVE NUMBERS.
R  INDICATES RECORD WAS SET OR TIED.
MM INDICATES DATA IS MISSING.
T  INDICATES TRACE AMOUNT.




$$
