000
CDUS41 KALY 272046
CLIDDH


CLIMATE REPORT
NATIONAL WEATHER SERVICE ALBANY NY
445 PM EDT THU JUL 27 2017


...................................

...THE BENNINGTON VT CLIMATE SUMMARY FOR JULY 27 2017...
VALID TODAY AS OF 0400 PM LOCAL TIME.

CLIMATE NORMAL PERIOD 1981 TO 2010
CLIMATE RECORD PERIOD 9999 TO 9999


WEATHER ITEM   OBSERVED TIME   NORMAL DEPARTURE LAST
                VALUE   (LST)  VALUE  FROM      YEAR
                                      NORMAL
......................................................
TEMPERATURE (F)
 TODAY
  MAXIMUM         70    240 PM  80    -10       89
  MINIMUM         61    509 AM  57      4       57
  AVERAGE         66            68     -2       73

PRECIPITATION (IN)
  TODAY            0.11          0.14  -0.03     0.00
  MONTH TO DATE    6.20          3.78   2.42     1.34
  SINCE JUN 1     13.28          7.91   5.37     3.08
  SINCE JAN 1     29.52         22.98   6.54    16.13

DEGREE DAYS
 HEATING
  TODAY            0             1     -1        0
  MONTH TO DATE    8            27    -19       10
  SINCE JUN 1    103           124    -21       79
  SINCE JUL 1      8            27    -19       10

 COOLING
  TODAY            1             4     -3        8
  MONTH TO DATE  116           107      9      143
  SINCE JUN 1    203           165     38      201
  SINCE JAN 1    218           179     39      243
......................................................


WIND (MPH)
  HIGHEST WIND SPEED     9   HIGHEST WIND DIRECTION     S (200)
  HIGHEST GUST SPEED    MM   HIGHEST GUST DIRECTION    MM
  AVERAGE WIND SPEED     4.3


SKY COVER
  AVERAGE SKY COVER 0.6



RELATIVE HUMIDITY (PERCENT)
 HIGHEST    87
 LOWEST     63
 AVERAGE    75

..........................................................


THE BENNINGTON VT CLIMATE NORMALS FOR TOMORROW
                         NORMAL
 MAXIMUM TEMPERATURE (F)   79
 MINIMUM TEMPERATURE (F)   57


SUNRISE AND SUNSET
JULY 27 2017..........SUNRISE   539 AM EDT   SUNSET   819 PM EDT
JULY 28 2017..........SUNRISE   540 AM EDT   SUNSET   818 PM EDT


-  INDICATES NEGATIVE NUMBERS.
R  INDICATES RECORD WAS SET OR TIED.
MM INDICATES DATA IS MISSING.
T  INDICATES TRACE AMOUNT.




$$
