000
CDUS43 KILX 300630
CLIDEC


CLIMATE REPORT
NATIONAL WEATHER SERVICE LINCOLN IL
129 AM CDT SAT JUL 30 2016


...................................

...THE DECATUR IL AIRPORT CLIMATE SUMMARY FOR JULY 29 2016...

CLIMATE NORMAL PERIOD 1981 TO 2010
CLIMATE RECORD PERIOD 9999 TO 9999


WEATHER ITEM   OBSERVED TIME   RECORD YEAR NORMAL DEPARTURE LAST
                VALUE   (LST)  VALUE       VALUE  FROM      YEAR
                                                  NORMAL
..................................................................
TEMPERATURE (F)
 YESTERDAY
  MAXIMUM         85    350 PM  MM      MM  86     -1       88
  MINIMUM         69   1156 PM  MM      MM  64      5       72
  AVERAGE         77                        75      2       80

PRECIPITATION (IN)
  YESTERDAY        0.00         MM      MM   0.11  -0.11      T
  MONTH TO DATE    4.77                      3.64   1.13     4.66
  SINCE JUN 1      6.93                      7.99  -1.06     9.92
  SINCE JAN 1     17.79                     22.44  -4.65    20.62

DEGREE DAYS
 HEATING
  YESTERDAY        0                         0      0        0
  MONTH TO DATE    5                         0      5        1
  SINCE JUN 1      5                        17    -12        8
  SINCE JUL 1      5                         0      5        1

 COOLING
  YESTERDAY       12                        10      2       15
  MONTH TO DATE  339                       312     27      271
  SINCE JUN 1    662                       541    121      529
  SINCE JAN 1    752                       628    124      673
..................................................................


WIND (MPH)
  HIGHEST WIND SPEED    16   HIGHEST WIND DIRECTION    NW (300)
  HIGHEST GUST SPEED    21   HIGHEST GUST DIRECTION    NW (310)
  AVERAGE WIND SPEED     4.7


SKY COVER
  POSSIBLE SUNSHINE  MM
  AVERAGE SKY COVER 0.2


WEATHER CONDITIONS
 THE FOLLOWING WEATHER WAS RECORDED YESTERDAY.
  NO SIGNIFICANT WEATHER WAS OBSERVED.


RELATIVE HUMIDITY (PERCENT)
 HIGHEST    97          1200 AM
 LOWEST     55           200 PM
 AVERAGE    76

..........................................................


THE DECATUR IL AIRPORT CLIMATE NORMALS FOR TODAY
                         NORMAL    RECORD    YEAR
 MAXIMUM TEMPERATURE (F)   86        MM        MM
 MINIMUM TEMPERATURE (F)   64        MM        MM


SUNRISE AND SUNSET
JULY 30 2016..........SUNRISE   553 AM CDT   SUNSET   810 PM CDT
JULY 31 2016..........SUNRISE   554 AM CDT   SUNSET   809 PM CDT


-  INDICATES NEGATIVE NUMBERS.
R  INDICATES RECORD WAS SET OR TIED.
MM INDICATES DATA IS MISSING.
T  INDICATES TRACE AMOUNT.




$$
