000
CDUS43 KILX 200627
CLIDEC


CLIMATE REPORT
NATIONAL WEATHER SERVICE LINCOLN IL
127 AM CDT MON OCT 20 2014


...................................

...THE DECATUR IL AIRPORT CLIMATE SUMMARY FOR OCTOBER 19 2014...

CLIMATE NORMAL PERIOD 1981 TO 2010
CLIMATE RECORD PERIOD 9999 TO 9999


WEATHER ITEM   OBSERVED TIME   RECORD YEAR NORMAL DEPARTURE LAST
                VALUE   (LST)  VALUE       VALUE  FROM      YEAR
                                                  NORMAL
..................................................................
TEMPERATURE (F)
 YESTERDAY
  MAXIMUM         60    357 PM  MM      MM  65     -5       56
  MINIMUM         38    654 AM  MM      MM  42     -4       42
  AVERAGE         49                        53     -4       49

PRECIPITATION (IN)
  YESTERDAY        0.00         MM      MM   0.11  -0.11     0.29
  MONTH TO DATE    4.36                      1.90   2.46     1.78
  SINCE SEP 1      8.28                      4.79   3.49     2.37
  SINCE JAN 1     32.21                     31.10   1.11    28.74

DEGREE DAYS
 HEATING
  YESTERDAY       16                        12      4       16
  MONTH TO DATE  176                       180     -4      117
  SINCE SEP 1    263                       247     16      160
  SINCE JUL 1    265                       253     12      170

 COOLING
  YESTERDAY        0                         0      0        0
  MONTH TO DATE    8                        14     -6       40
  SINCE SEP 1    101                       125    -24      207
  SINCE JAN 1   1005                      1043    -38     1079
..................................................................


WIND (MPH)
  HIGHEST WIND SPEED    15   HIGHEST WIND DIRECTION    SW (220)
  HIGHEST GUST SPEED    18   HIGHEST GUST DIRECTION    SW (220)
  AVERAGE WIND SPEED     6.8


SKY COVER
  POSSIBLE SUNSHINE  MM
  AVERAGE SKY COVER 0.4


WEATHER CONDITIONS
 THE FOLLOWING WEATHER WAS RECORDED YESTERDAY.
  NO SIGNIFICANT WEATHER WAS OBSERVED.


RELATIVE HUMIDITY (PERCENT)
 HIGHEST   100           700 AM
 LOWEST     55           400 PM
 AVERAGE    78

..........................................................


THE DECATUR IL AIRPORT CLIMATE NORMALS FOR TODAY
                         NORMAL    RECORD    YEAR
 MAXIMUM TEMPERATURE (F)   64        MM        MM
 MINIMUM TEMPERATURE (F)   42        MM        MM


SUNRISE AND SUNSET
OCTOBER 20 2014.......SUNRISE   711 AM CDT   SUNSET   609 PM CDT
OCTOBER 21 2014.......SUNRISE   712 AM CDT   SUNSET   607 PM CDT


-  INDICATES NEGATIVE NUMBERS.
R  INDICATES RECORD WAS SET OR TIED.
MM INDICATES DATA IS MISSING.
T  INDICATES TRACE AMOUNT.




$$
