000
CDUS43 KILX 302131
CLIDEC


CLIMATE REPORT
NATIONAL WEATHER SERVICE LINCOLN IL
431 PM CDT FRI SEP 30 2016


...................................

...THE DECATUR IL AIRPORT CLIMATE SUMMARY FOR SEPTEMBER 30 2016...
VALID TODAY AS OF 0400 PM LOCAL TIME.

CLIMATE NORMAL PERIOD 1981 TO 2010
CLIMATE RECORD PERIOD 9999 TO 9999


WEATHER ITEM   OBSERVED TIME   RECORD YEAR NORMAL DEPARTURE LAST
                VALUE   (LST)  VALUE       VALUE  FROM      YEAR
                                                  NORMAL
..................................................................
TEMPERATURE (F)
 TODAY
  MAXIMUM         70    138 PM  MM      MM  73     -3       72
  MINIMUM         59    247 AM  MM      MM  48     11       51
  AVERAGE         65                        60      5       62

PRECIPITATION (IN)
  TODAY            0.03         MM      MM   0.07  -0.04     0.00
  MONTH TO DATE    2.49                      2.89  -0.40     2.14
  SINCE SEP 1      2.49                      2.89  -0.40     2.14
  SINCE JAN 1     25.41                     29.20  -3.79    25.05

DEGREE DAYS
 HEATING
  TODAY            0                         6     -6        3
  MONTH TO DATE    6                        67    -61       22
  SINCE SEP 1      6                        67    -61       22
  SINCE JUL 1     11                        73    -62       24

 COOLING
  TODAY            0                         2     -2        0
  MONTH TO DATE  229                       111    118      208
  SINCE SEP 1    229                       111    118      208
  SINCE JAN 1   1364                      1029    335     1167
..................................................................


WIND (MPH)
  HIGHEST WIND SPEED    16   HIGHEST WIND DIRECTION     N (10)
  HIGHEST GUST SPEED    22   HIGHEST GUST DIRECTION     N (360)
  AVERAGE WIND SPEED     9.6


SKY COVER
  POSSIBLE SUNSHINE  MM
  AVERAGE SKY COVER 0.9


WEATHER CONDITIONS
 THE FOLLOWING WEATHER WAS RECORDED TODAY.
  LIGHT RAIN
  FOG


RELATIVE HUMIDITY (PERCENT)
 HIGHEST    90          1200 AM
 LOWEST     81           100 PM
 AVERAGE    86

..........................................................


THE DECATUR IL AIRPORT CLIMATE NORMALS FOR TOMORROW
                         NORMAL    RECORD    YEAR
 MAXIMUM TEMPERATURE (F)   72        MM        MM
 MINIMUM TEMPERATURE (F)   47        MM        MM


SUNRISE AND SUNSET
SEPTEMBER 30 2016.....SUNRISE   651 AM CDT   SUNSET   639 PM CDT
OCTOBER  1 2016.......SUNRISE   652 AM CDT   SUNSET   637 PM CDT


-  INDICATES NEGATIVE NUMBERS.
R  INDICATES RECORD WAS SET OR TIED.
MM INDICATES DATA IS MISSING.
T  INDICATES TRACE AMOUNT.




$$
