000
CDUS43 KILX 222231
CLIDEC


CLIMATE REPORT
NATIONAL WEATHER SERVICE LINCOLN IL
431 PM CST SAT NOV 22 2014


...................................

...THE DECATUR IL AIRPORT CLIMATE SUMMARY FOR NOVEMBER 22 2014...
VALID TODAY AS OF 0400 PM LOCAL TIME.

CLIMATE NORMAL PERIOD 1981 TO 2010
CLIMATE RECORD PERIOD 9999 TO 9999


WEATHER ITEM   OBSERVED TIME   RECORD YEAR NORMAL DEPARTURE LAST
                VALUE   (LST)  VALUE       VALUE  FROM      YEAR
                                                  NORMAL
..................................................................
TEMPERATURE (F)
 TODAY
  MAXIMUM         58   1133 AM  MM      MM  48     10       48
  MINIMUM         36   1238 AM  MM      MM  32      4       31
  AVERAGE         47                        40      7       40

PRECIPITATION (IN)
  TODAY            0.02         MM      MM   0.11  -0.09     0.14
  MONTH TO DATE    0.59                      2.49  -1.90     1.07
  SINCE SEP 1      9.68                      8.66   1.02     5.65
  SINCE JAN 1     33.61                     34.97  -1.36    32.02

DEGREE DAYS
 HEATING
  TODAY           18                        25     -7       25
  MONTH TO DATE  635                       446    189      458
  SINCE SEP 1   1045                       858    187      837
  SINCE JUL 1   1047                       864    183      847

 COOLING
  TODAY            0                         0      0        0
  MONTH TO DATE    0                         0      0        0
  SINCE SEP 1    107                       130    -23      207
  SINCE JAN 1   1011                      1048    -37     1079
..................................................................


WIND (MPH)
  HIGHEST WIND SPEED    28   HIGHEST WIND DIRECTION    SW (210)
  HIGHEST GUST SPEED    35   HIGHEST GUST DIRECTION    SW (220)
  AVERAGE WIND SPEED    16.3


SKY COVER
  POSSIBLE SUNSHINE  MM
  AVERAGE SKY COVER 0.9


WEATHER CONDITIONS
 THE FOLLOWING WEATHER WAS RECORDED TODAY.
  LIGHT RAIN


RELATIVE HUMIDITY (PERCENT)
 HIGHEST    80           900 AM
 LOWEST     62           100 PM
 AVERAGE    71

..........................................................


THE DECATUR IL AIRPORT CLIMATE NORMALS FOR TOMORROW
                         NORMAL    RECORD    YEAR
 MAXIMUM TEMPERATURE (F)   48        MM        MM
 MINIMUM TEMPERATURE (F)   31        MM        MM


SUNRISE AND SUNSET
NOVEMBER 22 2014......SUNRISE   648 AM CST   SUNSET   435 PM CST
NOVEMBER 23 2014......SUNRISE   649 AM CST   SUNSET   434 PM CST


-  INDICATES NEGATIVE NUMBERS.
R  INDICATES RECORD WAS SET OR TIED.
MM INDICATES DATA IS MISSING.
T  INDICATES TRACE AMOUNT.




$$
