000
CDUS43 KILX 010639
CLIDEC


CLIMATE REPORT
NATIONAL WEATHER SERVICE LINCOLN IL
1238 AM CST WED MAR 1 2017


...................................

...THE DECATUR IL AIRPORT CLIMATE SUMMARY FOR FEBRUARY 28 2017...

CLIMATE NORMAL PERIOD 1981 TO 2010
CLIMATE RECORD PERIOD 9999 TO 9999


WEATHER ITEM   OBSERVED TIME   RECORD YEAR NORMAL DEPARTURE LAST
                VALUE   (LST)  VALUE       VALUE  FROM      YEAR
                                                  NORMAL
..................................................................
TEMPERATURE (F)
 YESTERDAY
  MAXIMUM         66   1158 PM  MM      MM  44     22       68
  MINIMUM         49   1226 AM  MM      MM  27     22       39
  AVERAGE         58                        36     22       54

PRECIPITATION (IN)
  YESTERDAY        0.06         MM      MM   0.07  -0.01      T
  MONTH TO DATE    0.45                      1.98  -1.53     0.39
  SINCE DEC 1      2.79                      6.26  -3.47    10.41
  SINCE JAN 1      2.10                      3.72  -1.62     1.19

DEGREE DAYS
 HEATING
  YESTERDAY        7                        30    -23       11
  MONTH TO DATE  643                       949   -306      857
  SINCE DEC 1   2663                      3176   -513     2690
  SINCE JUL 1   3359                      4257   -898     3472

 COOLING
  YESTERDAY        0                         0      0        0
  MONTH TO DATE    0                         0      0        0
  SINCE DEC 1      0                         0      0        0
  SINCE JAN 1      0                         0      0        0
..................................................................


WIND (MPH)
  HIGHEST WIND SPEED    35   HIGHEST WIND DIRECTION    NW (300)
  HIGHEST GUST SPEED    51   HIGHEST GUST DIRECTION    NW (310)
  AVERAGE WIND SPEED    17.7


SKY COVER
  POSSIBLE SUNSHINE  MM
  AVERAGE SKY COVER 0.5


WEATHER CONDITIONS
 THE FOLLOWING WEATHER WAS RECORDED YESTERDAY.
  THUNDERSTORM
  LIGHT RAIN
  FOG
  HAZE


RELATIVE HUMIDITY (PERCENT)
 HIGHEST   100           800 AM
 LOWEST     67          1000 PM
 AVERAGE    84

..........................................................


THE DECATUR IL AIRPORT CLIMATE NORMALS FOR TODAY
                         NORMAL    RECORD    YEAR
 MAXIMUM TEMPERATURE (F)   45        MM        MM
 MINIMUM TEMPERATURE (F)   27        MM        MM


SUNRISE AND SUNSET
MARCH  1 2017.........SUNRISE   628 AM CST   SUNSET   548 PM CST
MARCH  2 2017.........SUNRISE   627 AM CST   SUNSET   549 PM CST


-  INDICATES NEGATIVE NUMBERS.
R  INDICATES RECORD WAS SET OR TIED.
MM INDICATES DATA IS MISSING.
T  INDICATES TRACE AMOUNT.




$$
