260
CDUS43 KILX 270657
CLIDEC


CLIMATE REPORT
NATIONAL WEATHER SERVICE LINCOLN IL
151 AM CDT SAT AUG 27 2016


...................................

...THE DECATUR IL AIRPORT CLIMATE SUMMARY FOR AUGUST 26 2016...

CLIMATE NORMAL PERIOD 1981 TO 2010
CLIMATE RECORD PERIOD 9999 TO 9999


WEATHER ITEM   OBSERVED TIME   RECORD YEAR NORMAL DEPARTURE LAST
                VALUE   (LST)  VALUE       VALUE  FROM      YEAR
                                                  NORMAL
..................................................................
TEMPERATURE (F)
 YESTERDAY
  MAXIMUM         87    248 PM  MM      MM  84      3       76
  MINIMUM         69    537 AM  MM      MM  62      7       51
  AVERAGE         78                        73      5       64

PRECIPITATION (IN)
  YESTERDAY        1.44         MM      MM   0.15   1.29     0.00
  MONTH TO DATE    5.00                      2.95   2.05     2.28
  SINCE JUN 1     11.93                     11.16   0.77    12.20
  SINCE JAN 1     22.79                     25.61  -2.82    22.90

DEGREE DAYS
 HEATING
  YESTERDAY        0                         0      0        1
  MONTH TO DATE    0                         0      0        1
  SINCE JUN 1      5                        18    -13        9
  SINCE JUL 1      5                         1      4        2

 COOLING
  YESTERDAY       13                         8      5        0
  MONTH TO DATE  297                       232     65      217
  SINCE JUN 1    980                       794    186      776
  SINCE JAN 1   1070                       881    189      920
..................................................................


WIND (MPH)
  HIGHEST WIND SPEED    18   HIGHEST WIND DIRECTION    SE (120)
  HIGHEST GUST SPEED    23   HIGHEST GUST DIRECTION    SE (120)
  AVERAGE WIND SPEED     6.5


SKY COVER
  POSSIBLE SUNSHINE  MM
  AVERAGE SKY COVER 0.3


WEATHER CONDITIONS
 THE FOLLOWING WEATHER WAS RECORDED YESTERDAY.
  THUNDERSTORM
  HEAVY RAIN
  RAIN
  LIGHT RAIN
  FOG


RELATIVE HUMIDITY (PERCENT)
 HIGHEST    97           600 AM
 LOWEST     63           100 PM
 AVERAGE    80

..........................................................


THE DECATUR IL AIRPORT CLIMATE NORMALS FOR TODAY
                         NORMAL    RECORD    YEAR
 MAXIMUM TEMPERATURE (F)   84        MM        MM
 MINIMUM TEMPERATURE (F)   62        MM        MM


SUNRISE AND SUNSET
AUGUST 27 2016........SUNRISE   619 AM CDT   SUNSET   734 PM CDT
AUGUST 28 2016........SUNRISE   620 AM CDT   SUNSET   732 PM CDT


-  INDICATES NEGATIVE NUMBERS.
R  INDICATES RECORD WAS SET OR TIED.
MM INDICATES DATA IS MISSING.
T  INDICATES TRACE AMOUNT.




$$
