000
CDUS43 KILX 022128
CLIDEC


CLIMATE REPORT
NATIONAL WEATHER SERVICE LINCOLN IL
428 PM CDT THU JUL 2 2015


...................................

...THE DECATUR IL AIRPORT CLIMATE SUMMARY FOR JULY 2 2015...
VALID TODAY AS OF 0400 PM LOCAL TIME.

CLIMATE NORMAL PERIOD 1981 TO 2010
CLIMATE RECORD PERIOD 9999 TO 9999


WEATHER ITEM   OBSERVED TIME   RECORD YEAR NORMAL DEPARTURE LAST
                VALUE   (LST)  VALUE       VALUE  FROM      YEAR
                                                  NORMAL
..................................................................
TEMPERATURE (F)
 TODAY
  MAXIMUM         75    259 PM  MM      MM  86    -11       73
  MINIMUM         59    603 AM  MM      MM  66     -7       60
  AVERAGE         67                        76     -9       67

PRECIPITATION (IN)
  TODAY            T            MM      MM   0.13  -0.13      T
  MONTH TO DATE    0.11                      0.25  -0.14     0.33
  SINCE JUN 1      5.37                      4.60   0.77     7.23
  SINCE JAN 1     16.07                     19.05  -2.98    16.89

DEGREE DAYS
 HEATING
  TODAY            0                         0      0        0
  MONTH TO DATE    0                         0      0        0
  SINCE JUN 1      7                        17    -10        1
  SINCE JUL 1      0                         0      0        0

 COOLING
  TODAY            2                        11     -9        2
  MONTH TO DATE    8                        22    -14       13
  SINCE JUN 1    266                       251     15      289
  SINCE JAN 1    410                       338     72      434
..................................................................


WIND (MPH)
  HIGHEST WIND SPEED    15   HIGHEST WIND DIRECTION    NE (60)
  HIGHEST GUST SPEED    20   HIGHEST GUST DIRECTION    NE (50)
  AVERAGE WIND SPEED     9.8


SKY COVER
  POSSIBLE SUNSHINE  MM
  AVERAGE SKY COVER 0.5


WEATHER CONDITIONS
 THE FOLLOWING WEATHER WAS RECORDED TODAY.
  LIGHT RAIN


RELATIVE HUMIDITY (PERCENT)
 HIGHEST    87           500 AM
 LOWEST     60           300 PM
 AVERAGE    74

..........................................................


THE DECATUR IL AIRPORT CLIMATE NORMALS FOR TOMORROW
                         NORMAL    RECORD    YEAR
 MAXIMUM TEMPERATURE (F)   87        MM        MM
 MINIMUM TEMPERATURE (F)   66        MM        MM


SUNRISE AND SUNSET
JULY  2 2015..........SUNRISE   531 AM CDT   SUNSET   827 PM CDT
JULY  3 2015..........SUNRISE   532 AM CDT   SUNSET   827 PM CDT


-  INDICATES NEGATIVE NUMBERS.
R  INDICATES RECORD WAS SET OR TIED.
MM INDICATES DATA IS MISSING.
T  INDICATES TRACE AMOUNT.




$$
