000
CDUS43 KILX 200628
CLIDEC


CLIMATE REPORT
NATIONAL WEATHER SERVICE LINCOLN IL
127 AM CDT WED AUG 20 2014


...................................

...THE DECATUR IL AIRPORT CLIMATE SUMMARY FOR AUGUST 19 2014...

CLIMATE NORMAL PERIOD 1981 TO 2010
CLIMATE RECORD PERIOD 9999 TO 9999


WEATHER ITEM   OBSERVED TIME   RECORD YEAR NORMAL DEPARTURE LAST
                VALUE   (LST)  VALUE       VALUE  FROM      YEAR
                                                  NORMAL
..................................................................
TEMPERATURE (F)
 YESTERDAY
  MAXIMUM         84    514 PM  MM      MM  84      0       85
  MINIMUM         68    411 AM  MM      MM  63      5       57
  AVERAGE         76                        74      2       71

PRECIPITATION (IN)
  YESTERDAY        T            MM      MM   0.15  -0.15     0.00
  MONTH TO DATE    2.42                      1.95   0.47     0.02
  SINCE JUN 1     11.76                     10.16   1.60     8.06
  SINCE JAN 1     21.42                     24.61  -3.19    26.37

DEGREE DAYS
 HEATING
  YESTERDAY        0                         0      0        0
  MONTH TO DATE    0                         0      0        6
  SINCE JUN 1      3                        18    -15       24
  SINCE JUL 1      2                         1      1       10

 COOLING
  YESTERDAY       11                         9      2        6
  MONTH TO DATE  123                       175    -52      110
  SINCE JUN 1    582                       737   -155      615
  SINCE JAN 1    727                       824    -97      727
..................................................................


WIND (MPH)
  HIGHEST WIND SPEED    18   HIGHEST WIND DIRECTION    SW (230)
  HIGHEST GUST SPEED    23   HIGHEST GUST DIRECTION     W (280)
  AVERAGE WIND SPEED     8.2


SKY COVER
  POSSIBLE SUNSHINE  MM
  AVERAGE SKY COVER 0.1


WEATHER CONDITIONS
 THE FOLLOWING WEATHER WAS RECORDED YESTERDAY.
  LIGHT RAIN
  FOG


RELATIVE HUMIDITY (PERCENT)
 HIGHEST    93          1000 PM
 LOWEST     61           500 PM
 AVERAGE    77

..........................................................


THE DECATUR IL AIRPORT CLIMATE NORMALS FOR TODAY
                         NORMAL    RECORD    YEAR
 MAXIMUM TEMPERATURE (F)   84        MM        MM
 MINIMUM TEMPERATURE (F)   63        MM        MM


SUNRISE AND SUNSET
AUGUST 20 2014........SUNRISE   612 AM CDT   SUNSET   745 PM CDT
AUGUST 21 2014........SUNRISE   613 AM CDT   SUNSET   743 PM CDT


-  INDICATES NEGATIVE NUMBERS.
R  INDICATES RECORD WAS SET OR TIED.
MM INDICATES DATA IS MISSING.
T  INDICATES TRACE AMOUNT.




$$
