000
CDUS43 KILX 312146
CLIDEC


CLIMATE REPORT
NATIONAL WEATHER SERVICE LINCOLN IL
445 PM CDT THU JUL 31 2014


...................................

...THE DECATUR IL AIRPORT CLIMATE SUMMARY FOR JULY 31 2014...
VALID TODAY AS OF 0400 PM LOCAL TIME.

CLIMATE NORMAL PERIOD 1981 TO 2010
CLIMATE RECORD PERIOD 9999 TO 9999


WEATHER ITEM   OBSERVED TIME   RECORD YEAR NORMAL DEPARTURE LAST
                VALUE   (LST)  VALUE       VALUE  FROM      YEAR
                                                  NORMAL
..................................................................
TEMPERATURE (F)
 TODAY
  MAXIMUM         83    257 PM  MM      MM  86     -3       78
  MINIMUM         59    527 AM  MM      MM  64     -5       66
  AVERAGE         71                        75     -4       72

PRECIPITATION (IN)
  TODAY            0.00         MM      MM   0.11  -0.11     0.05
  MONTH TO DATE    2.44                      3.86  -1.42     3.09
  SINCE JUN 1      9.34                      8.21   1.13     8.04
  SINCE JAN 1     19.00                     22.66  -3.66    26.35

DEGREE DAYS
 HEATING
  TODAY            0                         0      0        0
  MONTH TO DATE    2                         0      2        4
  SINCE JUN 1      3                        18    -15       18
  SINCE JUL 1      2                         1      1        4

 COOLING
  TODAY            6                        10     -4        7
  MONTH TO DATE  183                       333   -150      263
  SINCE JUN 1    459                       562   -103      505
  SINCE JAN 1    604                       649    -45      617
..................................................................


WIND (MPH)
  HIGHEST WIND SPEED    10   HIGHEST WIND DIRECTION    SW (240)
  HIGHEST GUST SPEED    13   HIGHEST GUST DIRECTION    SW (220)
  AVERAGE WIND SPEED     4.0


SKY COVER
  POSSIBLE SUNSHINE  MM
  AVERAGE SKY COVER 0.1


WEATHER CONDITIONS
 THE FOLLOWING WEATHER WAS RECORDED TODAY.
  NO SIGNIFICANT WEATHER WAS OBSERVED.


RELATIVE HUMIDITY (PERCENT)
 HIGHEST    93           100 AM
 LOWEST     45           200 PM
 AVERAGE    69

..........................................................


THE DECATUR IL AIRPORT CLIMATE NORMALS FOR TOMORROW
                         NORMAL    RECORD    YEAR
 MAXIMUM TEMPERATURE (F)   86        MM        MM
 MINIMUM TEMPERATURE (F)   64        MM        MM


SUNRISE AND SUNSET
JULY 31 2014..........SUNRISE   553 AM CDT   SUNSET   810 PM CDT
AUGUST  1 2014........SUNRISE   554 AM CDT   SUNSET   809 PM CDT


-  INDICATES NEGATIVE NUMBERS.
R  INDICATES RECORD WAS SET OR TIED.
MM INDICATES DATA IS MISSING.
T  INDICATES TRACE AMOUNT.




$$
