410
CDUS43 KILX 220710
CLIDEC


CLIMATE REPORT
NATIONAL WEATHER SERVICE LINCOLN IL
109 AM CST MON JAN 22 2018


...................................

...THE DECATUR IL AIRPORT CLIMATE SUMMARY FOR JANUARY 21 2018...

CLIMATE NORMAL PERIOD 1981 TO 2010
CLIMATE RECORD PERIOD 9999 TO 9999


WEATHER ITEM   OBSERVED TIME   RECORD YEAR NORMAL DEPARTURE LAST
                VALUE   (LST)  VALUE       VALUE  FROM      YEAR
                                                  NORMAL
..................................................................
TEMPERATURE (F)
 YESTERDAY
  MAXIMUM         58    231 PM  MM      MM  35     23       63
  MINIMUM         40   1259 AM  MM      MM  19     21       46
  AVERAGE         49                        27     22       55

PRECIPITATION (IN)
  YESTERDAY        0.12         MM      MM   0.05   0.07     0.00
  MONTH TO DATE    0.61                      1.31  -0.70     1.65
  SINCE DEC 1      0.73                      3.85  -3.12     2.34
  SINCE JAN 1      0.61                      1.31  -0.70     1.65

DEGREE DAYS
 HEATING
  YESTERDAY       16                        38    -22       10
  MONTH TO DATE  959                       793    166      697
  SINCE DEC 1   2039                      1851    188     1731
  SINCE JUL 1   2981                      2932     49     2427

 COOLING
  YESTERDAY        0                         0      0        0
  MONTH TO DATE    0                         0      0        0
  SINCE DEC 1      0                         0      0        0
  SINCE JAN 1      0                         0      0        0
..................................................................


WIND (MPH)
  HIGHEST WIND SPEED    20   HIGHEST WIND DIRECTION     S (200)
  HIGHEST GUST SPEED    25   HIGHEST GUST DIRECTION    SW (210)
  AVERAGE WIND SPEED    11.2


SKY COVER
  POSSIBLE SUNSHINE  MM
  AVERAGE SKY COVER 1.0


WEATHER CONDITIONS
 THE FOLLOWING WEATHER WAS RECORDED YESTERDAY.
  RAIN
  LIGHT RAIN
  FOG
  FOG W/VISIBILITY <= 1/4 MILE


RELATIVE HUMIDITY (PERCENT)
 HIGHEST   100          1200 AM
 LOWEST     93           200 PM
 AVERAGE    97

..........................................................


THE DECATUR IL AIRPORT CLIMATE NORMALS FOR TODAY
                         NORMAL    RECORD    YEAR
 MAXIMUM TEMPERATURE (F)   35        MM        MM
 MINIMUM TEMPERATURE (F)   19        MM        MM


SUNRISE AND SUNSET
JANUARY 22 2018.......SUNRISE   711 AM CST   SUNSET   503 PM CST
JANUARY 23 2018.......SUNRISE   711 AM CST   SUNSET   504 PM CST


-  INDICATES NEGATIVE NUMBERS.
R  INDICATES RECORD WAS SET OR TIED.
MM INDICATES DATA IS MISSING.
T  INDICATES TRACE AMOUNT.




$$
