000
CDUS43 KILX 010631
CLIDEC


CLIMATE REPORT
NATIONAL WEATHER SERVICE LINCOLN IL
130 AM CDT MON SEP 1 2014


...................................

...THE DECATUR IL AIRPORT CLIMATE SUMMARY FOR AUGUST 31 2014...

CLIMATE NORMAL PERIOD 1981 TO 2010
CLIMATE RECORD PERIOD 9999 TO 9999


WEATHER ITEM   OBSERVED TIME   RECORD YEAR NORMAL DEPARTURE LAST
                VALUE   (LST)  VALUE       VALUE  FROM      YEAR
                                                  NORMAL
..................................................................
TEMPERATURE (F)
 YESTERDAY
  MAXIMUM         86    346 PM  MM      MM  83      3       98
  MINIMUM         73    957 PM  MM      MM  61     12       71
  AVERAGE         80                        72      8       85

PRECIPITATION (IN)
  YESTERDAY        0.00         MM      MM   0.14  -0.14      T
  MONTH TO DATE    4.93                      3.65   1.28     0.02
  SINCE JUN 1     14.27                     11.86   2.41     8.06
  SINCE JAN 1     23.93                     26.31  -2.38    26.37

DEGREE DAYS
 HEATING
  YESTERDAY        0                         0      0        0
  MONTH TO DATE    0                         0      0        6
  SINCE JUN 1      3                        23    -20       24
  SINCE JUL 1      2                         6     -4       10

 COOLING
  YESTERDAY       15                         7      8       20
  MONTH TO DATE  300                       269     31      255
  SINCE JUN 1    759                       831    -72      760
  SINCE JAN 1    904                       918    -14      872
..................................................................


WIND (MPH)
  HIGHEST WIND SPEED    13   HIGHEST WIND DIRECTION     S (200)
  HIGHEST GUST SPEED    16   HIGHEST GUST DIRECTION    SW (210)
  AVERAGE WIND SPEED     8.7


SKY COVER
  POSSIBLE SUNSHINE  MM
  AVERAGE SKY COVER 0.6


WEATHER CONDITIONS
 THE FOLLOWING WEATHER WAS RECORDED YESTERDAY.
  FOG


RELATIVE HUMIDITY (PERCENT)
 HIGHEST    93           800 AM
 LOWEST     61           400 PM
 AVERAGE    77

..........................................................


THE DECATUR IL AIRPORT CLIMATE NORMALS FOR TODAY
                         NORMAL    RECORD    YEAR
 MAXIMUM TEMPERATURE (F)   83        MM        MM
 MINIMUM TEMPERATURE (F)   60        MM        MM


SUNRISE AND SUNSET
SEPTEMBER  1 2014.....SUNRISE   623 AM CDT   SUNSET   727 PM CDT
SEPTEMBER  2 2014.....SUNRISE   624 AM CDT   SUNSET   725 PM CDT


-  INDICATES NEGATIVE NUMBERS.
R  INDICATES RECORD WAS SET OR TIED.
MM INDICATES DATA IS MISSING.
T  INDICATES TRACE AMOUNT.




$$
