000
CDUS43 KILX 240634
CLIDEC


CLIMATE REPORT
NATIONAL WEATHER SERVICE LINCOLN IL
133 AM CDT THU AUG 24 2017


...................................

...THE DECATUR IL AIRPORT CLIMATE SUMMARY FOR AUGUST 23 2017...

CLIMATE NORMAL PERIOD 1981 TO 2010
CLIMATE RECORD PERIOD 9999 TO 9999


WEATHER ITEM   OBSERVED TIME   RECORD YEAR NORMAL DEPARTURE LAST
                VALUE   (LST)  VALUE       VALUE  FROM      YEAR
                                                  NORMAL
..................................................................
TEMPERATURE (F)
 YESTERDAY
  MAXIMUM         78    326 PM  MM      MM  84     -6       81
  MINIMUM         58    539 AM  MM      MM  62     -4       58
  AVERAGE         68                        73     -5       70

PRECIPITATION (IN)
  YESTERDAY        0.00         MM      MM   0.14  -0.14     0.00
  MONTH TO DATE    0.86                      2.52  -1.66     3.45
  SINCE JUN 1      5.53                     10.73  -5.20    10.38
  SINCE JAN 1     24.46                     25.18  -0.72    21.24

DEGREE DAYS
 HEATING
  YESTERDAY        0                         0      0        0
  MONTH TO DATE    0                         0      0        0
  SINCE JUN 1      4                        18    -14        5
  SINCE JUL 1      0                         1     -1        5

 COOLING
  YESTERDAY        3                         8     -5        5
  MONTH TO DATE  159                       208    -49      256
  SINCE JUN 1    783                       770     13      939
  SINCE JAN 1    880                       857     23     1029
..................................................................


WIND (MPH)
  HIGHEST WIND SPEED    14   HIGHEST WIND DIRECTION     N (340)
  HIGHEST GUST SPEED    18   HIGHEST GUST DIRECTION     N (340)
  AVERAGE WIND SPEED     6.2


SKY COVER
  POSSIBLE SUNSHINE  MM
  AVERAGE SKY COVER 0.1


WEATHER CONDITIONS
 THE FOLLOWING WEATHER WAS RECORDED YESTERDAY.
  NO SIGNIFICANT WEATHER WAS OBSERVED.


RELATIVE HUMIDITY (PERCENT)
 HIGHEST    84           300 AM
 LOWEST     37           200 PM
 AVERAGE    61

..........................................................


THE DECATUR IL AIRPORT CLIMATE NORMALS FOR TODAY
                         NORMAL    RECORD    YEAR
 MAXIMUM TEMPERATURE (F)   84        MM        MM
 MINIMUM TEMPERATURE (F)   62        MM        MM


SUNRISE AND SUNSET
AUGUST 24 2017........SUNRISE   616 AM CDT   SUNSET   739 PM CDT
AUGUST 25 2017........SUNRISE   617 AM CDT   SUNSET   737 PM CDT


-  INDICATES NEGATIVE NUMBERS.
R  INDICATES RECORD WAS SET OR TIED.
MM INDICATES DATA IS MISSING.
T  INDICATES TRACE AMOUNT.




$$
