000
CDUS43 KILX 210646
CLIDEC


CLIMATE REPORT
NATIONAL WEATHER SERVICE LINCOLN IL
1238 AM CST SUN DEC 21 2014


...................................

...THE DECATUR IL AIRPORT CLIMATE SUMMARY FOR DECEMBER 20 2014...

CLIMATE NORMAL PERIOD 1981 TO 2010
CLIMATE RECORD PERIOD 9999 TO 9999


WEATHER ITEM   OBSERVED TIME   RECORD YEAR NORMAL DEPARTURE LAST
                VALUE   (LST)  VALUE       VALUE  FROM      YEAR
                                                  NORMAL
..................................................................
TEMPERATURE (F)
 YESTERDAY
  MAXIMUM         36    326 PM  MM      MM  37     -1       63
  MINIMUM         29   1202 AM  MM      MM  22      7       32
  AVERAGE         33                        30      3       48

PRECIPITATION (IN)
  YESTERDAY        0.00         MM      MM   0.08  -0.08     0.11
  MONTH TO DATE    0.87                      1.55  -0.68     0.57
  SINCE DEC 1      0.87                      1.55  -0.68     0.57
  SINCE JAN 1     35.75                     37.46  -1.71    32.59

DEGREE DAYS
 HEATING
  YESTERDAY       32                        36     -4       17
  MONTH TO DATE  625                       657    -32      709
  SINCE DEC 1    625                       657    -32      709
  SINCE JUL 1   1898                      1738    160     1857

 COOLING
  YESTERDAY        0                         0      0        0
  MONTH TO DATE    0                         0      0        0
  SINCE DEC 1      0                         0      0        0
  SINCE JAN 1   1011                      1048    -37     1079
..................................................................


WIND (MPH)
  HIGHEST WIND SPEED    12   HIGHEST WIND DIRECTION     S (170)
  HIGHEST GUST SPEED    15   HIGHEST GUST DIRECTION    SE (150)
  AVERAGE WIND SPEED     5.6


SKY COVER
  POSSIBLE SUNSHINE  MM
  AVERAGE SKY COVER 1.0


WEATHER CONDITIONS
 THE FOLLOWING WEATHER WAS RECORDED YESTERDAY.
  NO SIGNIFICANT WEATHER WAS OBSERVED.


RELATIVE HUMIDITY (PERCENT)
 HIGHEST    92          1200 AM
 LOWEST     70           300 PM
 AVERAGE    81

..........................................................


THE DECATUR IL AIRPORT CLIMATE NORMALS FOR TODAY
                         NORMAL    RECORD    YEAR
 MAXIMUM TEMPERATURE (F)   37        MM        MM
 MINIMUM TEMPERATURE (F)   21        MM        MM


SUNRISE AND SUNSET
DECEMBER 21 2014......SUNRISE   713 AM CST   SUNSET   434 PM CST
DECEMBER 22 2014......SUNRISE   714 AM CST   SUNSET   434 PM CST


-  INDICATES NEGATIVE NUMBERS.
R  INDICATES RECORD WAS SET OR TIED.
MM INDICATES DATA IS MISSING.
T  INDICATES TRACE AMOUNT.




$$
