000
CDUS43 KILX 300651
CLIDEC


CLIMATE REPORT
NATIONAL WEATHER SERVICE LINCOLN IL
139 AM CDT SUN APR 30 2017


...................................

...THE DECATUR IL AIRPORT CLIMATE SUMMARY FOR APRIL 29 2017...

CLIMATE NORMAL PERIOD 1981 TO 2010
CLIMATE RECORD PERIOD 9999 TO 9999


WEATHER ITEM   OBSERVED TIME   RECORD YEAR NORMAL DEPARTURE LAST
                VALUE   (LST)  VALUE       VALUE  FROM      YEAR
                                                  NORMAL
..................................................................
TEMPERATURE (F)
 YESTERDAY
  MAXIMUM         61    605 PM  MM      MM  69     -8       61
  MINIMUM         48    743 AM  MM      MM  46      2       49
  AVERAGE         55                        58     -3       55

PRECIPITATION (IN)
  YESTERDAY        1.54         MM      MM   0.22   1.32     0.00
  MONTH TO DATE    4.47                      3.57   0.90     2.50
  SINCE MAR 1      7.17                      6.21   0.96     5.69
  SINCE JAN 1      9.27                      9.93  -0.66     6.88

DEGREE DAYS
 HEATING
  YESTERDAY       10                         8      2       10
  MONTH TO DATE  244                       372   -128      346
  SINCE MAR 1    899                      1099   -200      848
  SINCE JUL 1   4258                      5356  -1098     4340

 COOLING
  YESTERDAY        0                         1     -1        0
  MONTH TO DATE   23                         7     16        7
  SINCE MAR 1     23                         8     15        7
  SINCE JAN 1     23                         8     15        7
..................................................................


WIND (MPH)
  HIGHEST WIND SPEED    32   HIGHEST WIND DIRECTION    NE (60)
  HIGHEST GUST SPEED    42   HIGHEST GUST DIRECTION     E (70)
  AVERAGE WIND SPEED    14.4


SKY COVER
  POSSIBLE SUNSHINE  MM
  AVERAGE SKY COVER 1.0


WEATHER CONDITIONS
 THE FOLLOWING WEATHER WAS RECORDED YESTERDAY.
  THUNDERSTORM
  HEAVY RAIN
  RAIN
  LIGHT RAIN
  FOG


RELATIVE HUMIDITY (PERCENT)
 HIGHEST   100          1200 AM
 LOWEST    100          1200 AM
 AVERAGE   100

..........................................................


THE DECATUR IL AIRPORT CLIMATE NORMALS FOR TODAY
                         NORMAL    RECORD    YEAR
 MAXIMUM TEMPERATURE (F)   69        MM        MM
 MINIMUM TEMPERATURE (F)   47        MM        MM


SUNRISE AND SUNSET
APRIL 30 2017.........SUNRISE   557 AM CDT   SUNSET   749 PM CDT
MAY  1 2017...........SUNRISE   555 AM CDT   SUNSET   750 PM CDT


-  INDICATES NEGATIVE NUMBERS.
R  INDICATES RECORD WAS SET OR TIED.
MM INDICATES DATA IS MISSING.
T  INDICATES TRACE AMOUNT.




$$
