000
CDUS45 KBOU 210810
CLIDEN


CLIMATE REPORT
NATIONAL WEATHER SERVICE DENVER CO
110 AM MST SUN DEC 21 2014


...................................

...THE DENVER CO CLIMATE SUMMARY FOR DECEMBER 20 2014...

CLIMATE NORMAL PERIOD 1981 TO 2010
CLIMATE RECORD PERIOD 1872 TO 2014


WEATHER ITEM   OBSERVED TIME   RECORD YEAR NORMAL DEPARTURE LAST
                VALUE   (LST)  VALUE       VALUE  FROM      YEAR
                                                  NORMAL
..................................................................
TEMPERATURE (F)
 YESTERDAY
  MAXIMUM         49    205 PM  69    1894  42      7       25
  MINIMUM         21    143 AM -16    1990  17      4       15
                                      1983
  AVERAGE         35                        29      6       20

PRECIPITATION (IN)
  YESTERDAY        0.00          0.73 2006   0.01  -0.01      T
  MONTH TO DATE    0.08                      0.23  -0.15     0.14
  SINCE DEC 1      0.08                      0.23  -0.15     0.14
  SINCE JAN 1     18.26                     14.18   4.08    17.49

SNOWFALL (IN)
  YESTERDAY        0.0
  MONTH TO DATE      T
  SINCE DEC 1        T
  SINCE JUL 1        4
  SNOW DEPTH       0


DEGREE DAYS
 HEATING
  YESTERDAY       30                        36     -6       45
  MONTH TO DATE  550                       699   -149      775
  SINCE DEC 1    550                       699   -149      775
  SINCE JUL 1   1804                      2081   -277     2098

 COOLING
  YESTERDAY        0                         0      0        0
  MONTH TO DATE    0                         0      0        0
  SINCE DEC 1      0                         0      0        0
  SINCE JAN 1    701                       769    -68      999
..................................................................


WIND (MPH)
  HIGHEST WIND SPEED    15   HIGHEST WIND DIRECTION     S (200)
  HIGHEST GUST SPEED    17   HIGHEST GUST DIRECTION    SW (220)
  AVERAGE WIND SPEED     7.4


SKY COVER **
  POSSIBLE SUNSHINE  MM
  AVERAGE SKY COVER 0.6


WEATHER CONDITIONS
 THE FOLLOWING WEATHER WAS RECORDED YESTERDAY.
  NO SIGNIFICANT WEATHER WAS OBSERVED.


RELATIVE HUMIDITY (PERCENT)
 HIGHEST    64           700 PM
 LOWEST     31           200 PM
 AVERAGE    48

..........................................................


THE DENVER CO CLIMATE NORMALS FOR TODAY
                         NORMAL    RECORD    YEAR
 MAXIMUM TEMPERATURE (F)   42        67      1933
 MINIMUM TEMPERATURE (F)   17       -21      1990
                                             1983


SUNRISE AND SUNSET
DECEMBER 21 2014......SUNRISE   716 AM MST   SUNSET   437 PM MST
DECEMBER 22 2014......SUNRISE   717 AM MST   SUNSET   438 PM MST


-  INDICATES NEGATIVE NUMBERS.
R  INDICATES RECORD WAS SET OR TIED.
MM INDICATES DATA IS MISSING.
T  INDICATES TRACE AMOUNT.

&&

** SUNSHINE DATA WILL NO LONGER BE AVAILABLE EFFECTIVE OCTOBER 1ST 2009.




$$
