000
CDUS45 KBOU 212323
CLIDEN


CLIMATE REPORT
NATIONAL WEATHER SERVICE DENVER CO
523 PM MDT SUN SEP 21 2014


...................................

...THE DENVER CO CLIMATE SUMMARY FOR SEPTEMBER 21 2014...
VALID TODAY AS OF 0400 PM LOCAL TIME.

CLIMATE NORMAL PERIOD 1981 TO 2010
CLIMATE RECORD PERIOD 1872 TO 2014


WEATHER ITEM   OBSERVED TIME   RECORD YEAR NORMAL DEPARTURE LAST
                VALUE   (LST)  VALUE       VALUE  FROM      YEAR
                                                  NORMAL
..................................................................
TEMPERATURE (F)
 TODAY
  MAXIMUM         75    229 PM  88    1885  76     -1       81
  MINIMUM         57    743 AM  27    1995  46     11       50
  AVERAGE         66                        61      5       66

PRECIPITATION (IN)
  TODAY            0.00          2.70 1902   0.03  -0.03     0.00
  MONTH TO DATE    0.65                      0.68  -0.03     4.65
  SINCE SEP 1      0.65                      0.68  -0.03     4.65
  SINCE JAN 1     15.76                     12.04   3.72    15.40

DEGREE DAYS
 HEATING
  TODAY            0                         5     -5        0
  MONTH TO DATE   70                        60     10       22
  SINCE SEP 1     70                        60     10       22
  SINCE JUL 1     77                        76      1       22

 COOLING
  TODAY            1                         2     -1        1
  MONTH TO DATE   59                        68     -9      128
  SINCE SEP 1     59                        68     -9      128
  SINCE JAN 1    672                       756    -84      994
..................................................................


WIND (MPH)
  HIGHEST WIND SPEED    17   HIGHEST WIND DIRECTION     S (160)
  HIGHEST GUST SPEED    22   HIGHEST GUST DIRECTION     S (160)
  AVERAGE WIND SPEED     8.3


SKY COVER **
  POSSIBLE SUNSHINE  MM
  AVERAGE SKY COVER 0.8


WEATHER CONDITIONS
 THE FOLLOWING WEATHER WAS RECORDED TODAY.
  NO SIGNIFICANT WEATHER WAS OBSERVED.


RELATIVE HUMIDITY (PERCENT)
 HIGHEST    72          1200 AM
 LOWEST     43           200 PM
 AVERAGE    58

..........................................................


THE DENVER CO CLIMATE NORMALS FOR TOMORROW
                         NORMAL    RECORD    YEAR
 MAXIMUM TEMPERATURE (F)   76        89      1953
 MINIMUM TEMPERATURE (F)   46        27      1895


SUNRISE AND SUNSET
SEPTEMBER 21 2014.....SUNRISE   645 AM MDT   SUNSET   659 PM MDT
SEPTEMBER 22 2014.....SUNRISE   646 AM MDT   SUNSET   657 PM MDT


-  INDICATES NEGATIVE NUMBERS.
R  INDICATES RECORD WAS SET OR TIED.
MM INDICATES DATA IS MISSING.
T  INDICATES TRACE AMOUNT.




$$
