331
CDUS45 KBOU 180753
CLIDEN


CLIMATE REPORT
NATIONAL WEATHER SERVICE DENVER/BOULDER CO
1251 AM MST SAT NOV 18 2017


...................................

...THE DENVER CO CLIMATE SUMMARY FOR NOVEMBER 17 2017...

CLIMATE NORMAL PERIOD 1981 TO 2010
CLIMATE RECORD PERIOD 1872 TO 2017


WEATHER ITEM   OBSERVED TIME   RECORD YEAR NORMAL DEPARTURE LAST
                VALUE   (LST)  VALUE       VALUE  FROM      YEAR
                                                  NORMAL
..................................................................
TEMPERATURE (F)
 YESTERDAY
  MAXIMUM         68   1056 AM  76    1999  51     17       39
  MINIMUM         37   1151 PM -14    1880  24     13       22
  AVERAGE         53                        38     15       31

PRECIPITATION (IN)
  YESTERDAY        0.23          0.46 1921   0.02   0.21     0.22
  MONTH TO DATE    0.27                      0.39  -0.12     0.22
  SINCE SEP 1      2.49                      2.37   0.12     0.76
  SINCE JAN 1     11.46                     13.73  -2.27    10.77

SNOWFALL (IN)
  YESTERDAY       MM
  MONTH TO DATE    T
  SINCE SEP 1      2.8
  SINCE JUL 1      2.8
  SNOW DEPTH       0

DEGREE DAYS
 HEATING
  YESTERDAY       12                        27    -15       34
  MONTH TO DATE  355                       405    -50      229
  SINCE SEP 1    932                       970    -38      524
  SINCE JUL 1    940                       986    -46      539

 COOLING
  YESTERDAY        0                         0      0        0
  MONTH TO DATE    0                         0      0        0
  SINCE SEP 1    132                        81     51      116
  SINCE JAN 1    881                       769    112      878
..................................................................


WIND (MPH)
  HIGHEST WIND SPEED    32   HIGHEST WIND DIRECTION     W (260)
  HIGHEST GUST SPEED    38   HIGHEST GUST DIRECTION     W (270)
  AVERAGE WIND SPEED    17.6


SKY COVER
  POSSIBLE SUNSHINE  MM
  AVERAGE SKY COVER 0.8


WEATHER CONDITIONS
 THE FOLLOWING WEATHER WAS RECORDED YESTERDAY.
  RAIN
  LIGHT RAIN
  FOG


RELATIVE HUMIDITY (PERCENT)
 HIGHEST    85           700 PM
 LOWEST     24          1100 AM
 AVERAGE    55

..........................................................


THE DENVER CO CLIMATE NORMALS FOR TODAY
                         NORMAL    RECORD    YEAR
 MAXIMUM TEMPERATURE (F)   51        78      2008
 MINIMUM TEMPERATURE (F)   23       -12      1880


SUNRISE AND SUNSET
NOVEMBER 18 2017......SUNRISE   647 AM MST   SUNSET   440 PM MST
NOVEMBER 19 2017......SUNRISE   648 AM MST   SUNSET   440 PM MST


-  INDICATES NEGATIVE NUMBERS.
R  INDICATES RECORD WAS SET OR TIED.
MM INDICATES DATA IS MISSING.
T  INDICATES TRACE AMOUNT.




$$
