000
CDUS45 KBOU 252230
CLIDEN


CLIMATE REPORT
NATIONAL WEATHER SERVICE DENVER CO
429 PM MDT MON MAY 25 2015


...................................

...THE DENVER CO CLIMATE SUMMARY FOR MAY 25 2015...
VALID TODAY AS OF 0400 PM LOCAL TIME.

CLIMATE NORMAL PERIOD 1981 TO 2010
CLIMATE RECORD PERIOD 1872 TO 2015


WEATHER ITEM   OBSERVED TIME   RECORD YEAR NORMAL DEPARTURE LAST
                VALUE   (LST)  VALUE       VALUE  FROM      YEAR
                                                  NORMAL
..................................................................
TEMPERATURE (F)
 TODAY
  MAXIMUM         67    218 PM  91    1964  75     -8       71
  MINIMUM         42    425 AM  31    1950  46     -4       49
  AVERAGE         55                        60     -5       60

PRECIPITATION (IN)
  TODAY            0.00          1.31 1950   0.06  -0.06     0.05
  MONTH TO DATE    3.72                      1.67   2.05     3.46
  SINCE MAR 1      7.16                      4.30   2.86     5.53
  SINCE JAN 1      8.79                      5.08   3.71     6.66

DEGREE DAYS
 HEATING
  TODAY           10                         6      4        5
  MONTH TO DATE  339                       235    104      240
  SINCE MAR 1   1431                      1527    -96     1451
  SINCE JUL 1   5544                      5966   -422     5970

 COOLING
  TODAY            0                         1     -1        0
  MONTH TO DATE    0                        10    -10        6
  SINCE MAR 1      0                        11    -11        6
  SINCE JAN 1      0                        11    -11        6
..................................................................


WIND (MPH)
  HIGHEST WIND SPEED    21   HIGHEST WIND DIRECTION     E (70)
  HIGHEST GUST SPEED    25   HIGHEST GUST DIRECTION    NE (60)
  AVERAGE WIND SPEED     5.9


SKY COVER **
  POSSIBLE SUNSHINE  MM
  AVERAGE SKY COVER 0.7


WEATHER CONDITIONS
 THE FOLLOWING WEATHER WAS RECORDED TODAY.
  NO SIGNIFICANT WEATHER WAS OBSERVED.


RELATIVE HUMIDITY (PERCENT)
 HIGHEST    92          1200 AM
 LOWEST     43           200 PM
 AVERAGE    68

..........................................................


THE DENVER CO CLIMATE NORMALS FOR TOMORROW
                         NORMAL    RECORD    YEAR
 MAXIMUM TEMPERATURE (F)   75        95      1942
 MINIMUM TEMPERATURE (F)   46        32      1950


SUNRISE AND SUNSET
MAY 25 2015...........SUNRISE   536 AM MST   SUNSET   815 PM MST
MAY 26 2015...........SUNRISE   536 AM MST   SUNSET   815 PM MST


-  INDICATES NEGATIVE NUMBERS.
R  INDICATES RECORD WAS SET OR TIED.
MM INDICATES DATA IS MISSING.
T  INDICATES TRACE AMOUNT.




$$
