111
CDUS45 KBOU 162330
CLIDEN


CLIMATE REPORT
NATIONAL WEATHER SERVICE DENVER/BOULDER CO
430 PM MST TUE JAN 16 2018


...................................

...THE DENVER CO CLIMATE SUMMARY FOR JANUARY 16 2018...
VALID TODAY AS OF 0400 PM LOCAL TIME.

CLIMATE NORMAL PERIOD 1981 TO 2010
CLIMATE RECORD PERIOD 1872 TO 2018


WEATHER ITEM   OBSERVED TIME   RECORD YEAR NORMAL DEPARTURE LAST
                VALUE   (LST)  VALUE       VALUE  FROM      YEAR
                                                  NORMAL
..................................................................
TEMPERATURE (F)
 TODAY
  MAXIMUM         34    333 PM  64    1923  44    -10       35
  MINIMUM         -4    418 AM -19    1930  18    -22       27
  AVERAGE         15                        31    -16       31

PRECIPITATION (IN)
  TODAY            0.00          0.20 2017   0.01  -0.01     0.20
  MONTH TO DATE    0.24                      0.21   0.03     0.54
  SINCE DEC 1      0.45                      0.56  -0.11     1.32
  SINCE JAN 1      0.24                      0.21   0.03     0.54

DEGREE DAYS
 HEATING
  TODAY           50                        34     16       34
  MONTH TO DATE  505                       549    -44      614
  SINCE DEC 1   1484                      1635   -151     1760
  SINCE JUL 1   2655                      3017   -362     2656

 COOLING
  TODAY            0                         0      0        0
  MONTH TO DATE    0                         0      0        0
  SINCE DEC 1      0                         0      0        0
  SINCE JAN 1      0                         0      0        0
..................................................................


WIND (MPH)
  HIGHEST WIND SPEED    13   HIGHEST WIND DIRECTION     S (170)
  HIGHEST GUST SPEED    14   HIGHEST GUST DIRECTION    SE (120)
  AVERAGE WIND SPEED     6.8


SKY COVER
  POSSIBLE SUNSHINE  MM
  AVERAGE SKY COVER 0.2


WEATHER CONDITIONS
 THE FOLLOWING WEATHER WAS RECORDED TODAY.
  NO SIGNIFICANT WEATHER WAS OBSERVED.


RELATIVE HUMIDITY (PERCENT)
 HIGHEST    76           700 AM
 LOWEST     20           200 PM
 AVERAGE    48

..........................................................


THE DENVER CO CLIMATE NORMALS FOR TOMORROW
                         NORMAL    RECORD    YEAR
 MAXIMUM TEMPERATURE (F)   44        65      1971
 MINIMUM TEMPERATURE (F)   18       -20      1930


SUNRISE AND SUNSET
JANUARY 16 2018.......SUNRISE   718 AM MST   SUNSET   459 PM MST
JANUARY 17 2018.......SUNRISE   717 AM MST   SUNSET   501 PM MST


-  INDICATES NEGATIVE NUMBERS.
R  INDICATES RECORD WAS SET OR TIED.
MM INDICATES DATA IS MISSING.
T  INDICATES TRACE AMOUNT.




$$
