000
CDUS45 KBOU 272339
CLIDEN


CLIMATE REPORT
NATIONAL WEATHER SERVICE DENVER/BOULDER CO
538 PM MDT SAT AUG 27 2016


...................................

...THE DENVER CO CLIMATE SUMMARY FOR AUGUST 27 2016...
VALID TODAY AS OF 0500 PM LOCAL TIME.

CLIMATE NORMAL PERIOD 1981 TO 2010
CLIMATE RECORD PERIOD 1872 TO 2016


WEATHER ITEM   OBSERVED TIME   RECORD YEAR NORMAL DEPARTURE LAST
                VALUE   (LST)  VALUE       VALUE  FROM      YEAR
                                                  NORMAL
..................................................................
TEMPERATURE (F)
 TODAY
  MAXIMUM         85    253 PM  98    2012  85      0       89
                                      1994
  MINIMUM         48R   449 AM  48    2004  56     -8       56
                                      1992
  AVERAGE         67                        70     -3       73

PRECIPITATION (IN)
  TODAY            0.00          1.39 1955   0.04  -0.04      T
  MONTH TO DATE    0.22                      1.54  -1.32     1.06
  SINCE JUN 1      2.91                      5.68  -2.77     4.65
  SINCE JAN 1     10.01                     11.21  -1.20    13.48

DEGREE DAYS
 HEATING
  TODAY            0                         1     -1        0
  MONTH TO DATE   15                         1     14       13
  SINCE JUN 1     19                        69    -50       29
  SINCE JUL 1     15                         7      8       18

 COOLING
  TODAY            2                         6     -4        8
  MONTH TO DATE  198                       222    -24      266
  SINCE JUN 1    739                       644     95      671
  SINCE JAN 1    742                       666     76      675
..................................................................


WIND (MPH)
  HIGHEST WIND SPEED    14   HIGHEST WIND DIRECTION    NE (60)
  HIGHEST GUST SPEED    17   HIGHEST GUST DIRECTION    NE (60)
  AVERAGE WIND SPEED     6.7


SKY COVER **
  POSSIBLE SUNSHINE  MM
  AVERAGE SKY COVER 0.4


WEATHER CONDITIONS
 THE FOLLOWING WEATHER WAS RECORDED TODAY.
  NO SIGNIFICANT WEATHER WAS OBSERVED.


RELATIVE HUMIDITY (PERCENT)
 HIGHEST    86           500 AM
 LOWEST     16           300 PM
 AVERAGE    51

..........................................................


THE DENVER CO CLIMATE NORMALS FOR TOMORROW
                         NORMAL    RECORD    YEAR
 MAXIMUM TEMPERATURE (F)   85        96      2012
                                             2011
 MINIMUM TEMPERATURE (F)   55        42      2004


SUNRISE AND SUNSET
AUGUST 27 2016........SUNRISE   622 AM MDT   SUNSET   737 PM MDT
AUGUST 28 2016........SUNRISE   623 AM MDT   SUNSET   736 PM MDT


-  INDICATES NEGATIVE NUMBERS.
R  INDICATES RECORD WAS SET OR TIED.
MM INDICATES DATA IS MISSING.
T  INDICATES TRACE AMOUNT.




$$
