000
CDUS44 KSHV 180833
CLIDEQ


CLIMATE REPORT
NATIONAL WEATHER SERVICE SHREVEPORT, LA
232 AM CST THU JAN 18 2018


...................................

...THE DE QUEEN CLIMATE SUMMARY FOR JANUARY 17 2018...

CLIMATE NORMAL PERIOD 1981 TO 2010
CLIMATE RECORD PERIOD 1902 TO 2018


WEATHER ITEM   OBSERVED TIME   RECORD YEAR NORMAL DEPARTURE LAST
                VALUE   (LST)  VALUE       VALUE  FROM      YEAR
                                                  NORMAL
..................................................................
TEMPERATURE (F)
 YESTERDAY
  MAXIMUM         34    419 PM  78    1952  53    -19       54
  MINIMUM          6R   740 AM   6    1977  29    -23       43
  AVERAGE         20                        41    -21       49

PRECIPITATION (IN)
  YESTERDAY        0.00          1.65 1994   0.11  -0.11      T
  MONTH TO DATE    0.59                      1.86  -1.27     2.18
  SINCE DEC 1      5.84                      6.22  -0.38     4.89
  SINCE JAN 1      0.59                      1.86  -1.27     2.18

SNOWFALL (IN)
  YESTERDAY        0.0
  MONTH TO DATE    0.1
  SINCE DEC 1      0.1
  SINCE JUL 1      0.1
  SNOW DEPTH       0

DEGREE DAYS
 HEATING
  YESTERDAY       45                        24     21       16
  MONTH TO DATE  521                       402    119      317
  SINCE DEC 1   1152                      1085     67      908
  SINCE JUL 1   1615                      1611      4     1222

 COOLING
  YESTERDAY        0                         0      0        0
  MONTH TO DATE    0                         0      0        3
  SINCE DEC 1      1                         0      1        5
  SINCE JAN 1      0                         0      0        3
..................................................................


WIND (MPH)
  HIGHEST WIND SPEED     7   HIGHEST WIND DIRECTION    NW (310)
  HIGHEST GUST SPEED    11   HIGHEST GUST DIRECTION     W (250)
  AVERAGE WIND SPEED     1.1


SKY COVER
  POSSIBLE SUNSHINE  MM
  AVERAGE SKY COVER 0.0


WEATHER CONDITIONS
 THE FOLLOWING WEATHER WAS RECORDED YESTERDAY.
  NO SIGNIFICANT WEATHER WAS OBSERVED.


RELATIVE HUMIDITY (PERCENT)
 HIGHEST    91           100 AM
 LOWEST     32           400 PM
 AVERAGE    62

..........................................................


THE DE QUEEN CLIMATE NORMALS FOR TODAY
                         NORMAL    RECORD    YEAR
 MAXIMUM TEMPERATURE (F)   53        74      1950
 MINIMUM TEMPERATURE (F)   29         7      1977


SUNRISE AND SUNSET
JANUARY 18 2018.......SUNRISE   722 AM CST   SUNSET   534 PM CST
JANUARY 19 2018.......SUNRISE   722 AM CST   SUNSET   535 PM CST


-  INDICATES NEGATIVE NUMBERS.
R  INDICATES RECORD WAS SET OR TIED.
MM INDICATES DATA IS MISSING.
T  INDICATES TRACE AMOUNT.




$$
