918
CDUS44 KSHV 070855
CLIDEQ


CLIMATE REPORT
NATIONAL WEATHER SERVICE SHREVEPORT, LA
249 AM CST WED DEC 7 2016


...................................

...THE DE QUEEN CLIMATE SUMMARY FOR DECEMBER 6 2016...

CLIMATE NORMAL PERIOD 1981 TO 2010
CLIMATE RECORD PERIOD 1902 TO 2016


WEATHER ITEM   OBSERVED TIME   RECORD YEAR NORMAL DEPARTURE LAST
                VALUE   (LST)  VALUE       VALUE  FROM      YEAR
                                                  NORMAL
..................................................................
TEMPERATURE (F)
 YESTERDAY
  MAXIMUM         56    348 PM  79    1998  57     -1       64
  MINIMUM         44    327 AM  14    1950  32     12       32
  AVERAGE         50                        44      6       48

PRECIPITATION (IN)
  YESTERDAY        T             2.75 1974   0.12  -0.12     0.00
  MONTH TO DATE    0.87                      0.73   0.14     0.00
  SINCE DEC 1      0.87                      0.73   0.14     0.00
  SINCE JAN 1     35.70                     45.36  -9.66    50.05

SNOWFALL (IN)
  YESTERDAY       MM
  MONTH TO DATE    0.0
  SINCE DEC 1      0.0
  SINCE JUL 1      0.0
  SNOW DEPTH       0

DEGREE DAYS
 HEATING
  YESTERDAY       15                        21     -6       17
  MONTH TO DATE  104                       120    -16      125
  SINCE DEC 1    104                       120    -16      125
  SINCE JUL 1    418                       646   -228      466

 COOLING
  YESTERDAY        0                         0      0        0
  MONTH TO DATE    0                         0      0        0
  SINCE DEC 1      0                         0      0        0
  SINCE JAN 1   2239                      1941    298     2149
..................................................................


WIND (MPH)
  HIGHEST WIND SPEED    14   HIGHEST WIND DIRECTION    NE (30)
  HIGHEST GUST SPEED    19   HIGHEST GUST DIRECTION    NE (30)
  AVERAGE WIND SPEED     4.2


SKY COVER
  POSSIBLE SUNSHINE  MM
  AVERAGE SKY COVER 0.8


WEATHER CONDITIONS
 THE FOLLOWING WEATHER WAS RECORDED YESTERDAY.
  LIGHT RAIN
  FOG


RELATIVE HUMIDITY (PERCENT)
 HIGHEST   100           300 AM
 LOWEST     61           200 PM
 AVERAGE    81

..........................................................


THE DE QUEEN CLIMATE NORMALS FOR TODAY
                         NORMAL    RECORD    YEAR
 MAXIMUM TEMPERATURE (F)   57        80      1966
 MINIMUM TEMPERATURE (F)   31         7      1950


SUNRISE AND SUNSET
DECEMBER  7 2016......SUNRISE   710 AM CST   SUNSET   508 PM CST
DECEMBER  8 2016......SUNRISE   711 AM CST   SUNSET   508 PM CST


-  INDICATES NEGATIVE NUMBERS.
R  INDICATES RECORD WAS SET OR TIED.
MM INDICATES DATA IS MISSING.
T  INDICATES TRACE AMOUNT.




$$
