000
CDUS44 KSHV 270750
CLIDEQ


CLIMATE REPORT
NATIONAL WEATHER SERVICE SHREVEPORT, LA
250 AM CDT THU APR 27 2017


...................................

...THE DE QUEEN CLIMATE SUMMARY FOR APRIL 26 2017...

CLIMATE NORMAL PERIOD 1981 TO 2010
CLIMATE RECORD PERIOD 1902 TO 2017


WEATHER ITEM   OBSERVED TIME   RECORD YEAR NORMAL DEPARTURE LAST
                VALUE   (LST)  VALUE       VALUE  FROM      YEAR
                                                  NORMAL
..................................................................
TEMPERATURE (F)
 YESTERDAY
  MAXIMUM         73    343 AM  88    1939  77     -4       83
  MINIMUM         47   1159 PM  33    1950  52     -5       69
  AVERAGE         60                        64     -4       76

PRECIPITATION (IN)
  YESTERDAY        1.55          3.52 1966   0.18   1.37     0.02
  MONTH TO DATE    8.13                      3.22   4.91     4.25
  SINCE DEC 1     18.91                     19.22  -0.31    21.09
  SINCE JAN 1     16.20                     14.86   1.34    10.81

SNOWFALL (IN)
  YESTERDAY        0.0
  MONTH TO DATE    0.0
  SINCE MAR 1      0.0
  SINCE JUL 1      0.3
  SNOW DEPTH       0

DEGREE DAYS
 HEATING
  YESTERDAY        5                         3      2        0
  MONTH TO DATE   61                       144    -83       89
  SINCE MAR 1    294                       521   -227      343
  SINCE JUL 1   2063                      3012   -949     2295

 COOLING
  YESTERDAY        0                         2     -2       11
  MONTH TO DATE   55                        30     25       25
  SINCE MAR 1     82                        39     43       33
  SINCE JAN 1     92                        41     51       33
..................................................................


WIND (MPH)
  HIGHEST WIND SPEED    21   HIGHEST WIND DIRECTION    NW (310)
  HIGHEST GUST SPEED    28   HIGHEST GUST DIRECTION    NW (310)
  AVERAGE WIND SPEED     5.8


SKY COVER
  POSSIBLE SUNSHINE  MM
  AVERAGE SKY COVER 0.9


WEATHER CONDITIONS
 THE FOLLOWING WEATHER WAS RECORDED YESTERDAY.
  THUNDERSTORM
  HEAVY RAIN
  RAIN
  LIGHT RAIN
  FOG


RELATIVE HUMIDITY (PERCENT)
 HIGHEST    93           400 PM
 LOWEST     83           800 PM
 AVERAGE    88

..........................................................


THE DE QUEEN CLIMATE NORMALS FOR TODAY
                         NORMAL    RECORD    YEAR
 MAXIMUM TEMPERATURE (F)   77        90      1987
 MINIMUM TEMPERATURE (F)   52        36      1904


SUNRISE AND SUNSET
APRIL 27 2017.........SUNRISE   632 AM CDT   SUNSET   759 PM CDT
APRIL 28 2017.........SUNRISE   631 AM CDT   SUNSET   759 PM CDT


-  INDICATES NEGATIVE NUMBERS.
R  INDICATES RECORD WAS SET OR TIED.
MM INDICATES DATA IS MISSING.
T  INDICATES TRACE AMOUNT.




$$
