000
CDUS44 KSHV 160732
CLIDEQ


CLIMATE REPORT
NATIONAL WEATHER SERVICE SHREVEPORT, LA
232 AM CDT WED APR 16 2014


...................................

...THE DE QUEEN CLIMATE SUMMARY FOR APRIL 15 2014...

CLIMATE NORMAL PERIOD 1981 TO 2010
CLIMATE RECORD PERIOD 1902 TO 2014


WEATHER ITEM   OBSERVED TIME   RECORD YEAR NORMAL DEPARTURE LAST
                VALUE   (LST)  VALUE       VALUE  FROM      YEAR
                                                  NORMAL
..................................................................
TEMPERATURE (F)
 YESTERDAY
  MAXIMUM         63    508 PM  88    1955  74    -11       85
  MINIMUM         29    614 AM  27    1980  48    -19       60
  AVERAGE         46                        61    -15       73

PRECIPITATION (IN)
  YESTERDAY        0.00          2.25 2001   0.12  -0.12     0.00
  MONTH TO DATE    3.08                      1.69   1.39     1.08
  SINCE DEC 1     10.10                     17.69  -7.59    10.63
  SINCE JAN 1      8.17                     13.33  -5.16     6.58

SNOWFALL (IN)
  YESTERDAY        0.0
  MONTH TO DATE    0.0
  SINCE MAR 1      T
  SINCE JUL 1      1.2
  SNOW DEPTH       0

DEGREE DAYS
 HEATING
  YESTERDAY       19                         5     14        0
  MONTH TO DATE  119                       103     16      112
  SINCE MAR 1    580                       480    100      578
  SINCE JUL 1   3352                      2971    381     2893

 COOLING
  YESTERDAY        0                         1     -1        8
  MONTH TO DATE   17                        15      2       24
  SINCE MAR 1     18                        24     -6       24
  SINCE JAN 1     18                        26     -8       28
..................................................................


WIND (MPH)
  HIGHEST WIND SPEED    15   HIGHEST WIND DIRECTION    NE (50)
  HIGHEST GUST SPEED    19   HIGHEST GUST DIRECTION     N (340)
  AVERAGE WIND SPEED     2.2


SKY COVER
  POSSIBLE SUNSHINE  MM
  AVERAGE SKY COVER 0.0


WEATHER CONDITIONS
 THE FOLLOWING WEATHER WAS RECORDED YESTERDAY.
  FOG
  FOG W/VISIBILITY <= 1/4 MILE


RELATIVE HUMIDITY (PERCENT)
 HIGHEST   100           300 AM
 LOWEST     21           400 PM
 AVERAGE    61

..........................................................


THE DE QUEEN CLIMATE NORMALS FOR TODAY
                         NORMAL    RECORD    YEAR
 MAXIMUM TEMPERATURE (F)   74        88      2006
                                             1965
 MINIMUM TEMPERATURE (F)   48        29      1961


SUNRISE AND SUNSET
APRIL 16 2014.........SUNRISE   645 AM CDT   SUNSET   750 PM CDT
APRIL 17 2014.........SUNRISE   644 AM CDT   SUNSET   751 PM CDT


-  INDICATES NEGATIVE NUMBERS.
R  INDICATES RECORD WAS SET OR TIED.
MM INDICATES DATA IS MISSING.
T  INDICATES TRACE AMOUNT.




$$
