589
CDUS44 KSHV 280732
CLIDEQ


CLIMATE REPORT
NATIONAL WEATHER SERVICE SHREVEPORT, LA
231 AM CDT WED JUN 28 2017


...................................

...THE DE QUEEN CLIMATE SUMMARY FOR JUNE 27 2017...

CLIMATE NORMAL PERIOD 1981 TO 2010
CLIMATE RECORD PERIOD 1902 TO 2017


WEATHER ITEM   OBSERVED TIME   RECORD YEAR NORMAL DEPARTURE LAST
                VALUE   (LST)  VALUE       VALUE  FROM      YEAR
                                                  NORMAL
..................................................................
TEMPERATURE (F)
 YESTERDAY
  MAXIMUM         88    428 PM 101    1954  91     -3       94
  MINIMUM         64    408 AM  51    1974  69     -5       73
  AVERAGE         76                        80     -4       84

PRECIPITATION (IN)
  YESTERDAY        0.00          1.58 1996   0.14  -0.14      T
  MONTH TO DATE    1.75                      4.09  -2.34     3.78
  SINCE DEC 1     24.21                     29.58  -5.37    32.63
  SINCE JAN 1     21.50                     25.22  -3.72    22.35

SNOWFALL (IN)
  YESTERDAY        0.0
  MONTH TO DATE    0.0
  SINCE JUN 1      0.0
  SINCE JUL 1      0.3
  SNOW DEPTH       0

DEGREE DAYS
 HEATING
  YESTERDAY        0                         0      0        0
  MONTH TO DATE    0                         0      0        0
  SINCE JUN 1      0                         0      0        0
  SINCE JUL 1   2101                      3042   -941     2322

 COOLING
  YESTERDAY       11                        15     -4       19
  MONTH TO DATE  337                       332      5      394
  SINCE JUN 1    337                       332      5      394
  SINCE JAN 1    617                       549     68      591
..................................................................


WIND (MPH)
  HIGHEST WIND SPEED    14   HIGHEST WIND DIRECTION    SE (120)
  HIGHEST GUST SPEED    17   HIGHEST GUST DIRECTION    SE (120)
  AVERAGE WIND SPEED     3.6


SKY COVER
  POSSIBLE SUNSHINE  MM
  AVERAGE SKY COVER 0.3


WEATHER CONDITIONS
 THE FOLLOWING WEATHER WAS RECORDED YESTERDAY.
  FOG


RELATIVE HUMIDITY (PERCENT)
 HIGHEST   100          1200 AM
 LOWEST     50           400 PM
 AVERAGE    75

..........................................................


THE DE QUEEN CLIMATE NORMALS FOR TODAY
                         NORMAL    RECORD    YEAR
 MAXIMUM TEMPERATURE (F)   91       102      1988
 MINIMUM TEMPERATURE (F)   69        53      1958


SUNRISE AND SUNSET
JUNE 28 2017..........SUNRISE   609 AM CDT   SUNSET   833 PM CDT
JUNE 29 2017..........SUNRISE   609 AM CDT   SUNSET   833 PM CDT


-  INDICATES NEGATIVE NUMBERS.
R  INDICATES RECORD WAS SET OR TIED.
MM INDICATES DATA IS MISSING.
T  INDICATES TRACE AMOUNT.




$$
