000
CDUS44 KSHV 290744
CLIDEQ


CLIMATE REPORT
NATIONAL WEATHER SERVICE SHREVEPORT, LA
243 AM CDT SAT AUG 29 2015


...................................

...THE DE QUEEN CLIMATE SUMMARY FOR AUGUST 28 2015...

CLIMATE NORMAL PERIOD 1981 TO 2010
CLIMATE RECORD PERIOD 1902 TO 2015


WEATHER ITEM   OBSERVED TIME   RECORD YEAR NORMAL DEPARTURE LAST
                VALUE   (LST)  VALUE       VALUE  FROM      YEAR
                                                  NORMAL
..................................................................
TEMPERATURE (F)
 YESTERDAY
  MAXIMUM         87    435 PM 106    1954  93     -6       92
  MINIMUM         57    607 AM  52    1992  67    -10       67
  AVERAGE         72                        80     -8       80

PRECIPITATION (IN)
  YESTERDAY        0.00          6.71 1947   0.07  -0.07     0.00
  MONTH TO DATE    0.82                      1.93  -1.11     1.42
  SINCE DEC 1     38.35                     35.71   2.64    28.17
  SINCE JAN 1     36.63                     31.35   5.28    26.24

SNOWFALL (IN)
  YESTERDAY        0.0
  MONTH TO DATE    0.0
  SINCE JUN 1      0.0
  SINCE JUL 1      0.0
  SNOW DEPTH       0

DEGREE DAYS
 HEATING
  YESTERDAY        0                         0      0        0
  MONTH TO DATE    0                         0      0        0
  SINCE JUN 1      0                         0      0        0
  SINCE JUL 1      0                         0      0        0

 COOLING
  YESTERDAY        7                        15     -8       15
  MONTH TO DATE  438                       459    -21      398
  SINCE JUN 1   1415                      1334     81     1077
  SINCE JAN 1   1649                      1551     98     1284
..................................................................


WIND (MPH)
  HIGHEST WIND SPEED    12   HIGHEST WIND DIRECTION     E (100)
  HIGHEST GUST SPEED    15   HIGHEST GUST DIRECTION    SE (120)
  AVERAGE WIND SPEED     2.7


SKY COVER
  POSSIBLE SUNSHINE  MM
  AVERAGE SKY COVER 0.2


WEATHER CONDITIONS
 THE FOLLOWING WEATHER WAS RECORDED YESTERDAY.
  FOG
  FOG W/VISIBILITY <= 1/4 MILE


RELATIVE HUMIDITY (PERCENT)
 HIGHEST   100          1200 AM
 LOWEST     40           400 PM
 AVERAGE    70

..........................................................


THE DE QUEEN CLIMATE NORMALS FOR TODAY
                         NORMAL    RECORD    YEAR
 MAXIMUM TEMPERATURE (F)   93       108      1954
 MINIMUM TEMPERATURE (F)   67        52      1986


SUNRISE AND SUNSET
AUGUST 29 2015........SUNRISE   649 AM CDT   SUNSET   748 PM CDT
AUGUST 30 2015........SUNRISE   650 AM CDT   SUNSET   746 PM CDT


-  INDICATES NEGATIVE NUMBERS.
R  INDICATES RECORD WAS SET OR TIED.
MM INDICATES DATA IS MISSING.
T  INDICATES TRACE AMOUNT.




$$
