000
CDUS44 KSHV 291245
CLIDEQ


CLIMATE REPORT
NATIONAL WEATHER SERVICE SHREVEPORT, LA
745 AM CDT SUN MAR 29 2015


...................................

...THE DE QUEEN CLIMATE SUMMARY FOR MARCH 28 2015...

CLIMATE NORMAL PERIOD 1981 TO 2010
CLIMATE RECORD PERIOD 1902 TO 2015


WEATHER ITEM   OBSERVED TIME   RECORD YEAR NORMAL DEPARTURE LAST
                VALUE   (LST)  VALUE       VALUE  FROM      YEAR
                                                  NORMAL
..................................................................
TEMPERATURE (F)
 YESTERDAY
  MAXIMUM         68    501 PM  88    1967  69     -1       77
  MINIMUM         37    520 AM  27    1942  43     -6       54
  AVERAGE         53                        56     -3       66

PRECIPITATION (IN)
  YESTERDAY        0.00          4.50 1977   0.19  -0.19     0.02
  MONTH TO DATE    5.66                      4.06   1.60     3.10
  SINCE DEC 1     15.29                     15.42  -0.13     6.97
  SINCE JAN 1     13.57                     11.06   2.51     5.04

SNOWFALL (IN)
  YESTERDAY        0.0
  MONTH TO DATE    2.6
  SINCE MAR 1      2.6
  SINCE JUL 1      7.9
  SNOW DEPTH       0

DEGREE DAYS
 HEATING
  YESTERDAY       12                         9      3        0
  MONTH TO DATE  342                       349     -7      432
  SINCE MAR 1    342                       349     -7      432
  SINCE JUL 1   2994                      2840    154     3204

 COOLING
  YESTERDAY        0                         0      0        1
  MONTH TO DATE    2                         0      2        1
  SINCE MAR 1      2                         0      2        1
  SINCE JAN 1      2                         2      0        1
..................................................................


WIND (MPH)
  HIGHEST WIND SPEED    17   HIGHEST WIND DIRECTION     E (80)
  HIGHEST GUST SPEED    24   HIGHEST GUST DIRECTION     E (100)
  AVERAGE WIND SPEED     7.4


SKY COVER
  POSSIBLE SUNSHINE  MM
  AVERAGE SKY COVER 0.1


WEATHER CONDITIONS
 THE FOLLOWING WEATHER WAS RECORDED YESTERDAY.
  FOG


RELATIVE HUMIDITY (PERCENT)
 HIGHEST   100           400 AM
 LOWEST     42           500 PM
 AVERAGE    71

..........................................................


THE DE QUEEN CLIMATE NORMALS FOR TODAY
                         NORMAL    RECORD    YEAR
 MAXIMUM TEMPERATURE (F)   69        89      1967
 MINIMUM TEMPERATURE (F)   43        27      1955


SUNRISE AND SUNSET
MARCH 29 2015.........SUNRISE   709 AM CDT   SUNSET   736 PM CDT
MARCH 30 2015.........SUNRISE   708 AM CDT   SUNSET   737 PM CDT


-  INDICATES NEGATIVE NUMBERS.
R  INDICATES RECORD WAS SET OR TIED.
MM INDICATES DATA IS MISSING.
T  INDICATES TRACE AMOUNT.




$$
