000
CDUS44 KSHV 050841
CLIDEQ


CLIMATE REPORT
NATIONAL WEATHER SERVICE SHREVEPORT, LA
240 AM CST THU MAR 5 2015


...................................

...THE DE QUEEN CLIMATE SUMMARY FOR MARCH 4 2015...

CLIMATE NORMAL PERIOD 1981 TO 2010
CLIMATE RECORD PERIOD 1902 TO 2015


WEATHER ITEM   OBSERVED TIME   RECORD YEAR NORMAL DEPARTURE LAST
                VALUE   (LST)  VALUE       VALUE  FROM      YEAR
                                                  NORMAL
..................................................................
TEMPERATURE (F)
 YESTERDAY
  MAXIMUM         55    948 AM  85    1955  63     -8       46
  MINIMUM         31   1159 PM  13    2002  37     -6       23
  AVERAGE         43                        50     -7       35

PRECIPITATION (IN)
  YESTERDAY       MM             1.43 1937   0.08  MM        0.00
  MONTH TO DATE    T                         0.32  -0.32     1.71
  SINCE DEC 1      9.53                     11.68  -2.15     5.58
  SINCE JAN 1      7.81                      7.32   0.49     3.65

SNOWFALL (IN)
  YESTERDAY        T
  MONTH TO DATE    T
  SINCE MAR 1      T
  SINCE JUL 1      4.8
  SNOW DEPTH       0

DEGREE DAYS
 HEATING
  YESTERDAY       22                        15      7       30
  MONTH TO DATE   91                        62     29       96
  SINCE MAR 1     91                        62     29       96
  SINCE JUL 1   2743                      2553    190     2868

 COOLING
  YESTERDAY        0                         0      0        0
  MONTH TO DATE    0                         0      0        0
  SINCE MAR 1      0                         0      0        0
  SINCE JAN 1      0                         2     -2        0
..................................................................


WIND (MPH)
  HIGHEST WIND SPEED    16   HIGHEST WIND DIRECTION    NE (40)
  HIGHEST GUST SPEED    24   HIGHEST GUST DIRECTION    NE (40)
  AVERAGE WIND SPEED     5.5


SKY COVER
  POSSIBLE SUNSHINE  MM
  AVERAGE SKY COVER 0.9


WEATHER CONDITIONS
 THE FOLLOWING WEATHER WAS RECORDED YESTERDAY.
  THUNDERSTORM
  HEAVY RAIN
  RAIN
  LIGHT RAIN
  LT FREEZING RAIN
  LIGHT SNOW
  FOG
  FOG W/VISIBILITY <= 1/4 MILE
  HAZE


RELATIVE HUMIDITY (PERCENT)
 HIGHEST   100           300 AM
 LOWEST     82          1000 PM
 AVERAGE    91

..........................................................


THE DE QUEEN CLIMATE NORMALS FOR TODAY
                         NORMAL    RECORD    YEAR
 MAXIMUM TEMPERATURE (F)   63        82      1961
 MINIMUM TEMPERATURE (F)   37        14      2002


SUNRISE AND SUNSET
MARCH  5 2015.........SUNRISE   642 AM CST   SUNSET   617 PM CST
MARCH  6 2015.........SUNRISE   640 AM CST   SUNSET   618 PM CST


-  INDICATES NEGATIVE NUMBERS.
R  INDICATES RECORD WAS SET OR TIED.
MM INDICATES DATA IS MISSING.
T  INDICATES TRACE AMOUNT.




$$
