000
CDUS44 KSHV 010746
CLIDEQ


CLIMATE REPORT
NATIONAL WEATHER SERVICE SHREVEPORT, LA
241 AM CDT WED OCT 1 2014


...................................

...THE DE QUEEN CLIMATE SUMMARY FOR SEPTEMBER 30 2014...

CLIMATE NORMAL PERIOD 1981 TO 2010
CLIMATE RECORD PERIOD 1902 TO 2014


WEATHER ITEM   OBSERVED TIME   RECORD YEAR NORMAL DEPARTURE LAST
                VALUE   (LST)  VALUE       VALUE  FROM      YEAR
                                                  NORMAL
..................................................................
TEMPERATURE (F)
 YESTERDAY
  MAXIMUM         86    254 PM 103    1953  81      5       81
  MINIMUM         61    327 AM  40    1992  56      5       69
  AVERAGE         74                        68      6       75

PRECIPITATION (IN)
  YESTERDAY        0.00          1.90 1903   0.10  -0.10     0.00
  MONTH TO DATE    7.09                      3.61   3.48     5.95
  SINCE DEC 1     35.37                     39.56  -4.19    30.30
  SINCE JAN 1     33.44                     35.20  -1.76    26.25

SNOWFALL (IN)
  YESTERDAY        0.0
  MONTH TO DATE    0.0
  SINCE SEP 1      0.0
  SINCE JUL 1      0.0
  SNOW DEPTH       0

DEGREE DAYS
 HEATING
  YESTERDAY        0                         1     -1        0
  MONTH TO DATE    1                         7     -6        0
  SINCE SEP 1      1                         9     -8        0
  SINCE JUL 1      1                         9     -8        0

 COOLING
  YESTERDAY        9                         4      5       10
  MONTH TO DATE  302                       273     29      373
  SINCE SEP 1    302                       273     29      373
  SINCE JAN 1   1632                      1865   -233     1936
..................................................................


WIND (MPH)
  HIGHEST WIND SPEED    10   HIGHEST WIND DIRECTION    SE (120)
  HIGHEST GUST SPEED    16   HIGHEST GUST DIRECTION     E (110)
  AVERAGE WIND SPEED     3.6


SKY COVER
  POSSIBLE SUNSHINE  MM
  AVERAGE SKY COVER 0.5


WEATHER CONDITIONS
 THE FOLLOWING WEATHER WAS RECORDED YESTERDAY.
  FOG
  FOG W/VISIBILITY <= 1/4 MILE
  HAZE


RELATIVE HUMIDITY (PERCENT)
 HIGHEST   100          1200 AM
 LOWEST     48           300 PM
 AVERAGE    74

..........................................................


THE DE QUEEN CLIMATE NORMALS FOR TODAY
                         NORMAL    RECORD    YEAR
 MAXIMUM TEMPERATURE (F)   80       104      1938
 MINIMUM TEMPERATURE (F)   55        35      1984


SUNRISE AND SUNSET
OCTOBER  1 2014.......SUNRISE   712 AM CDT   SUNSET   702 PM CDT
OCTOBER  2 2014.......SUNRISE   713 AM CDT   SUNSET   700 PM CDT


-  INDICATES NEGATIVE NUMBERS.
R  INDICATES RECORD WAS SET OR TIED.
MM INDICATES DATA IS MISSING.
T  INDICATES TRACE AMOUNT.




$$
