000
CDUS44 KSHV 010807
CLIDEQ


CLIMATE REPORT
NATIONAL WEATHER SERVICE SHREVEPORT, LA
306 AM CDT SAT NOV 1 2014


...................................

...THE DE QUEEN CLIMATE SUMMARY FOR OCTOBER 31 2014...

CLIMATE NORMAL PERIOD 1981 TO 2010
CLIMATE RECORD PERIOD 1902 TO 2014


WEATHER ITEM   OBSERVED TIME   RECORD YEAR NORMAL DEPARTURE LAST
                VALUE   (LST)  VALUE       VALUE  FROM      YEAR
                                                  NORMAL
..................................................................
TEMPERATURE (F)
 YESTERDAY
  MAXIMUM         64    234 PM  88    1937  72     -8       77
                                      1963
  MINIMUM         35   1146 PM  21    1993  46    -11       46
  AVERAGE         50                        59     -9       62

PRECIPITATION (IN)
  YESTERDAY        0.00          3.00 1973   0.11  -0.11      T
  MONTH TO DATE    5.15                      4.52   0.63     2.66
  SINCE DEC 1     40.52                     44.08  -3.56    32.96
  SINCE JAN 1     38.59                     39.72  -1.13    28.91

SNOWFALL (IN)
  YESTERDAY        0.0
  MONTH TO DATE    0.0
  SINCE SEP 1      0.0
  SINCE JUL 1      0.0
  SNOW DEPTH       0

DEGREE DAYS
 HEATING
  YESTERDAY       15                         7      8        3
  MONTH TO DATE   80                       125    -45      144
  SINCE SEP 1     81                       133    -52      144
  SINCE JUL 1     81                       133    -52      144

 COOLING
  YESTERDAY        0                         1     -1        0
  MONTH TO DATE   78                        69      9       87
  SINCE SEP 1    380                       342     38      460
  SINCE JAN 1   1710                      1934   -224     2023
..................................................................


WIND (MPH)
  HIGHEST WIND SPEED    17   HIGHEST WIND DIRECTION    NE (30)
  HIGHEST GUST SPEED    26   HIGHEST GUST DIRECTION    NE (50)
  AVERAGE WIND SPEED     4.8


SKY COVER
  POSSIBLE SUNSHINE  MM
  AVERAGE SKY COVER 0.1


WEATHER CONDITIONS
 THE FOLLOWING WEATHER WAS RECORDED YESTERDAY.
  FOG
  FOG W/VISIBILITY <= 1/4 MILE


RELATIVE HUMIDITY (PERCENT)
 HIGHEST   100           100 AM
 LOWEST     43           300 PM
 AVERAGE    72

..........................................................


THE DE QUEEN CLIMATE NORMALS FOR TODAY
                         NORMAL    RECORD    YEAR
 MAXIMUM TEMPERATURE (F)   71        88      1984
 MINIMUM TEMPERATURE (F)   45        21      1993


SUNRISE AND SUNSET
NOVEMBER  1 2014......SUNRISE   737 AM CDT   SUNSET   625 PM CDT
NOVEMBER  2 2014......SUNRISE   638 AM CST   SUNSET   524 PM CST


-  INDICATES NEGATIVE NUMBERS.
R  INDICATES RECORD WAS SET OR TIED.
MM INDICATES DATA IS MISSING.
T  INDICATES TRACE AMOUNT.




$$
