000
CDUS44 KFWD 190642
CLIDFW


CLIMATE REPORT
NATIONAL WEATHER SERVICE FORT WORTH TX
1241 AM CST THU JAN 19 2017


...................................

...THE DALLAS FORT WORTH CLIMATE SUMMARY FOR JANUARY 18 2017...

CLIMATE NORMAL PERIOD 1981 TO 2010
CLIMATE RECORD PERIOD 1898 TO 2017


WEATHER ITEM   OBSERVED TIME   RECORD YEAR NORMAL DEPARTURE LAST
                VALUE   (LST)  VALUE       VALUE  FROM      YEAR
                                                  NORMAL
..................................................................
TEMPERATURE (F)
 YESTERDAY
  MAXIMUM         54    632 PM  80    1923  56     -2       46
                                      1914
  MINIMUM         48   1104 AM  -1    1930  35     13       27
  AVERAGE         51                        46      5       37

PRECIPITATION (IN)
  YESTERDAY        0.12          1.99 1990   0.07   0.05     0.00
  MONTH TO DATE    4.37                      1.14   3.23     0.85
  SINCE DEC 1      4.97                      3.69   1.28     4.68
  SINCE JAN 1      4.37                      1.14   3.23     0.85

SNOWFALL (IN)
  YESTERDAY        0.0           3.8  1956   0.0    0.0      0.0
  MONTH TO DATE    0.1                       0.1    0.0      0.0
  SINCE DEC 1      0.1                       0.4   -0.3       T
  SINCE JUL 1      0.1                       0.4   -0.3       T
  SNOW DEPTH       0

DEGREE DAYS
 HEATING
  YESTERDAY       14                        19     -5       28
  MONTH TO DATE  305                       353    -48      348
  SINCE DEC 1    789                       911   -122      704
  SINCE JUL 1    891                      1265   -374      919

 COOLING
  YESTERDAY        0                         0      0        0
  MONTH TO DATE    6                         0      6        0
  SINCE DEC 1     22                         4     18        9
  SINCE JAN 1      6                         0      6        0
..................................................................


WIND (MPH)
  HIGHEST WIND SPEED    15   HIGHEST WIND DIRECTION    NE (30)
  HIGHEST GUST SPEED    18   HIGHEST GUST DIRECTION    NE (40)
  AVERAGE WIND SPEED     7.1


SKY COVER
  POSSIBLE SUNSHINE  MM
  AVERAGE SKY COVER 1.0


WEATHER CONDITIONS
 THE FOLLOWING WEATHER WAS RECORDED YESTERDAY.
  RAIN
  LIGHT RAIN
  FOG


RELATIVE HUMIDITY (PERCENT)
 HIGHEST    96           200 PM
 LOWEST     89           300 PM
 AVERAGE    93

..........................................................


THE DALLAS FORT WORTH CLIMATE NORMALS FOR TODAY
                         NORMAL    RECORD    YEAR
 MAXIMUM TEMPERATURE (F)   57        84      1952
 MINIMUM TEMPERATURE (F)   35         5      1943


SUNRISE AND SUNSET
JANUARY 19 2017.......SUNRISE   730 AM CST   SUNSET   549 PM CST
JANUARY 20 2017.......SUNRISE   729 AM CST   SUNSET   549 PM CST


-  INDICATES NEGATIVE NUMBERS.
R  INDICATES RECORD WAS SET OR TIED.
MM INDICATES DATA IS MISSING.
T  INDICATES TRACE AMOUNT.




$$
