000
CDUS44 KFWD 290646
CLIDFW


CLIMATE REPORT
NATIONAL WEATHER SERVICE FORT WORTH TX
145 AM CDT FRI JUL 29 2016


...................................

...THE DALLAS FORT WORTH CLIMATE SUMMARY FOR JULY 28 2016...

CLIMATE NORMAL PERIOD 1981 TO 2010
CLIMATE RECORD PERIOD 1898 TO 2016


WEATHER ITEM   OBSERVED TIME   RECORD YEAR NORMAL DEPARTURE LAST
                VALUE   (LST)  VALUE       VALUE  FROM      YEAR
                                                  NORMAL
..................................................................
TEMPERATURE (F)
 YESTERDAY
  MAXIMUM         97    348 PM 105    2008  97      0       99
                                      1995
  MINIMUM         79   1152 PM  66    1994  76      3       80
  AVERAGE         88                        86      2       90

PRECIPITATION (IN)
  YESTERDAY        0.00          2.43 2004   0.06  -0.06     0.00
  MONTH TO DATE    3.89                      2.00   1.89     0.92
  SINCE JUN 1      7.49                      5.79   1.70     4.87
  SINCE JAN 1     24.25                     22.04   2.21    36.50

DEGREE DAYS
 HEATING
  YESTERDAY        0                         0      0        0
  MONTH TO DATE    0                         0      0        0
  SINCE JUN 1      0                         0      0        0
  SINCE JUL 1      0                         0      0        0

 COOLING
  YESTERDAY       23                        21      2       25
  MONTH TO DATE  629                       567     62      616
  SINCE JUN 1   1203                      1058    145     1136
  SINCE JAN 1   1626                      1480    146     1455
..................................................................


WIND (MPH)
  HIGHEST WIND SPEED    24   HIGHEST WIND DIRECTION     S (200)
  HIGHEST GUST SPEED    37   HIGHEST GUST DIRECTION     S (170)
  AVERAGE WIND SPEED     9.1


SKY COVER
  POSSIBLE SUNSHINE  MM
  AVERAGE SKY COVER 0.7


WEATHER CONDITIONS
 THE FOLLOWING WEATHER WAS RECORDED YESTERDAY.
  THUNDERSTORM


RELATIVE HUMIDITY (PERCENT)
 HIGHEST    79           300 AM
 LOWEST     42           200 PM
 AVERAGE    61

..........................................................


THE DALLAS FORT WORTH CLIMATE NORMALS FOR TODAY
                         NORMAL    RECORD    YEAR
 MAXIMUM TEMPERATURE (F)   97       109      1912
 MINIMUM TEMPERATURE (F)   76        67      1984


SUNRISE AND SUNSET
JULY 29 2016..........SUNRISE   640 AM CDT   SUNSET   829 PM CDT
JULY 30 2016..........SUNRISE   641 AM CDT   SUNSET   828 PM CDT


-  INDICATES NEGATIVE NUMBERS.
R  INDICATES RECORD WAS SET OR TIED.
MM INDICATES DATA IS MISSING.
T  INDICATES TRACE AMOUNT.




$$
