380
CDUS44 KFWD 210640
CLIDFW


CLIMATE REPORT
NATIONAL WEATHER SERVICE FORT WORTH TX
139 AM CDT THU SEP 21 2017


...................................

...THE DALLAS FORT WORTH CLIMATE SUMMARY FOR SEPTEMBER 20 2017...

CLIMATE NORMAL PERIOD 1981 TO 2010
CLIMATE RECORD PERIOD 1898 TO 2017


WEATHER ITEM   OBSERVED TIME   RECORD YEAR NORMAL DEPARTURE LAST
                VALUE   (LST)  VALUE       VALUE  FROM      YEAR
                                                  NORMAL
..................................................................
TEMPERATURE (F)
 YESTERDAY
  MAXIMUM         99    325 PM 102    1953  87     12      100
  MINIMUM         78    705 AM  46    1971  66     12       79
  AVERAGE         89                        76     13       90

PRECIPITATION (IN)
  YESTERDAY        0.00          3.00 1964   0.08  -0.08     0.00
  MONTH TO DATE    T                         1.78  -1.78     0.48
  SINCE SEP 1      T                         1.78  -1.78     0.48
  SINCE JAN 1     28.66                     25.89   2.77    29.15

DEGREE DAYS
 HEATING
  YESTERDAY        0                         0      0        0
  MONTH TO DATE    0                         0      0        0
  SINCE SEP 1      0                         0      0        0
  SINCE JUL 1      0                         0      0        0

 COOLING
  YESTERDAY       24                        12     12       25
  MONTH TO DATE  315                       297     18      383
  SINCE SEP 1    315                       297     18      383
  SINCE JAN 1   2816                      2479    337     2734
..................................................................


WIND (MPH)
  HIGHEST WIND SPEED    24   HIGHEST WIND DIRECTION     S (180)
  HIGHEST GUST SPEED    29   HIGHEST GUST DIRECTION     S (180)
  AVERAGE WIND SPEED    16.5


SKY COVER
  POSSIBLE SUNSHINE  MM
  AVERAGE SKY COVER 0.5


WEATHER CONDITIONS
 THE FOLLOWING WEATHER WAS RECORDED YESTERDAY.
  NO SIGNIFICANT WEATHER WAS OBSERVED.


RELATIVE HUMIDITY (PERCENT)
 HIGHEST    79           500 AM
 LOWEST     39           400 PM
 AVERAGE    59

..........................................................


THE DALLAS FORT WORTH CLIMATE NORMALS FOR TODAY
                         NORMAL    RECORD    YEAR
 MAXIMUM TEMPERATURE (F)   86        99      2005
                                             1956
 MINIMUM TEMPERATURE (F)   65        45      1983


SUNRISE AND SUNSET
SEPTEMBER 21 2017.....SUNRISE   716 AM CDT   SUNSET   726 PM CDT
SEPTEMBER 22 2017.....SUNRISE   716 AM CDT   SUNSET   724 PM CDT


-  INDICATES NEGATIVE NUMBERS.
R  INDICATES RECORD WAS SET OR TIED.
MM INDICATES DATA IS MISSING.
T  INDICATES TRACE AMOUNT.




$$
