000
CDUS44 KFWD 020640
CLIDFW


CLIMATE REPORT
NATIONAL WEATHER SERVICE FORT WORTH TX
140 AM CDT SUN AUG 2 2015

...THE DALLAS FORT WORTH CLIMATE SUMMARY FOR AUGUST 1 2015...

CLIMATE NORMAL PERIOD 1981 TO 2010
CLIMATE RECORD PERIOD 1898 TO 2015


WEATHER ITEM   OBSERVED TIME   RECORD YEAR NORMAL DEPARTURE LAST
                VALUE   (LST)  VALUE       VALUE  FROM      YEAR
                                                  NORMAL
..................................................................
TEMPERATURE (F)
 YESTERDAY
  MAXIMUM         97    508 PM 107    2011  97      0       83
  MINIMUM         78    610 AM  63    1936  76      2       70
  AVERAGE         88                        86      2       77

PRECIPITATION (IN)
  YESTERDAY        0.00          1.34 1912   0.05  -0.05      T
  MONTH TO DATE    0.00                      0.05  -0.05      T
  SINCE JUN 1      4.87                      6.00  -1.13     4.24
  SINCE JAN 1     36.50                     22.25  14.25    11.57

DEGREE DAYS
 HEATING
  YESTERDAY        0                         0      0        0
  MONTH TO DATE    0                         0      0        0
  SINCE JUN 1      0                         0      0        0
  SINCE JUL 1      0                         0      0        0

 COOLING
  YESTERDAY       23                        21      2       12
  MONTH TO DATE   23                        21      2       12
  SINCE JUN 1   1237                      1143     94     1128
  SINCE JAN 1   1556                      1565     -9     1604
..................................................................


WIND (MPH)
  HIGHEST WIND SPEED    13   HIGHEST WIND DIRECTION    SE (120)
  HIGHEST GUST SPEED    16   HIGHEST GUST DIRECTION     E (100)
  AVERAGE WIND SPEED     5.1


SKY COVER
  POSSIBLE SUNSHINE  MM
  AVERAGE SKY COVER 0.7


WEATHER CONDITIONS
 THE FOLLOWING WEATHER WAS RECORDED YESTERDAY.
  NO SIGNIFICANT WEATHER WAS OBSERVED.


RELATIVE HUMIDITY (PERCENT)
 HIGHEST    54           500 AM
 LOWEST     22           500 PM
 AVERAGE    38

..........................................................


THE DALLAS FORT WORTH CLIMATE NORMALS FOR TODAY
                         NORMAL    RECORD    YEAR
 MAXIMUM TEMPERATURE (F)   97       110      2011
 MINIMUM TEMPERATURE (F)   76        62      1965


SUNRISE AND SUNSET
AUGUST  2 2015........SUNRISE   642 AM CDT   SUNSET   826 PM CDT
AUGUST  3 2015........SUNRISE   643 AM CDT   SUNSET   825 PM CDT


-  INDICATES NEGATIVE NUMBERS.
R  INDICATES RECORD WAS SET OR TIED.
MM INDICATES DATA IS MISSING.
T  INDICATES TRACE AMOUNT.




$$
