000
CDUS44 KFWD 230643
CLIDFW


CLIMATE REPORT
NATIONAL WEATHER SERVICE FORT WORTH TX
140 AM CDT SAT MAY 23 2015

...THE DALLAS FORT WORTH CLIMATE SUMMARY FOR MAY 22 2015...

CLIMATE NORMAL PERIOD 1981 TO 2010
CLIMATE RECORD PERIOD 1898 TO 2015


WEATHER ITEM   OBSERVED TIME   RECORD YEAR NORMAL DEPARTURE LAST
                VALUE   (LST)  VALUE       VALUE  FROM      YEAR
                                                  NORMAL
..................................................................
TEMPERATURE (F)
 YESTERDAY
  MAXIMUM         68    450 PM  99    2005  85    -17       89
  MINIMUM         57   1237 PM  51    1931  66     -9       69
  AVERAGE         63                        76    -13       79

PRECIPITATION (IN)
  YESTERDAY        0.55          1.62 1940   0.16   0.39     0.00
  MONTH TO DATE    7.42                      3.50   3.92     1.23
  SINCE MAR 1     15.51                     10.06   5.45     4.42
  SINCE JAN 1     22.09                     14.85   7.24     5.16

DEGREE DAYS
 HEATING
  YESTERDAY        2                         0      2        0
  MONTH TO DATE    6                         6      0        9
  SINCE MAR 1    363                       350     13      430
  SINCE JUL 1   2399                      2282    117     2603

 COOLING
  YESTERDAY        0                        11    -11       14
  MONTH TO DATE  141                       176    -35      195
  SINCE MAR 1    264                       307    -43      362
  SINCE JAN 1    264                       314    -50      362
..................................................................


WIND (MPH)
  HIGHEST WIND SPEED    17   HIGHEST WIND DIRECTION    SE (120)
  HIGHEST GUST SPEED    22   HIGHEST GUST DIRECTION     E (110)
  AVERAGE WIND SPEED     7.5


SKY COVER
  POSSIBLE SUNSHINE  MM
  AVERAGE SKY COVER 1.0


WEATHER CONDITIONS
 THE FOLLOWING WEATHER WAS RECORDED YESTERDAY.
  THUNDERSTORM
  HEAVY RAIN
  RAIN
  LIGHT RAIN
  FOG


RELATIVE HUMIDITY (PERCENT)
 HIGHEST   100          1100 PM
 LOWEST     78          1000 AM
 AVERAGE    89

..........................................................


THE DALLAS FORT WORTH CLIMATE NORMALS FOR TODAY
                         NORMAL    RECORD    YEAR
 MAXIMUM TEMPERATURE (F)   86        96      1996
                                             1962
 MINIMUM TEMPERATURE (F)   66        50      1917


SUNRISE AND SUNSET
MAY 23 2015...........SUNRISE   624 AM CDT   SUNSET   826 PM CDT
MAY 24 2015...........SUNRISE   624 AM CDT   SUNSET   826 PM CDT


-  INDICATES NEGATIVE NUMBERS.
R  INDICATES RECORD WAS SET OR TIED.
MM INDICATES DATA IS MISSING.
T  INDICATES TRACE AMOUNT.




$$
