000
CDUS44 KFWD 260642
CLIDFW


CLIMATE REPORT
NATIONAL WEATHER SERVICE FORT WORTH TX
142 AM CDT THU MAR 26 2015


...................................

...THE DALLAS FORT WORTH CLIMATE SUMMARY FOR MARCH 25 2015...

CLIMATE NORMAL PERIOD 1981 TO 2010
CLIMATE RECORD PERIOD 1898 TO 2015


WEATHER ITEM   OBSERVED TIME   RECORD YEAR NORMAL DEPARTURE LAST
                VALUE   (LST)  VALUE       VALUE  FROM      YEAR
                                                  NORMAL
..................................................................
TEMPERATURE (F)
 YESTERDAY
  MAXIMUM         81    354 PM  97    1899  71     10       64
  MINIMUM         63    745 AM  26    1955  49     14       42
  AVERAGE         72                        60     12       53

PRECIPITATION (IN)
  YESTERDAY        T             3.40 1904   0.12  -0.12     0.00
  MONTH TO DATE    2.53                      2.86  -0.33     1.39
  SINCE MAR 1      2.53                      2.86  -0.33     1.39
  SINCE JAN 1      9.11                      7.65   1.46     2.13

SNOWFALL (IN)
  YESTERDAY        0.0           T    1996   0.0    0.0      0.0
  MONTH TO DATE    3.5                       0.2    3.3      0.1
  SINCE MAR 1      3.5                       0.2    3.3      0.1
  SINCE JUL 1      5.8                       1.2    4.6      2.9
  SNOW DEPTH       0

DEGREE DAYS
 HEATING
  YESTERDAY        0                         6     -6       12
  MONTH TO DATE  287                       227     60      303
  SINCE MAR 1    287                       227     60      303
  SINCE JUL 1   2323                      2159    164     2476

 COOLING
  YESTERDAY        7                         1      6        0
  MONTH TO DATE   21                        23     -2       11
  SINCE MAR 1     21                        23     -2       11
  SINCE JAN 1     21                        30     -9       11
..................................................................


WIND (MPH)
  HIGHEST WIND SPEED    26   HIGHEST WIND DIRECTION     S (190)
  HIGHEST GUST SPEED    33   HIGHEST GUST DIRECTION     S (170)
  AVERAGE WIND SPEED    15.0


SKY COVER
  POSSIBLE SUNSHINE  MM
  AVERAGE SKY COVER 0.5


WEATHER CONDITIONS
 THE FOLLOWING WEATHER WAS RECORDED YESTERDAY.
  NO SIGNIFICANT WEATHER WAS OBSERVED.


RELATIVE HUMIDITY (PERCENT)
 HIGHEST    93           200 AM
 LOWEST     45           200 PM
 AVERAGE    69

..........................................................


THE DALLAS FORT WORTH CLIMATE NORMALS FOR TODAY
                         NORMAL    RECORD    YEAR
 MAXIMUM TEMPERATURE (F)   71        91      1909
 MINIMUM TEMPERATURE (F)   49        23      1955


SUNRISE AND SUNSET
MARCH 26 2015.........SUNRISE   724 AM CDT   SUNSET   744 PM CDT
MARCH 27 2015.........SUNRISE   723 AM CDT   SUNSET   745 PM CDT


-  INDICATES NEGATIVE NUMBERS.
R  INDICATES RECORD WAS SET OR TIED.
MM INDICATES DATA IS MISSING.
T  INDICATES TRACE AMOUNT.




$$
