000
CDUS44 KFWD 270711
CLIDFW


CLIMATE REPORT
NATIONAL WEATHER SERVICE FORT WORTH TX
210 AM CDT MON MAR 27 2017

...................................

...THE DALLAS FORT WORTH CLIMATE SUMMARY FOR MARCH 26 2017...

CLIMATE NORMAL PERIOD 1981 TO 2010
CLIMATE RECORD PERIOD 1898 TO 2017

WEATHER ITEM   OBSERVED TIME   RECORD YEAR NORMAL DEPARTURE LAST
                VALUE   (LST)  VALUE       VALUE  FROM      YEAR
                                                  NORMAL
..................................................................
TEMPERATURE (F)
 YESTERDAY
  MAXIMUM         86    226 PM  91    1909  71     15       76
  MINIMUM         51    622 AM  23    1955  49      2       47
  AVERAGE         69                        60      9       62

PRECIPITATION (IN)
  YESTERDAY        0.00          2.07 1938   0.10  -0.10     0.00
  MONTH TO DATE    0.51                      2.96  -2.45     2.51
  SINCE MAR 1      0.51                      2.96  -2.45     2.51
  SINCE JAN 1      7.23                      7.75  -0.52     5.75

SNOWFALL (IN)
  YESTERDAY        0.0           T    1996   0.0    0.0      0.0
                                      1937
                                      1913
  MONTH TO DATE    0.0                       0.2   -0.2      0.0
  SINCE MAR 1      0.0                       0.2   -0.2      0.0
  SINCE JUL 1      0.1                       1.6   -1.5       T
  SNOW DEPTH       0

DEGREE DAYS
 HEATING
  YESTERDAY        0                         6     -6        3
  MONTH TO DATE   93                       233   -140      125
  SINCE MAR 1     93                       233   -140      125
  SINCE JUL 1   1281                      2165   -884     1536

 COOLING
  YESTERDAY        4                         2      2        0
  MONTH TO DATE  103                        25     78       22
  SINCE MAR 1    103                        25     78       22
  SINCE JAN 1    171                        32    139       33
..................................................................

WIND (MPH)
  HIGHEST WIND SPEED    30   HIGHEST WIND DIRECTION     S (170)
  HIGHEST GUST SPEED    37   HIGHEST GUST DIRECTION     S (160)
  AVERAGE WIND SPEED    15.0


SKY COVER
  POSSIBLE SUNSHINE  MM
  AVERAGE SKY COVER 0.5


WEATHER CONDITIONS
 THE FOLLOWING WEATHER WAS RECORDED YESTERDAY.
  THUNDERSTORM


RELATIVE HUMIDITY (PERCENT)
 HIGHEST    90           900 AM
 LOWEST     44           200 PM
 AVERAGE    67

..........................................................

THE DALLAS FORT WORTH CLIMATE NORMALS FOR TODAY
                         NORMAL    RECORD    YEAR
 MAXIMUM TEMPERATURE (F)   72        96      1956
 MINIMUM TEMPERATURE (F)   50        23      1955


SUNRISE AND SUNSET
MARCH 27 2017.........SUNRISE   722 AM CDT   SUNSET   745 PM CDT
MARCH 28 2017.........SUNRISE   721 AM CDT   SUNSET   746 PM CDT


-  INDICATES NEGATIVE NUMBERS.
R  INDICATES RECORD WAS SET OR TIED.
MM INDICATES DATA IS MISSING.
T  INDICATES TRACE AMOUNT.


$$
