000
CDUS44 KFWD 200644
CLIDFW


CLIMATE REPORT
NATIONAL WEATHER SERVICE FORT WORTH TX
143 AM CDT THU JUL 20 2017


...................................

...THE DALLAS FORT WORTH CLIMATE SUMMARY FOR JULY 19 2017...

CLIMATE NORMAL PERIOD 1981 TO 2010
CLIMATE RECORD PERIOD 1898 TO 2017


WEATHER ITEM   OBSERVED TIME   RECORD YEAR NORMAL DEPARTURE LAST
                VALUE   (LST)  VALUE       VALUE  FROM      YEAR
                                                  NORMAL
..................................................................
TEMPERATURE (F)
 YESTERDAY
  MAXIMUM         98    406 PM 107    1925  96      2       97
  MINIMUM         80    605 AM  68    2014  75      5       80
                                      1990
                                      1917
  AVERAGE         89                        86      3       89

PRECIPITATION (IN)
  YESTERDAY        0.00          1.46 1917   0.06  -0.06     0.00
  MONTH TO DATE    2.78                      1.51   1.27     3.86
  SINCE JUN 1     11.22                      5.30   5.92     7.46
  SINCE JAN 1     23.08                     21.55   1.53    24.22

DEGREE DAYS
 HEATING
  YESTERDAY        0                         0      0        0
  MONTH TO DATE    0                         0      0        0
  SINCE JUN 1      0                         0      0        0
  SINCE JUL 1      0                         0      0        0

 COOLING
  YESTERDAY       24                        21      3       24
  MONTH TO DATE  397                       378     19      410
  SINCE JUN 1    929                       869     60      984
  SINCE JAN 1   1611                      1291    320     1407
..................................................................


WIND (MPH)
  HIGHEST WIND SPEED    16   HIGHEST WIND DIRECTION    SE (150)
  HIGHEST GUST SPEED    19   HIGHEST GUST DIRECTION    SE (150)
  AVERAGE WIND SPEED     8.4


SKY COVER
  POSSIBLE SUNSHINE  MM
  AVERAGE SKY COVER 0.2


WEATHER CONDITIONS
 THE FOLLOWING WEATHER WAS RECORDED YESTERDAY.
  NO SIGNIFICANT WEATHER WAS OBSERVED.


RELATIVE HUMIDITY (PERCENT)
 HIGHEST    79           400 AM
 LOWEST     40           400 PM
 AVERAGE    60

..........................................................


THE DALLAS FORT WORTH CLIMATE NORMALS FOR TODAY
                         NORMAL    RECORD    YEAR
 MAXIMUM TEMPERATURE (F)   96       105      2012
                                             2000
 MINIMUM TEMPERATURE (F)   75        65      2014
                                             1920


SUNRISE AND SUNSET
JULY 20 2017..........SUNRISE   634 AM CDT   SUNSET   835 PM CDT
JULY 21 2017..........SUNRISE   635 AM CDT   SUNSET   834 PM CDT


-  INDICATES NEGATIVE NUMBERS.
R  INDICATES RECORD WAS SET OR TIED.
MM INDICATES DATA IS MISSING.
T  INDICATES TRACE AMOUNT.




$$
