000
CDUS44 KFWD 110645
CLIDFW


CLIMATE REPORT
NATIONAL WEATHER SERVICE FORT WORTH TX
1241 AM CST SUN DEC 11 2016

...................................

...THE DALLAS FORT WORTH CLIMATE SUMMARY FOR DECEMBER 10 2016...

CLIMATE NORMAL PERIOD 1981 TO 2010
CLIMATE RECORD PERIOD 1898 TO 2016

WEATHER ITEM   OBSERVED TIME   RECORD YEAR NORMAL DEPARTURE LAST
                VALUE   (LST)  VALUE       VALUE  FROM      YEAR
                                                  NORMAL
..................................................................
TEMPERATURE (F)
 YESTERDAY
  MAXIMUM         49   1159 PM  84    1938  58     -9       76
  MINIMUM         33   1200 AM  11    1898  38     -5       49
  AVERAGE         41                        48     -7       63

PRECIPITATION (IN)
  YESTERDAY        0.00          1.13 1998   0.09  -0.09     0.00
  MONTH TO DATE    0.55                      0.86  -0.31     0.00
  SINCE DEC 1      0.55                      0.86  -0.31     0.00
  SINCE JAN 1     35.43                     34.45   0.98    58.78

SNOWFALL (IN)
  YESTERDAY        0.0           1.4  1972   0.1   -0.1      0.0
  MONTH TO DATE    0.0                       0.1   -0.1      0.0
  SINCE DEC 1      0.0                       0.1   -0.1      0.0
  SINCE JUL 1      0.0                       0.1   -0.1      0.0
  SNOW DEPTH       0

DEGREE DAYS
 HEATING
  YESTERDAY       24                        17      7        2
  MONTH TO DATE  192                       161     31      124
  SINCE DEC 1    192                       161     31      124
  SINCE JUL 1    294                       515   -221      339

 COOLING
  YESTERDAY        0                         0      0        0
  MONTH TO DATE    0                         0      0        0
  SINCE DEC 1      0                         0      0        0
  SINCE JAN 1   3207                      2752    455     3001
..................................................................

WIND (MPH)
  HIGHEST WIND SPEED    22   HIGHEST WIND DIRECTION     S (170)
  HIGHEST GUST SPEED    27   HIGHEST GUST DIRECTION     S (160)
  AVERAGE WIND SPEED    12.7


SKY COVER
  POSSIBLE SUNSHINE  MM
  AVERAGE SKY COVER 1.0


WEATHER CONDITIONS
 THE FOLLOWING WEATHER WAS RECORDED YESTERDAY.
  NO SIGNIFICANT WEATHER WAS OBSERVED.


RELATIVE HUMIDITY (PERCENT)
 HIGHEST    64          1200 AM
 LOWEST     45          1200 PM
 AVERAGE    55

..........................................................

THE DALLAS FORT WORTH CLIMATE NORMALS FOR TODAY
                         NORMAL    RECORD    YEAR
 MAXIMUM TEMPERATURE (F)   58        80      1996
                                             1938
 MINIMUM TEMPERATURE (F)   38        20      1914


SUNRISE AND SUNSET
DECEMBER 11 2016......SUNRISE   721 AM CST   SUNSET   522 PM CST
DECEMBER 12 2016......SUNRISE   722 AM CST   SUNSET   523 PM CST


-  INDICATES NEGATIVE NUMBERS.
R  INDICATES RECORD WAS SET OR TIED.
MM INDICATES DATA IS MISSING.
T  INDICATES TRACE AMOUNT.


$$
