000
CDUS43 KDDC 220705
CLIDGC


CLIMATE REPORT
NATIONAL WEATHER SERVICE DODGE CITY KS
105 AM CST WED FEB 22 2017


...................................

...THE DODGE CITY KS CLIMATE SUMMARY FOR FEBRUARY 21 2017...

CLIMATE NORMAL PERIOD 1981 TO 2010
CLIMATE RECORD PERIOD 1875 TO 2017


WEATHER ITEM   OBSERVED TIME   RECORD YEAR NORMAL DEPARTURE LAST
                VALUE   (LST)  VALUE       VALUE  FROM      YEAR
                                                  NORMAL
..................................................................
TEMPERATURE (F)
 YESTERDAY
  MAXIMUM         78    509 PM  79    2000  50     28       57
                                      1977
  MINIMUM         30    647 AM  -3    1978  25      5       31
  AVERAGE         54                        37     17       44

PRECIPITATION (IN)
  YESTERDAY        0.00          1.03 1971   0.03  -0.03     0.00
  MONTH TO DATE    0.01                      0.50  -0.49     0.31
  SINCE DEC 1      3.19                      1.92   1.27     3.02
  SINCE JAN 1      2.57                      1.08   1.49     0.59

SNOWFALL (IN)
  YESTERDAY        0.0          10.3  1971   0.2   -0.2      0.0
  MONTH TO DATE    0.0                       3.1   -3.1      0.1
  SINCE DEC 1      5.0                      12.1   -7.1      8.9
  SINCE JUL 1      5.0                      14.3   -9.3     10.0
  SNOW DEPTH       0

DEGREE DAYS
 HEATING
  YESTERDAY       11                        28    -17       21
  MONTH TO DATE  429                       630   -201      515
  SINCE DEC 1   2479                      2648   -169     2362
  SINCE JUL 1   3075                      3662   -587     3192

 COOLING
  YESTERDAY        0                         0      0        0
  MONTH TO DATE    0                         0      0        2
  SINCE DEC 1      0                         0      0        2
  SINCE JAN 1      0                         0      0        2
..................................................................


WIND (MPH)
  HIGHEST WIND SPEED    20   HIGHEST WIND DIRECTION    SW (220)
  HIGHEST GUST SPEED    26   HIGHEST GUST DIRECTION     S (200)
  AVERAGE WIND SPEED     8.9


SKY COVER
  POSSIBLE SUNSHINE  MM
  AVERAGE SKY COVER 0.0


WEATHER CONDITIONS
 THE FOLLOWING WEATHER WAS RECORDED YESTERDAY.
  NO SIGNIFICANT WEATHER WAS OBSERVED.


RELATIVE HUMIDITY (PERCENT)
 HIGHEST    69           400 AM
 LOWEST      9           300 PM
 AVERAGE    39

..........................................................


THE DODGE CITY KS CLIMATE NORMALS FOR TODAY
                         NORMAL    RECORD    YEAR
 MAXIMUM TEMPERATURE (F)   50        84      1982
 MINIMUM TEMPERATURE (F)   25        -3      1911


SUNRISE AND SUNSET
FEBRUARY 22 2017......SUNRISE   720 AM CST   SUNSET   627 PM CST
FEBRUARY 23 2017......SUNRISE   719 AM CST   SUNSET   628 PM CST


-  INDICATES NEGATIVE NUMBERS.
R  INDICATES RECORD WAS SET OR TIED.
MM INDICATES DATA IS MISSING.
T  INDICATES TRACE AMOUNT.




$$
