000
CDUS43 KDDC 192342
CLIDGC


CLIMATE REPORT
NATIONAL WEATHER SERVICE DODGE CITY KS
642 PM CDT SAT AUG 19 2017


...................................

...THE DODGE CITY KS CLIMATE SUMMARY FOR AUGUST 19 2017...
VALID TODAY AS OF 0500 PM LOCAL TIME.

CLIMATE NORMAL PERIOD 1981 TO 2010
CLIMATE RECORD PERIOD 1875 TO 2017


WEATHER ITEM   OBSERVED TIME   RECORD YEAR NORMAL DEPARTURE LAST
                VALUE   (LST)  VALUE       VALUE  FROM      YEAR
                                                  NORMAL
..................................................................
TEMPERATURE (F)
 TODAY
  MAXIMUM        100    323 PM 106    2011  91      9       89
  MINIMUM         64    605 AM  50    1950  65     -1       63
  AVERAGE         82                        78      4       76

PRECIPITATION (IN)
  TODAY            0.00          2.71 1964   0.08  -0.08     0.00
  MONTH TO DATE    0.94                      1.76  -0.82     1.06
  SINCE JUN 1      6.22                      8.08  -1.86     9.07
  SINCE JAN 1     23.65                     15.60   8.05    20.19

SNOWFALL (IN)
  TODAY            0.0           0.0  2002   0.0    0.0      0.0
                                      2001
  MONTH TO DATE    0.0                       0.0    0.0      0.0
  SINCE JUN 1      0.0                       0.0    0.0      0.0
  SINCE JUL 1      0.0                       0.0    0.0      0.0
  SNOW DEPTH       0

DEGREE DAYS
 HEATING
  TODAY            0                         0      0        0
  MONTH TO DATE    0                         0      0        0
  SINCE JUN 1      0                        14    -14        1
  SINCE JUL 1      0                         1     -1        0

 COOLING
  TODAY           17                        13      4       11
  MONTH TO DATE  202                       266    -64      267
  SINCE JUN 1   1013                       996     17     1094
  SINCE JAN 1   1115                      1105     10     1152
..................................................................


WIND (MPH)
  HIGHEST WIND SPEED    21   HIGHEST WIND DIRECTION     S (180)
  HIGHEST GUST SPEED    26   HIGHEST GUST DIRECTION     S (170)
  AVERAGE WIND SPEED     8.7


SKY COVER
  POSSIBLE SUNSHINE  MM
  AVERAGE SKY COVER 0.0


WEATHER CONDITIONS
 THE FOLLOWING WEATHER WAS RECORDED TODAY.
  FOG
  HAZE


RELATIVE HUMIDITY (PERCENT)
 HIGHEST    93           200 AM
 LOWEST     24           400 PM
 AVERAGE    59

..........................................................


THE DODGE CITY KS CLIMATE NORMALS FOR TOMORROW
                         NORMAL    RECORD    YEAR
 MAXIMUM TEMPERATURE (F)   91       105      1902
 MINIMUM TEMPERATURE (F)   65        47      1950


SUNRISE AND SUNSET
AUGUST 19 2017........SUNRISE   659 AM CDT   SUNSET   827 PM CDT
AUGUST 20 2017........SUNRISE   700 AM CDT   SUNSET   826 PM CDT


-  INDICATES NEGATIVE NUMBERS.
R  INDICATES RECORD WAS SET OR TIED.
MM INDICATES DATA IS MISSING.
T  INDICATES TRACE AMOUNT.




$$
