000
CDUS43 KDDC 181426
CLIDGC


CLIMATE REPORT
NATIONAL WEATHER SERVICE DODGE CITY KS
825 AM CST MON DEC 18 2017


...................................

...THE DODGE CITY KS CLIMATE SUMMARY FOR DECEMBER 18 2017...
VALID AS OF 0800 AM LOCAL TIME.

CLIMATE NORMAL PERIOD 1981 TO 2010
CLIMATE RECORD PERIOD 1875 TO 2017


WEATHER ITEM   OBSERVED TIME   RECORD YEAR NORMAL DEPARTURE LAST
                VALUE   (LST)  VALUE       VALUE  FROM      YEAR
                                                  NORMAL
..................................................................
TEMPERATURE (F)
 TODAY
  MAXIMUM         29    342 AM  71    1979  43    -14       20
  MINIMUM         21    746 AM -16    2016  21      0      -16
  AVERAGE         25                        32     -7        2

PRECIPITATION (IN)
  TODAY            0.00          1.10 1898   0.03  -0.03     0.00
  MONTH TO DATE    T                         0.48  -0.48     0.42
  SINCE DEC 1      T                         0.48  -0.48     0.42
  SINCE JAN 1     25.57                     21.24   4.33    23.20

SNOWFALL (IN)
  TODAY            0.0           5.0  1995   0.2   -0.2      0.0
  MONTH TO DATE    0.0                       2.4   -2.4      2.3
  SINCE DEC 1      0.0                       2.4   -2.4      2.3
  SINCE JUL 1      0.0                       4.6   -4.6      2.3
  SNOW DEPTH       0

..................................................................


WIND (MPH)
  HIGHEST WIND SPEED     8   HIGHEST WIND DIRECTION     S (200)
  HIGHEST GUST SPEED     9   HIGHEST GUST DIRECTION    SW (210)
  AVERAGE WIND SPEED     6.1



WEATHER CONDITIONS
 THE FOLLOWING WEATHER WAS RECORDED TODAY.
  HAZE


RELATIVE HUMIDITY (PERCENT)
 HIGHEST    88           100 AM
 LOWEST     81          1200 AM

..........................................................


THE DODGE CITY KS CLIMATE NORMALS FOR TOMORROW
                         NORMAL    RECORD    YEAR
 MAXIMUM TEMPERATURE (F)   43        67      1978
 MINIMUM TEMPERATURE (F)   21       -10      1983
                                             1924


SUNRISE AND SUNSET
DECEMBER 18 2017......SUNRISE   750 AM CST   SUNSET   523 PM CST
DECEMBER 19 2017......SUNRISE   751 AM CST   SUNSET   524 PM CST


-  INDICATES NEGATIVE NUMBERS.
R  INDICATES RECORD WAS SET OR TIED.
MM INDICATES DATA IS MISSING.
T  INDICATES TRACE AMOUNT.




$$
