000
CDUS45 KCYS 220726
CLIDGW


CLIMATE REPORT
NATIONAL WEATHER SERVICE CHEYENNE WY
126 AM MDT MON SEP 22 2014


...................................

...THE DOUGLAS WY AIRPORT CLIMATE SUMMARY FOR SEPTEMBER 21 2014...

CLIMATE NORMAL PERIOD 1981 TO 2010
CLIMATE RECORD PERIOD 1998 TO 2014


WEATHER ITEM   OBSERVED TIME   RECORD YEAR NORMAL DEPARTURE LAST
                VALUE   (LST)  VALUE       VALUE  FROM      YEAR
                                                  NORMAL
..................................................................
TEMPERATURE (F)
 YESTERDAY
  MAXIMUM         75    320 PM  87    2013  72      3       87
  MINIMUM         45    528 AM  25    2011  39      6       37
  AVERAGE         60                        56      4       62

PRECIPITATION (IN)
  YESTERDAY        0.00          0.31 2004   0.05  -0.05     0.00
  MONTH TO DATE    0.48                      0.86  -0.38     0.60
  SINCE JAN 1     11.16                     10.91   0.25     6.82

DEGREE DAYS
 HEATING
  YESTERDAY        5                        10     -5        3
  MONTH TO DATE  142                       122     20       50
  SINCE SEP 1    142                       122     20       50
  SINCE JUL 1    179                       163     16       50

 COOLING
  YESTERDAY        0                         0      0        0
  MONTH TO DATE   15                        27    -12       86
  SINCE SEP 1     15                        27    -12       86
  SINCE JAN 1    392                       485    -93      737
..................................................................


WIND (MPH)
  HIGHEST WIND SPEED    25   HIGHEST WIND DIRECTION    SE (130)
  HIGHEST GUST SPEED    32   HIGHEST GUST DIRECTION    SE (130)
  AVERAGE WIND SPEED    13.8


SKY COVER
  AVERAGE SKY COVER 0.1


WEATHER CONDITIONS
 THE FOLLOWING WEATHER WAS RECORDED YESTERDAY.
  NO SIGNIFICANT WEATHER WAS OBSERVED.


RELATIVE HUMIDITY (PERCENT)
 HIGHEST    71           200 AM
 LOWEST     31          1200 PM
 AVERAGE    51

..........................................................


THE DOUGLAS WY AIRPORT CLIMATE NORMALS FOR TODAY
                         NORMAL    RECORD    YEAR
 MAXIMUM TEMPERATURE (F)   72        91      2007
 MINIMUM TEMPERATURE (F)   39        25      2002


SUNRISE AND SUNSET
SEPTEMBER 22 2014.....SUNRISE   649 AM MDT   SUNSET   659 PM MDT
SEPTEMBER 23 2014.....SUNRISE   650 AM MDT   SUNSET   657 PM MDT


-  INDICATES NEGATIVE NUMBERS.
R  INDICATES RECORD WAS SET OR TIED.
MM INDICATES DATA IS MISSING.
T  INDICATES TRACE AMOUNT.




$$
