000
CDUS45 KCYS 250728
CLIDGW


CLIMATE REPORT
NATIONAL WEATHER SERVICE CHEYENNE WY
127 AM MDT FRI JUL 25 2014


...................................

...THE DOUGLAS WY AIRPORT CLIMATE SUMMARY FOR JULY 24 2014...

CLIMATE NORMAL PERIOD 1981 TO 2010
CLIMATE RECORD PERIOD 1998 TO 2014


WEATHER ITEM   OBSERVED TIME   RECORD YEAR NORMAL DEPARTURE LAST
                VALUE   (LST)  VALUE       VALUE  FROM      YEAR
                                                  NORMAL
..................................................................
TEMPERATURE (F)
 YESTERDAY
  MAXIMUM         98   1244 PM 102    2003  89      9       91
  MINIMUM         61    207 AM  47    2010  55      6       56
  AVERAGE         80                        72      8       74

PRECIPITATION (IN)
  YESTERDAY        0.00          0.04 2004   0.04  -0.04     0.01
  MONTH TO DATE    1.96                      1.10   0.86     0.21
  SINCE JAN 1      8.79                      8.65   0.14     5.40

DEGREE DAYS
 HEATING
  YESTERDAY        0                         0      0        0
  MONTH TO DATE   14                         9      5        0
  SINCE JUN 1    157                       119     38       56
  SINCE JUL 1     14                         9      5        0

 COOLING
  YESTERDAY       15                         8      7        9
  MONTH TO DATE  174                       151     23      240
  SINCE JUN 1    201                       222    -21      346
  SINCE JAN 1    206                       228    -22      362
..................................................................


WIND (MPH)
  HIGHEST WIND SPEED    32   HIGHEST WIND DIRECTION     W (270)
  HIGHEST GUST SPEED    40   HIGHEST GUST DIRECTION     W (260)
  AVERAGE WIND SPEED    12.0


SKY COVER
  AVERAGE SKY COVER 0.0


WEATHER CONDITIONS
 THE FOLLOWING WEATHER WAS RECORDED YESTERDAY.
  NO SIGNIFICANT WEATHER WAS OBSERVED.


RELATIVE HUMIDITY (PERCENT)
 HIGHEST    60           200 AM
 LOWEST     16          1000 AM
 AVERAGE    38

..........................................................


THE DOUGLAS WY AIRPORT CLIMATE NORMALS FOR TODAY
                         NORMAL    RECORD    YEAR
 MAXIMUM TEMPERATURE (F)   89       101      2003
 MINIMUM TEMPERATURE (F)   55        50      2004


SUNRISE AND SUNSET
JULY 25 2014..........SUNRISE   546 AM MDT   SUNSET   829 PM MDT
JULY 26 2014..........SUNRISE   547 AM MDT   SUNSET   828 PM MDT


-  INDICATES NEGATIVE NUMBERS.
R  INDICATES RECORD WAS SET OR TIED.
MM INDICATES DATA IS MISSING.
T  INDICATES TRACE AMOUNT.




$$
