000
CDUS44 KTAE 270633
CLIDHN


CLIMATE REPORT
NATIONAL WEATHER SERVICE TALLAHASSEE FL
233 AM EDT WED JUL 27 2016


...................................

...THE DOTHAN CLIMATE SUMMARY FOR JULY 26 2016...

CLIMATE NORMAL PERIOD 1981 TO 2010
CLIMATE RECORD PERIOD 1965 TO 2016


WEATHER ITEM   OBSERVED TIME   NORMAL DEPARTURE LAST
                VALUE   (LST)  VALUE  FROM      YEAR
                                      NORMAL
......................................................
TEMPERATURE (F)
 YESTERDAY
  MAXIMUM         90    250 PM  92     -2       93
  MINIMUM         74    533 AM  72      2       72
  AVERAGE         82            82      0       83

PRECIPITATION (IN)
  YESTERDAY        0.07          0.18  -0.11     0.00
  MONTH TO DATE    6.77          5.00   1.77     4.02
  SINCE JUN 1     11.86         10.60   1.26     7.22
  SINCE JAN 1     36.28         32.96   3.32    31.47

SNOWFALL (IN)
  YESTERDAY        0.0

DEGREE DAYS
 COOLING
  YESTERDAY       17            17      0       18
  MONTH TO DATE  475           441     34      480
  SINCE JUN 1    966           885     81      974
  SINCE JAN 1   1419          1298    121     1562
......................................................


WIND (MPH)
  HIGHEST WIND SPEED    21   HIGHEST WIND DIRECTION     S (170)
  HIGHEST GUST SPEED    28   HIGHEST GUST DIRECTION     S (170)
  AVERAGE WIND SPEED     8.5








-  INDICATES NEGATIVE NUMBERS.
R  INDICATES RECORD WAS SET OR TIED.
MM INDICATES DATA IS MISSING.
T  INDICATES TRACE AMOUNT.




$$
