000
CDUS44 KTAE 292142
CLIDHN


CLIMATE REPORT
NATIONAL WEATHER SERVICE TALLAHASSEE FL
537 PM EDT WED MAR 29 2017


...................................

...THE DOTHAN CLIMATE SUMMARY FOR MARCH 29 2017...
VALID TODAY AS OF 0500 PM LOCAL TIME.

CLIMATE NORMAL PERIOD 1981 TO 2010
CLIMATE RECORD PERIOD 1965 TO 2017


WEATHER ITEM   OBSERVED TIME   NORMAL DEPARTURE LAST
                VALUE   (LST)  VALUE  FROM      YEAR
                                      NORMAL
......................................................
TEMPERATURE (F)
 TODAY
  MAXIMUM         86    327 PM  74     12       76
  MINIMUM         66    645 AM  49     17       53
  AVERAGE         76            61     15       65

PRECIPITATION (IN)
  TODAY            0.00          0.25  -0.25     0.00
  MONTH TO DATE    1.12          5.38  -4.26     5.13
  SINCE MAR 1      1.12          5.38  -4.26     5.13
  SINCE JAN 1     20.71         14.78   5.93    15.98

......................................................










-  INDICATES NEGATIVE NUMBERS.
R  INDICATES RECORD WAS SET OR TIED.
MM INDICATES DATA IS MISSING.
T  INDICATES TRACE AMOUNT.




$$
