000
CDUS44 KTAE 210624
CLIDHN


CLIMATE REPORT
NATIONAL WEATHER SERVICE TALLAHASSEE FL
221 AM EDT MON APR 21 2014

...................................

...THE DOTHAN CLIMATE SUMMARY FOR APRIL 20 2014...

CLIMATE NORMAL PERIOD 1981 TO 2010
CLIMATE RECORD PERIOD 1965 TO 2014


WEATHER ITEM   OBSERVED TIME   NORMAL DEPARTURE LAST
                VALUE   (LST)  VALUE  FROM      YEAR
                                      NORMAL
......................................................
TEMPERATURE (F)
 YESTERDAY
  MAXIMUM         68    510 PM  79    -11       65
  MINIMUM         53   1159 PM  54     -1       42
  AVERAGE         61            67     -6       54

PRECIPITATION (IN)
  YESTERDAY        0.00          0.13  -0.13     0.00
  MONTH TO DATE    8.42          2.64   5.78     3.75
  SINCE MAR 1     13.72          8.52   5.20     4.90
  SINCE JAN 1     21.45         17.92   3.53    25.90

SNOWFALL (IN)
  YESTERDAY        0.0

DEGREE DAYS
 HEATING
  YESTERDAY        4             2      2       11
  MONTH TO DATE   71            60     11       55
  SINCE MAR 1    337           271     66      396
  SINCE JUL 1   2002          1830    172     1603

 COOLING
  YESTERDAY        0             3     -3        0
  MONTH TO DATE   30            44    -14       54
  SINCE MAR 1     32            65    -33       60
  SINCE JAN 1     41            75    -34       98
......................................................


-  INDICATES NEGATIVE NUMBERS.
R  INDICATES RECORD WAS SET OR TIED.
MM INDICATES DATA IS MISSING.
T  INDICATES TRACE AMOUNT.

$$
