000
CDUS44 KTAE 290653
CLIDHN


CLIMATE REPORT
NATIONAL WEATHER SERVICE TALLAHASSEE FL
252 AM EDT MON MAY 29 2017


...................................

...THE DOTHAN CLIMATE SUMMARY FOR MAY 28 2017...

CLIMATE NORMAL PERIOD 1981 TO 2010
CLIMATE RECORD PERIOD 1965 TO 2017


WEATHER ITEM   OBSERVED TIME   NORMAL DEPARTURE LAST
                VALUE   (LST)  VALUE  FROM      YEAR
                                      NORMAL
......................................................
TEMPERATURE (F)
 YESTERDAY
  MAXIMUM         92    156 PM  88      4       90
  MINIMUM         73    613 AM  66      7       69
  AVERAGE         83            77      6       80

PRECIPITATION (IN)
  YESTERDAY        0.00          0.18  -0.18     0.00
  MONTH TO DATE    4.55          3.01   1.54     1.50
  SINCE MAR 1      7.66         12.41  -4.75    13.45
  SINCE JAN 1     27.25         21.81   5.44    24.30

SNOWFALL (IN)
  YESTERDAY        0.0

DEGREE DAYS
 COOLING
  YESTERDAY       18            12      6       15
  MONTH TO DATE  244           255    -11      237
  SINCE MAR 1    513           366    147      397
  SINCE JAN 1    551           376    175      403
......................................................


WIND (MPH)
  HIGHEST WIND SPEED    24   HIGHEST WIND DIRECTION    NW (310)
  HIGHEST GUST SPEED    30   HIGHEST GUST DIRECTION    NW (310)
  AVERAGE WIND SPEED    10.1








-  INDICATES NEGATIVE NUMBERS.
R  INDICATES RECORD WAS SET OR TIED.
MM INDICATES DATA IS MISSING.
T  INDICATES TRACE AMOUNT.




$$
