000
CDUS44 KTAE 050640
CLIDHN


CLIMATE REPORT
NATIONAL WEATHER SERVICE TALLAHASSEE FL
240 AM EDT SUN JUL 5 2015


...................................

...THE DOTHAN CLIMATE SUMMARY FOR JULY 4 2015...

CLIMATE NORMAL PERIOD 1981 TO 2010
CLIMATE RECORD PERIOD 1965 TO 2015


WEATHER ITEM   OBSERVED TIME   NORMAL DEPARTURE LAST
                VALUE   (LST)  VALUE  FROM      YEAR
                                      NORMAL
......................................................
TEMPERATURE (F)
 YESTERDAY
  MAXIMUM         90   1158 AM  92     -2       89
  MINIMUM         69   1015 PM  72     -3       67
  AVERAGE         80            82     -2       78

PRECIPITATION (IN)
  YESTERDAY        0.44          0.22   0.22     0.00
  MONTH TO DATE    1.31          0.88   0.43     0.00
  SINCE JUN 1      4.51          6.48  -1.97     2.48
  SINCE JAN 1     28.76         28.84  -0.08    32.55

SNOWFALL (IN)
  YESTERDAY        0.0

DEGREE DAYS
 COOLING
  YESTERDAY       15            17     -2       13
  MONTH TO DATE   63            67     -4       73
  SINCE JUN 1    536           511     25      547
  SINCE JAN 1   1124           924    200      932
......................................................


WIND (MPH)
  HIGHEST WIND SPEED    10   HIGHEST WIND DIRECTION    SW (230)
  HIGHEST GUST SPEED    39   HIGHEST GUST DIRECTION     W (270)
  AVERAGE WIND SPEED     5.6








-  INDICATES NEGATIVE NUMBERS.
R  INDICATES RECORD WAS SET OR TIED.
MM INDICATES DATA IS MISSING.
T  INDICATES TRACE AMOUNT.




$$
