000
CDUS44 KAMA 200727
CLIDHT


CLIMATE REPORT
NATIONAL WEATHER SERVICE AMARILLO TX
126 AM CST SAT JAN 20 2018


...................................

...THE DALHART CLIMATE SUMMARY FOR JANUARY 19 2018...

CLIMATE NORMAL PERIOD 1981 TO 2010
CLIMATE RECORD PERIOD 1948 TO 2018


WEATHER ITEM   OBSERVED TIME   RECORD YEAR NORMAL DEPARTURE LAST
                VALUE   (LST)  VALUE       VALUE  FROM      YEAR
                                                  NORMAL
..................................................................
TEMPERATURE (F)
 YESTERDAY
  MAXIMUM         69    428 PM  78    1986  50     19       66
  MINIMUM         16    815 AM -14    1984  19     -3       22
  AVERAGE         43                        35      8       44

PRECIPITATION (IN)
  YESTERDAY        0.00          0.33 1993   0.01  -0.01     0.00
  MONTH TO DATE    T                         0.28  -0.28     0.90
  SINCE DEC 1      T                         0.82  -0.82     1.10
  SINCE JAN 1      T                         0.28  -0.28     0.90

SNOWFALL (IN)
  YESTERDAY        0.0           3.6  1993   0.2   -0.2      0.0
  MONTH TO DATE    0.0                       2.4   -2.4      0.0
  SINCE DEC 1      T                         6.7   -6.7      1.3
  SINCE JUL 1      2.3                       8.6   -6.3      1.3
  SNOW DEPTH       0

DEGREE DAYS
 HEATING
  YESTERDAY       22                        30     -8       21
  MONTH TO DATE  595                       581     14      533
  SINCE DEC 1   1454                      1529    -75     1425
  SINCE JUL 1   2129                      2524   -395     2001

 COOLING
  YESTERDAY        0                         0      0        0
  MONTH TO DATE    0                         0      0        0
  SINCE DEC 1      0                         0      0        0
  SINCE JAN 1      0                         0      0        0
..................................................................


WIND (MPH)
  RESULTANT WIND SPEED   9   RESULTANT WIND DIRECTION  SW (210)
  HIGHEST WIND SPEED    20   HIGHEST WIND DIRECTION    SW (210)
  HIGHEST GUST SPEED    24   HIGHEST GUST DIRECTION    SW (210)
  AVERAGE WIND SPEED    10.2


SKY COVER
  AVERAGE SKY COVER 0.0


WEATHER CONDITIONS
 THE FOLLOWING WEATHER WAS RECORDED YESTERDAY.
  NO SIGNIFICANT WEATHER WAS OBSERVED.


RELATIVE HUMIDITY (PERCENT)
 HIGHEST    73           500 AM
 LOWEST     10           200 PM
 AVERAGE    42

..........................................................


THE DALHART CLIMATE NORMALS FOR TODAY
                         NORMAL    RECORD    YEAR
 MAXIMUM TEMPERATURE (F)   50        78      1986
 MINIMUM TEMPERATURE (F)   19        -6      1960


SUNRISE AND SUNSET
JANUARY 20 2018.......SUNRISE   758 AM CST   SUNSET   605 PM CST
JANUARY 21 2018.......SUNRISE   758 AM CST   SUNSET   606 PM CST


-  INDICATES NEGATIVE NUMBERS.
R  INDICATES RECORD WAS SET OR TIED.
MM INDICATES DATA IS MISSING.
T  INDICATES TRACE AMOUNT.




$$
