000
CDUS44 KAMA 240628
CLIDHT


CLIMATE REPORT
NATIONAL WEATHER SERVICE AMARILLO TX
128 AM CDT SUN SEP 24 2017


...................................

...THE DALHART CLIMATE SUMMARY FOR SEPTEMBER 23 2017...

CLIMATE NORMAL PERIOD 1981 TO 2010
CLIMATE RECORD PERIOD 1948 TO 2017


WEATHER ITEM   OBSERVED TIME   RECORD YEAR NORMAL DEPARTURE LAST
                VALUE   (LST)  VALUE       VALUE  FROM      YEAR
                                                  NORMAL
..................................................................
TEMPERATURE (F)
 YESTERDAY
  MAXIMUM         79   1240 PM  96    1953  79      0       89
  MINIMUM         60   1159 PM  36    2009  50     10       60
  AVERAGE         70                        64      6       75

PRECIPITATION (IN)
  YESTERDAY        1.16R         1.07 1960   0.05   1.11     0.15
  MONTH TO DATE    1.73                      1.30   0.43     3.42
  SINCE SEP 1      1.73                      1.30   0.43     3.42
  SINCE JAN 1     18.97                     14.65   4.32    17.61

SNOWFALL (IN)
  YESTERDAY        0.0           0.0    MM   0.0    0.0      0.0
  MONTH TO DATE    0.0                       0.0    0.0      0.0
  SINCE SEP 1      0.0                       0.0    0.0      0.0
  SINCE JUL 1      0.0                       0.0    0.0      0.0
  SNOW DEPTH       0

DEGREE DAYS
 HEATING
  YESTERDAY        0                         3     -3        0
  MONTH TO DATE    0                        31    -31        1
  SINCE SEP 1      0                        31    -31        1
  SINCE JUL 1      0                        34    -34        1

 COOLING
  YESTERDAY        5                         3      2       10
  MONTH TO DATE  151                       119     32      217
  SINCE SEP 1    151                       119     32      217
  SINCE JAN 1   1299                      1115    184     1492
..................................................................


WIND (MPH)
  RESULTANT WIND SPEED  13   RESULTANT WIND DIRECTION   S (160)
  HIGHEST WIND SPEED    29   HIGHEST WIND DIRECTION     S (180)
  HIGHEST GUST SPEED    40   HIGHEST GUST DIRECTION     E (110)
  AVERAGE WIND SPEED    11.7


SKY COVER
  AVERAGE SKY COVER 0.5


WEATHER CONDITIONS
 THE FOLLOWING WEATHER WAS RECORDED YESTERDAY.
  THUNDERSTORM
  HEAVY RAIN
  RAIN
  LIGHT RAIN
  FOG


RELATIVE HUMIDITY (PERCENT)
 HIGHEST   100           800 PM
 LOWEST     58           100 PM
 AVERAGE    79

..........................................................


THE DALHART CLIMATE NORMALS FOR TODAY
                         NORMAL    RECORD    YEAR
 MAXIMUM TEMPERATURE (F)   79        95      1998
 MINIMUM TEMPERATURE (F)   49        32      2000


SUNRISE AND SUNSET
SEPTEMBER 24 2017.....SUNRISE   740 AM CDT   SUNSET   744 PM CDT
SEPTEMBER 25 2017.....SUNRISE   741 AM CDT   SUNSET   742 PM CDT


-  INDICATES NEGATIVE NUMBERS.
R  INDICATES RECORD WAS SET OR TIED.
MM INDICATES DATA IS MISSING.
T  INDICATES TRACE AMOUNT.




$$
