000
CDUS44 KAMA 040732
CLIDHT


CLIMATE REPORT
NATIONAL WEATHER SERVICE AMARILLO TX
131 AM CST WED MAR 4 2015


...................................

...THE DALHART CLIMATE SUMMARY FOR MARCH 3 2015...

CLIMATE NORMAL PERIOD 1981 TO 2010
CLIMATE RECORD PERIOD 1894 TO 2015


WEATHER ITEM   OBSERVED TIME   RECORD YEAR NORMAL DEPARTURE LAST
                VALUE   (LST)  VALUE       VALUE  FROM      YEAR
                                                  NORMAL
..................................................................
TEMPERATURE (F)
 YESTERDAY
  MAXIMUM         55    412 PM  81    1972  57     -2       50
  MINIMUM         31   1159 PM   0    1960  26      5        4
  AVERAGE         43                        42      1       27

PRECIPITATION (IN)
  YESTERDAY        0.02          0.31 1981   0.02   0.00     0.00
  MONTH TO DATE    0.02                      0.07  -0.05     0.09
  SINCE MAR 1      0.02                      0.07  -0.05     0.09
  SINCE JAN 1      3.33                      0.99   2.34     0.18

SNOWFALL (IN)
  YESTERDAY        T             2.0  1969   0.1   -0.1      0.0
  MONTH TO DATE    T                         0.3   -0.3      1.1
  SINCE MAR 1      T                         0.3   -0.3      1.1
  SINCE JUL 1     33.3                      13.8   19.5     16.4
  SNOW DEPTH       T

DEGREE DAYS
 HEATING
  YESTERDAY       22                        23     -1       38
  MONTH TO DATE   94                        71     23      124
  SINCE MAR 1     94                        71     23      124
  SINCE JUL 1   3387                      3714   -327     3718

 COOLING
  YESTERDAY        0                         0      0        0
  MONTH TO DATE    0                         0      0        0
  SINCE MAR 1      0                         0      0        0
  SINCE JAN 1      0                         0      0        0
..................................................................


WIND (MPH)
  RESULTANT WIND SPEED   3   RESULTANT WIND DIRECTION  SW (210)
  HIGHEST WIND SPEED    22   HIGHEST WIND DIRECTION    NE (50)
  HIGHEST GUST SPEED    27   HIGHEST GUST DIRECTION    NE (50)
  AVERAGE WIND SPEED    13.2


SKY COVER
  AVERAGE SKY COVER 0.3


WEATHER CONDITIONS
 THE FOLLOWING WEATHER WAS RECORDED YESTERDAY.
  LIGHT RAIN
  LT FREEZING RAIN
  LIGHT SNOW
  FOG


RELATIVE HUMIDITY (PERCENT)
 HIGHEST    92          1200 AM
 LOWEST     41           300 PM
 AVERAGE    67

..........................................................


THE DALHART CLIMATE NORMALS FOR TODAY
                         NORMAL    RECORD    YEAR
 MAXIMUM TEMPERATURE (F)   58        82      2009
 MINIMUM TEMPERATURE (F)   27         4      1960


SUNRISE AND SUNSET
MARCH  4 2015.........SUNRISE   717 AM CST   SUNSET   648 PM CST
MARCH  5 2015.........SUNRISE   715 AM CST   SUNSET   649 PM CST


-  INDICATES NEGATIVE NUMBERS.
R  INDICATES RECORD WAS SET OR TIED.
MM INDICATES DATA IS MISSING.
T  INDICATES TRACE AMOUNT.




$$
