000
CDUS44 KAMA 290633
CLIDHT


CLIMATE REPORT
NATIONAL WEATHER SERVICE AMARILLO TX
132 AM CDT FRI AUG 29 2014


...................................

...THE DALHART CLIMATE SUMMARY FOR AUGUST 28 2014...

CLIMATE NORMAL PERIOD 1981 TO 2010
CLIMATE RECORD PERIOD 1894 TO 2014


WEATHER ITEM   OBSERVED TIME   RECORD YEAR NORMAL DEPARTURE LAST
                VALUE   (LST)  VALUE       VALUE  FROM      YEAR
                                                  NORMAL
..................................................................
TEMPERATURE (F)
 YESTERDAY
  MAXIMUM         86    319 PM 101    2011  88     -2       93
  MINIMUM         59    649 AM  48    1987  60     -1       64
  AVERAGE         73                        74     -1       79

PRECIPITATION (IN)
  YESTERDAY        T             1.87 1972   0.07  -0.07     0.00
  MONTH TO DATE    0.88                      2.65  -1.77     1.56
  SINCE JUN 1      6.80                      7.74  -0.94     3.72
  SINCE JAN 1      8.64                     13.15  -4.51     5.02

SNOWFALL (IN)
  YESTERDAY        0.0           0.0    MM   0.0    0.0      0.0
  MONTH TO DATE    0.0                       0.0    0.0      0.0
  SINCE JUN 1      0.0                       0.0    0.0      0.0
  SINCE JUL 1      0.0                       0.0    0.0      0.0
  SNOW DEPTH       0

DEGREE DAYS
 HEATING
  YESTERDAY        0                         0      0        0
  MONTH TO DATE    0                         0      0        0
  SINCE JUN 1      4                        13     -9        0
  SINCE JUL 1      0                         1     -1        0

 COOLING
  YESTERDAY        8                         9     -1       14
  MONTH TO DATE  381                       293     88      341
  SINCE JUN 1   1054                       898    156     1150
  SINCE JAN 1   1174                       970    204     1304
..................................................................


WIND (MPH)
  RESULTANT WIND SPEED   3   RESULTANT WIND DIRECTION   N (360)
  HIGHEST WIND SPEED    29   HIGHEST WIND DIRECTION    NW (320)
  HIGHEST GUST SPEED    37   HIGHEST GUST DIRECTION    NW (310)
  AVERAGE WIND SPEED     8.0


SKY COVER
  AVERAGE SKY COVER 0.2


WEATHER CONDITIONS
 THE FOLLOWING WEATHER WAS RECORDED YESTERDAY.
  THUNDERSTORM
  LIGHT RAIN


RELATIVE HUMIDITY (PERCENT)
 HIGHEST    84           300 AM
 LOWEST     29           500 PM
 AVERAGE    57

..........................................................


THE DALHART CLIMATE NORMALS FOR TODAY
                         NORMAL    RECORD    YEAR
 MAXIMUM TEMPERATURE (F)   88        99      1990
 MINIMUM TEMPERATURE (F)   59        43      1988


SUNRISE AND SUNSET
AUGUST 29 2014........SUNRISE   720 AM CDT   SUNSET   822 PM CDT
AUGUST 30 2014........SUNRISE   720 AM CDT   SUNSET   821 PM CDT


-  INDICATES NEGATIVE NUMBERS.
R  INDICATES RECORD WAS SET OR TIED.
MM INDICATES DATA IS MISSING.
T  INDICATES TRACE AMOUNT.




$$
