000
CDUS44 KAMA 010631
CLIDHT


CLIMATE REPORT
NATIONAL WEATHER SERVICE AMARILLO TX
129 AM CDT TUE SEP 1 2015


...................................

...THE DALHART CLIMATE SUMMARY FOR AUGUST 31 2015...

CLIMATE NORMAL PERIOD 1981 TO 2010
CLIMATE RECORD PERIOD 1948 TO 2015


WEATHER ITEM   OBSERVED TIME   RECORD YEAR NORMAL DEPARTURE LAST
                VALUE   (LST)  VALUE       VALUE  FROM      YEAR
                                                  NORMAL
..................................................................
TEMPERATURE (F)
 YESTERDAY
  MAXIMUM         97    330 PM 103    2011  87     10      101
  MINIMUM         55    311 AM  49    1987  59     -4       64
  AVERAGE         76                        73      3       83

PRECIPITATION (IN)
  YESTERDAY        0.00          1.44 1977   0.06  -0.06     0.00
  MONTH TO DATE    1.72                      2.85  -1.13     0.88
  SINCE JUN 1      6.72                      7.94  -1.22     6.80
  SINCE JAN 1     13.43                     13.35   0.08     8.64

SNOWFALL (IN)
  YESTERDAY        0.0           0.0    MM   0.0    0.0      0.0
  MONTH TO DATE    0.0                       0.0    0.0      0.0
  SINCE JUN 1      0.0                       0.0    0.0      0.0
  SINCE JUL 1      0.0                       0.0    0.0      0.0
  SNOW DEPTH       0

DEGREE DAYS
 HEATING
  YESTERDAY        0                         0      0        0
  MONTH TO DATE    0                         0      0        0
  SINCE JUN 1      0                        15    -15        4
  SINCE JUL 1      0                         3     -3        0

 COOLING
  YESTERDAY       11                         8      3       18
  MONTH TO DATE  388                       319     69      422
  SINCE JUN 1   1187                       924    263     1095
  SINCE JAN 1   1209                       996    213     1215
..................................................................


WIND (MPH)
  RESULTANT WIND SPEED  13   RESULTANT WIND DIRECTION   S (190)
  HIGHEST WIND SPEED    26   HIGHEST WIND DIRECTION     S (160)
  HIGHEST GUST SPEED    33   HIGHEST GUST DIRECTION     S (190)
  AVERAGE WIND SPEED    13.5


SKY COVER
  AVERAGE SKY COVER 0.0


WEATHER CONDITIONS
 THE FOLLOWING WEATHER WAS RECORDED YESTERDAY.
  HAZE


RELATIVE HUMIDITY (PERCENT)
 HIGHEST    80           700 AM
 LOWEST     22           400 PM
 AVERAGE    51

..........................................................


THE DALHART CLIMATE NORMALS FOR TODAY
                         NORMAL    RECORD    YEAR
 MAXIMUM TEMPERATURE (F)   87        99      2011
 MINIMUM TEMPERATURE (F)   59        49      1993


SUNRISE AND SUNSET
SEPTEMBER  1 2015.....SUNRISE   722 AM CDT   SUNSET   818 PM CDT
SEPTEMBER  2 2015.....SUNRISE   723 AM CDT   SUNSET   817 PM CDT


-  INDICATES NEGATIVE NUMBERS.
R  INDICATES RECORD WAS SET OR TIED.
MM INDICATES DATA IS MISSING.
T  INDICATES TRACE AMOUNT.




$$
