000
CDUS44 KAMA 261514
CLIDHT


CLIMATE REPORT
NATIONAL WEATHER SERVICE AMARILLO TX
1012 AM CDT SAT JUL 26 2014


...................................

...THE DALHART CLIMATE SUMMARY FOR JULY 26 2014...
VALID AS OF 1000 AM LOCAL TIME.

CLIMATE NORMAL PERIOD 1981 TO 2010
CLIMATE RECORD PERIOD 1894 TO 2014


WEATHER ITEM   OBSERVED TIME   RECORD YEAR NORMAL DEPARTURE LAST
                VALUE   (LST)  VALUE       VALUE  FROM      YEAR
                                                  NORMAL
..................................................................
TEMPERATURE (F)
 TODAY
  MINIMUM         68    406 AM  54    2004  62      6       67

PRECIPITATION (IN)
  TODAY            0.00          2.05 2009   0.10  -0.10     0.00
  MONTH TO DATE    1.14                      2.30  -1.16     1.20
  SINCE JUN 1      4.91                      4.60   0.31     1.83
  SINCE JAN 1      6.75                     10.01  -3.26     3.13

SNOWFALL (IN)
  TODAY            0.0           0.0         0.0    0.0      0.0
  MONTH TO DATE    0.0                       0.0    0.0      0.0
  SINCE JUN 1      0.0                       0.0    0.0      0.0
  SINCE JUL 1      0.0                       0.0    0.0      0.0
  SNOW DEPTH       0

..................................................................


WIND (MPH)
  RESULTANT WIND SPEED   6   RESULTANT WIND DIRECTION  SW (220)
  HIGHEST WIND SPEED    16   HIGHEST WIND DIRECTION    SW (210)
  HIGHEST GUST SPEED    20   HIGHEST GUST DIRECTION     S (200)
  AVERAGE WIND SPEED     7.2


SKY COVER
  AVERAGE SKY COVER 0.0


WEATHER CONDITIONS
 THE FOLLOWING WEATHER WAS RECORDED TODAY.
  NO SIGNIFICANT WEATHER WAS OBSERVED.


RELATIVE HUMIDITY (PERCENT)
 HIGHEST    53           400 AM
 LOWEST     35          1200 AM
 AVERAGE    44

..........................................................


THE DALHART CLIMATE NORMALS FOR TOMORROW
                         NORMAL    RECORD    YEAR
 MAXIMUM TEMPERATURE (F)   91       105      2011
 MINIMUM TEMPERATURE (F)   62        53      2005


SUNRISE AND SUNSET
JULY 26 2014..........SUNRISE   653 AM CDT   SUNSET   900 PM CDT
JULY 27 2014..........SUNRISE   654 AM CDT   SUNSET   859 PM CDT


-  INDICATES NEGATIVE NUMBERS.
R  INDICATES RECORD WAS SET OR TIED.
MM INDICATES DATA IS MISSING.
T  INDICATES TRACE AMOUNT.




$$
