000
CDUS44 KAMA 092135
CLIDHT


CLIMATE REPORT
NATIONAL WEATHER SERVICE AMARILLO TX
435 PM CDT WED JUL 9 2014


...................................

...THE DALHART CLIMATE SUMMARY FOR JULY 9 2014...
VALID TODAY AS OF 0400 PM LOCAL TIME.

CLIMATE NORMAL PERIOD 1981 TO 2010
CLIMATE RECORD PERIOD 1894 TO 2014


WEATHER ITEM   OBSERVED TIME   RECORD YEAR NORMAL DEPARTURE LAST
                VALUE   (LST)  VALUE       VALUE  FROM      YEAR
                                                  NORMAL
..................................................................
TEMPERATURE (F)
 TODAY
  MAXIMUM         96    251 PM 107    2011  92      4      100
  MINIMUM         62    552 AM  50    1952  62      0       69
  AVERAGE         79                        77      2       85

PRECIPITATION (IN)
  TODAY            0.00          1.94 1993   0.08  -0.08     0.00
  MONTH TO DATE    0.09                      0.72  -0.63      T
  SINCE JUN 1      3.86                      3.02   0.84     0.63
  SINCE JAN 1      5.70                      8.43  -2.73     1.93

SNOWFALL (IN)
  TODAY            0.0           0.0    MM   0.0    0.0      0.0
  MONTH TO DATE    0.0                       0.0    0.0      0.0
  SINCE JUN 1      0.0                       0.0    0.0      0.0
  SINCE JUL 1      0.0                       0.0    0.0      0.0
  SNOW DEPTH       0

DEGREE DAYS
 HEATING
  TODAY            0                         0      0        0
  MONTH TO DATE    0                         0      0        0
  SINCE JUN 1      4                        12     -8        0
  SINCE JUL 1      0                         0      0        0

 COOLING
  TODAY           14                        12      2       20
  MONTH TO DATE  100                       104     -4      119
  SINCE JUN 1    396                       344     52      526
  SINCE JAN 1    516                       416    100      680
..................................................................


WIND (MPH)
  RESULTANT WIND SPEED   7   RESULTANT WIND DIRECTION  SE (150)
  HIGHEST WIND SPEED    18   HIGHEST WIND DIRECTION     S (200)
  HIGHEST GUST SPEED    31   HIGHEST GUST DIRECTION     S (170)
  AVERAGE WIND SPEED     9.0


SKY COVER
  AVERAGE SKY COVER 0.0


WEATHER CONDITIONS
 THE FOLLOWING WEATHER WAS RECORDED TODAY.
  NO SIGNIFICANT WEATHER WAS OBSERVED.


RELATIVE HUMIDITY (PERCENT)
 HIGHEST    84           600 AM
 LOWEST     23           300 PM
 AVERAGE    54

..........................................................


THE DALHART CLIMATE NORMALS FOR TOMORROW
                         NORMAL    RECORD    YEAR
 MAXIMUM TEMPERATURE (F)   92       103      2009
 MINIMUM TEMPERATURE (F)   62        56      1961


SUNRISE AND SUNSET
JULY  9 2014..........SUNRISE   641 AM CDT   SUNSET   909 PM CDT
JULY 10 2014..........SUNRISE   642 AM CDT   SUNSET   909 PM CDT


-  INDICATES NEGATIVE NUMBERS.
R  INDICATES RECORD WAS SET OR TIED.
MM INDICATES DATA IS MISSING.
T  INDICATES TRACE AMOUNT.




$$
