000
CDUS44 KAMA 310750
CLIDHT


CLIMATE REPORT
NATIONAL WEATHER SERVICE AMARILLO TX
150 AM CST SAT JAN 31 2015


...................................

...THE DALHART CLIMATE SUMMARY FOR JANUARY 30 2015...

CLIMATE NORMAL PERIOD 1981 TO 2010
CLIMATE RECORD PERIOD 1894 TO 2015


WEATHER ITEM   OBSERVED TIME   RECORD YEAR NORMAL DEPARTURE LAST
                VALUE   (LST)  VALUE       VALUE  FROM      YEAR
                                                  NORMAL
..................................................................
TEMPERATURE (F)
 YESTERDAY
  MAXIMUM         42    120 PM  75    1986  51     -9       55
  MINIMUM         36   1159 PM  -4    1949  20     16       34
  AVERAGE         39                        36      3       45

PRECIPITATION (IN)
  YESTERDAY        0.01          0.68 1999   0.02  -0.01     0.00
  MONTH TO DATE    1.10                      0.50   0.60     0.01
  SINCE DEC 1      1.43                      1.04   0.39     0.22
  SINCE JAN 1      1.10                      0.50   0.60     0.01

SNOWFALL (IN)
  YESTERDAY        T             4.5  1994   0.1   -0.1      0.0
  MONTH TO DATE   15.0                       4.1   10.9      3.0
  SINCE DEC 1     19.5                       8.4   11.1      9.5
  SINCE JUL 1     21.0                      10.3   10.7     12.5
  SNOW DEPTH       0

DEGREE DAYS
 HEATING
  YESTERDAY       26                        30     -4       20
  MONTH TO DATE  846                       911    -65      877
  SINCE DEC 1   1709                      1859   -150     1866
  SINCE JUL 1   2562                      2854   -292     2812

 COOLING
  YESTERDAY        0                         0      0        0
  MONTH TO DATE    0                         0      0        0
  SINCE DEC 1      0                         0      0        0
  SINCE JAN 1      0                         0      0        0
..................................................................


WIND (MPH)
  RESULTANT WIND SPEED   9   RESULTANT WIND DIRECTION   S (180)
  HIGHEST WIND SPEED    17   HIGHEST WIND DIRECTION     S (200)
  HIGHEST GUST SPEED    21   HIGHEST GUST DIRECTION    SW (210)
  AVERAGE WIND SPEED     9.8


SKY COVER
  AVERAGE SKY COVER 0.9


WEATHER CONDITIONS
 THE FOLLOWING WEATHER WAS RECORDED YESTERDAY.
  LIGHT RAIN
  LIGHT SNOW
  FOG
  HAZE


RELATIVE HUMIDITY (PERCENT)
 HIGHEST    92          1100 PM
 LOWEST     57           100 PM
 AVERAGE    75

..........................................................


THE DALHART CLIMATE NORMALS FOR TODAY
                         NORMAL    RECORD    YEAR
 MAXIMUM TEMPERATURE (F)   51        80        MM
 MINIMUM TEMPERATURE (F)   20       -12      1951


SUNRISE AND SUNSET
JANUARY 31 2015.......SUNRISE   752 AM CST   SUNSET   616 PM CST
FEBRUARY  1 2015......SUNRISE   751 AM CST   SUNSET   617 PM CST


-  INDICATES NEGATIVE NUMBERS.
R  INDICATES RECORD WAS SET OR TIED.
MM INDICATES DATA IS MISSING.
T  INDICATES TRACE AMOUNT.




$$
