000
CDUS44 KAMA 292138
CLIDHT


CLIMATE REPORT
NATIONAL WEATHER SERVICE AMARILLO TX
438 PM CDT SUN MAR 29 2015


...................................

...THE DALHART CLIMATE SUMMARY FOR MARCH 29 2015...
VALID TODAY AS OF 0400 PM LOCAL TIME.

CLIMATE NORMAL PERIOD 1981 TO 2010
CLIMATE RECORD PERIOD 1894 TO 2015


WEATHER ITEM   OBSERVED TIME   RECORD YEAR NORMAL DEPARTURE LAST
                VALUE   (LST)  VALUE       VALUE  FROM      YEAR
                                                  NORMAL
..................................................................
TEMPERATURE (F)
 TODAY
  MAXIMUM         73    318 PM  85    2012  65      8       70
  MINIMUM         43    612 AM  12    1987  32     11       29
  AVERAGE         58                        49      9       50

PRECIPITATION (IN)
  TODAY            0.00          0.51 1993   0.04  -0.04     0.00
  MONTH TO DATE    0.08                      1.08  -1.00     0.09
  SINCE MAR 1      0.08                      1.08  -1.00     0.09
  SINCE JAN 1      3.39                      2.00   1.39     0.18

SNOWFALL (IN)
  TODAY            0.0           1.8  1988   0.1   -0.1      0.0
  MONTH TO DATE    0.8                       3.9   -3.1      1.1
  SINCE MAR 1      0.8                       3.9   -3.1      1.1
  SINCE JUL 1     34.1                      17.4   16.7     16.4
  SNOW DEPTH       0

DEGREE DAYS
 HEATING
  TODAY            7                        16     -9       15
  MONTH TO DATE  477                       580   -103      581
  SINCE MAR 1    477                       580   -103      581
  SINCE JUL 1   3770                      4223   -453     4175

 COOLING
  TODAY            0                         0      0        0
  MONTH TO DATE    0                         0      0        0
  SINCE MAR 1      0                         0      0        0
  SINCE JAN 1      0                         0      0        0
..................................................................


WIND (MPH)
  RESULTANT WIND SPEED  11   RESULTANT WIND DIRECTION   N (0)
  HIGHEST WIND SPEED    33   HIGHEST WIND DIRECTION     N (10)
  HIGHEST GUST SPEED    40   HIGHEST GUST DIRECTION     N (10)
  AVERAGE WIND SPEED    18.3


SKY COVER
  AVERAGE SKY COVER 0.1


WEATHER CONDITIONS
 THE FOLLOWING WEATHER WAS RECORDED TODAY.
  HAZE


RELATIVE HUMIDITY (PERCENT)
 HIGHEST    53           400 AM
 LOWEST     14           300 PM
 AVERAGE    34

..........................................................


THE DALHART CLIMATE NORMALS FOR TOMORROW
                         NORMAL    RECORD    YEAR
 MAXIMUM TEMPERATURE (F)   65        87      2010
 MINIMUM TEMPERATURE (F)   33         9      1987


SUNRISE AND SUNSET
MARCH 29 2015.........SUNRISE   741 AM CDT   SUNSET   809 PM CDT
MARCH 30 2015.........SUNRISE   740 AM CDT   SUNSET   810 PM CDT


-  INDICATES NEGATIVE NUMBERS.
R  INDICATES RECORD WAS SET OR TIED.
MM INDICATES DATA IS MISSING.
T  INDICATES TRACE AMOUNT.




$$
