000
CDUS44 KAMA 232133
CLIDHT


CLIMATE REPORT
NATIONAL WEATHER SERVICE AMARILLO TX
433 PM CDT TUE SEP 23 2014


...................................

...THE DALHART CLIMATE SUMMARY FOR SEPTEMBER 23 2014...
VALID TODAY AS OF 0400 PM LOCAL TIME.

CLIMATE NORMAL PERIOD 1981 TO 2010
CLIMATE RECORD PERIOD 1894 TO 2014


WEATHER ITEM   OBSERVED TIME   RECORD YEAR NORMAL DEPARTURE LAST
                VALUE   (LST)  VALUE       VALUE  FROM      YEAR
                                                  NORMAL
..................................................................
TEMPERATURE (F)
 TODAY
  MAXIMUM         88    238 PM  96    1953  79      9       82
  MINIMUM         63    604 AM  36    2009  50     13       54
  AVERAGE         76                        64     12       68

PRECIPITATION (IN)
  TODAY            0.00          1.07 1960   0.05  -0.05      T
  MONTH TO DATE    1.13                      1.30  -0.17     1.64
  SINCE SEP 1      1.13                      1.30  -0.17     1.64
  SINCE JAN 1      9.77                     14.65  -4.88     6.66

SNOWFALL (IN)
  TODAY            0.0           0.0    MM   0.0    0.0      0.0
  MONTH TO DATE    0.0                       0.0    0.0      0.0
  SINCE SEP 1      0.0                       0.0    0.0      0.0
  SINCE JUL 1      0.0                       0.0    0.0      0.0
  SNOW DEPTH       0

DEGREE DAYS
 HEATING
  TODAY            0                         3     -3        0
  MONTH TO DATE   21                        31    -10        0
  SINCE SEP 1     21                        31    -10        0
  SINCE JUL 1     21                        34    -13        0

 COOLING
  TODAY           11                         3      8        3
  MONTH TO DATE  152                       119     33      192
  SINCE SEP 1    152                       119     33      192
  SINCE JAN 1   1367                      1115    252     1545
..................................................................


WIND (MPH)
  RESULTANT WIND SPEED  17   RESULTANT WIND DIRECTION  SW (210)
  HIGHEST WIND SPEED    28   HIGHEST WIND DIRECTION    SW (220)
  HIGHEST GUST SPEED    33   HIGHEST GUST DIRECTION    SW (220)
  AVERAGE WIND SPEED    16.9


SKY COVER
  AVERAGE SKY COVER 0.2


WEATHER CONDITIONS
 THE FOLLOWING WEATHER WAS RECORDED TODAY.
  FOG
  HAZE


RELATIVE HUMIDITY (PERCENT)
 HIGHEST    93           100 AM
 LOWEST     35           300 PM
 AVERAGE    64

..........................................................


THE DALHART CLIMATE NORMALS FOR TOMORROW
                         NORMAL    RECORD    YEAR
 MAXIMUM TEMPERATURE (F)   79        95      1998
 MINIMUM TEMPERATURE (F)   49        32      2000


SUNRISE AND SUNSET
SEPTEMBER 23 2014.....SUNRISE   739 AM CDT   SUNSET   745 PM CDT
SEPTEMBER 24 2014.....SUNRISE   740 AM CDT   SUNSET   744 PM CDT


-  INDICATES NEGATIVE NUMBERS.
R  INDICATES RECORD WAS SET OR TIED.
MM INDICATES DATA IS MISSING.
T  INDICATES TRACE AMOUNT.




$$
