000
CDUS43 KBIS 260743
CLIDIK


CLIMATE REPORT
NATIONAL WEATHER SERVICE BISMARCK ND
141 AM CST WED NOV 26 2014


...................................

...THE DICKINSON ND CLIMATE SUMMARY FOR NOVEMBER 25 2014...

CLIMATE NORMAL PERIOD 1981 TO 2010
CLIMATE RECORD PERIOD 1903 TO 2014


WEATHER ITEM   OBSERVED TIME   RECORD YEAR NORMAL DEPARTURE LAST
                VALUE   (LST)  VALUE       VALUE  FROM      YEAR
                                                  NORMAL
..................................................................
TEMPERATURE (F)
 YESTERDAY
  MAXIMUM         36    252 PM  70    1960  35      1       34
  MINIMUM         18    124 AM -14    1977  15      3       21
  AVERAGE         27                        25      2       28

PRECIPITATION (IN)
  YESTERDAY        0.02          0.31 1993   0.01   0.01     0.00
  MONTH TO DATE    0.29                      0.49  -0.20     0.06
  SINCE SEP 1      2.02                      3.19  -1.17     7.83
  SINCE JAN 1     21.79                     15.48   6.31    22.84

DEGREE DAYS
 HEATING
  YESTERDAY       38                        40     -2       37
  MONTH TO DATE 1048                       856    192      872
  SINCE SEP 1   1867                      1781     86     1713
  SINCE JUL 1   1968                      1867    101     1753

 COOLING
  YESTERDAY        0                         0      0        0
  MONTH TO DATE    0                         0      0        0
  SINCE SEP 1     24                        33     -9       74
  SINCE JAN 1    256                       419   -163      386
..................................................................


WIND (MPH)
  HIGHEST WIND SPEED    29   HIGHEST WIND DIRECTION     N (360)
  HIGHEST GUST SPEED    35   HIGHEST GUST DIRECTION     N (360)
  AVERAGE WIND SPEED    13.9


SKY COVER
  POSSIBLE SUNSHINE  MM
  AVERAGE SKY COVER 0.8


WEATHER CONDITIONS
 THE FOLLOWING WEATHER WAS RECORDED YESTERDAY.
  LIGHT SNOW
  FOG


RELATIVE HUMIDITY (PERCENT)
 HIGHEST    92           200 AM
 LOWEST     82           300 PM
 AVERAGE    87

..........................................................


THE DICKINSON ND CLIMATE NORMALS FOR TODAY
                         NORMAL    RECORD    YEAR
 MAXIMUM TEMPERATURE (F)   34        66      1998
 MINIMUM TEMPERATURE (F)   14       -15      1985


SUNRISE AND SUNSET
NOVEMBER 26 2014......SUNRISE   709 AM MST   SUNSET   408 PM MST
NOVEMBER 27 2014......SUNRISE   710 AM MST   SUNSET   407 PM MST


-  INDICATES NEGATIVE NUMBERS.
R  INDICATES RECORD WAS SET OR TIED.
MM INDICATES DATA IS MISSING.
T  INDICATES TRACE AMOUNT.




$$
