000
CDUS43 KBIS 230743
CLIDIK


CLIMATE REPORT
NATIONAL WEATHER SERVICE BISMARCK ND
242 AM CDT WED AUG 23 2017


...................................

...THE DICKINSON ND CLIMATE SUMMARY FOR AUGUST 22 2017...

CLIMATE NORMAL PERIOD 1981 TO 2010
CLIMATE RECORD PERIOD 1893 TO 2017


WEATHER ITEM   OBSERVED TIME   RECORD YEAR NORMAL DEPARTURE LAST
                VALUE   (LST)  VALUE       VALUE  FROM      YEAR
                                                  NORMAL
..................................................................
TEMPERATURE (F)
 YESTERDAY
  MAXIMUM         80    303 PM 105    1960  82     -2       97
  MINIMUM         41    324 AM  27    1908  53    -12       53
  AVERAGE         61                        67     -6       75

PRECIPITATION (IN)
  YESTERDAY        0.00          1.50 1918   0.05  -0.05     0.00
  MONTH TO DATE    1.96                      1.09   0.87     0.61
  SINCE JUN 1      4.71                      6.73  -2.02     7.17
  SINCE JAN 1      7.07                     11.84  -4.77    11.59

DEGREE DAYS
 HEATING
  YESTERDAY        4                         2      2        0
  MONTH TO DATE   50                        27     23       27
  SINCE JUN 1    142                       198    -56      103
  SINCE JUL 1     50                        61    -11       44

 COOLING
  YESTERDAY        0                         4     -4       10
  MONTH TO DATE   30                       122    -92       81
  SINCE JUN 1    395                       341     54      272
  SINCE JAN 1    405                       351     54      275
..................................................................


WIND (MPH)
  HIGHEST WIND SPEED    13   HIGHEST WIND DIRECTION     S (170)
  HIGHEST GUST SPEED    17   HIGHEST GUST DIRECTION     S (170)
  AVERAGE WIND SPEED     4.9


SKY COVER
  POSSIBLE SUNSHINE  MM
  AVERAGE SKY COVER 0.0


WEATHER CONDITIONS
 THE FOLLOWING WEATHER WAS RECORDED YESTERDAY.
  NO SIGNIFICANT WEATHER WAS OBSERVED.


RELATIVE HUMIDITY (PERCENT)
 HIGHEST    83           500 AM
 LOWEST     25          1200 PM
 AVERAGE    54

..........................................................


THE DICKINSON ND CLIMATE NORMALS FOR TODAY
                         NORMAL    RECORD    YEAR
 MAXIMUM TEMPERATURE (F)   82       104      1937
 MINIMUM TEMPERATURE (F)   52        31      1911


SUNRISE AND SUNSET
AUGUST 23 2017........SUNRISE   600 AM MDT   SUNSET   747 PM MDT
AUGUST 24 2017........SUNRISE   601 AM MDT   SUNSET   745 PM MDT


-  INDICATES NEGATIVE NUMBERS.
R  INDICATES RECORD WAS SET OR TIED.
MM INDICATES DATA IS MISSING.
T  INDICATES TRACE AMOUNT.




$$
