000
CDUS43 KBIS 310733
CLIDIK


CLIMATE REPORT
NATIONAL WEATHER SERVICE BISMARCK ND
233 AM CDT TUE MAY 31 2016


...................................

...THE DICKINSON ND CLIMATE SUMMARY FOR MAY 30 2016...

CLIMATE NORMAL PERIOD 1981 TO 2010
CLIMATE RECORD PERIOD 1893 TO 2016


WEATHER ITEM   OBSERVED TIME   RECORD YEAR NORMAL DEPARTURE LAST
                VALUE   (LST)  VALUE       VALUE  FROM      YEAR
                                                  NORMAL
..................................................................
TEMPERATURE (F)
 YESTERDAY
  MAXIMUM         62    821 AM  98    1934  70     -8       60
  MINIMUM         44   1159 PM  29    1947  45     -1       31
  AVERAGE         53                        57     -4       46

PRECIPITATION (IN)
  YESTERDAY        0.63          1.23 2013   0.09   0.54      T
  MONTH TO DATE    0.88                      2.23  -1.35     1.66
  SINCE MAR 1      3.51                      4.39  -0.88     3.16
  SINCE JAN 1      3.93                      5.02  -1.09     3.43

DEGREE DAYS
 HEATING
  YESTERDAY       12                         8      4       19
  MONTH TO DATE  364                       370     -6      429
  SINCE MAR 1   1910                      2138   -228     1896
  SINCE JUL 1   7319                      8432  -1113     8011

 COOLING
  YESTERDAY        0                         1     -1        0
  MONTH TO DATE    3                         1      2        0
  SINCE MAR 1      3                         2      1        0
  SINCE JAN 1      3                         2      1        0
..................................................................


WIND (MPH)
  HIGHEST WIND SPEED    24   HIGHEST WIND DIRECTION    NW (320)
  HIGHEST GUST SPEED    29   HIGHEST GUST DIRECTION    NW (320)
  AVERAGE WIND SPEED    10.5


SKY COVER
  POSSIBLE SUNSHINE  MM
  AVERAGE SKY COVER 0.5


WEATHER CONDITIONS
 THE FOLLOWING WEATHER WAS RECORDED YESTERDAY.
  THUNDERSTORM
  HEAVY RAIN
  RAIN
  LIGHT RAIN
  FOG
  HAZE


RELATIVE HUMIDITY (PERCENT)
 HIGHEST    93          1200 PM
 LOWEST     72           700 AM
 AVERAGE    83

..........................................................


THE DICKINSON ND CLIMATE NORMALS FOR TODAY
                         NORMAL    RECORD    YEAR
 MAXIMUM TEMPERATURE (F)   70        90      1936
                                             1933
 MINIMUM TEMPERATURE (F)   45        31      1924


SUNRISE AND SUNSET
MAY 31 2016...........SUNRISE   501 AM MDT   SUNSET   837 PM MDT
JUNE  1 2016..........SUNRISE   501 AM MDT   SUNSET   838 PM MDT


-  INDICATES NEGATIVE NUMBERS.
R  INDICATES RECORD WAS SET OR TIED.
MM INDICATES DATA IS MISSING.
T  INDICATES TRACE AMOUNT.




$$
