000
CDUS43 KBIS 011237
CLIDIK


CLIMATE REPORT
NATIONAL WEATHER SERVICE BISMARCK ND
726 AM CDT TUE SEP 1 2015


...................................

...THE DICKINSON ND CLIMATE SUMMARY FOR AUGUST 31 2015...

CLIMATE NORMAL PERIOD 1981 TO 2010
CLIMATE RECORD PERIOD 1893 TO 2015


WEATHER ITEM   OBSERVED TIME   RECORD YEAR NORMAL DEPARTURE LAST
                VALUE   (LST)  VALUE       VALUE  FROM      YEAR
                                                  NORMAL
..................................................................
TEMPERATURE (F)
 YESTERDAY
  MAXIMUM         79    334 PM  99    1948  79      0       73
                                      1929
  MINIMUM         53    923 PM  32    1924  50      3       52
  AVERAGE         66                        64      2       63

PRECIPITATION (IN)
  YESTERDAY        T             1.47 1959   0.05  -0.05     0.37
  MONTH TO DATE    0.76                      1.54  -0.78     6.79
  SINCE JUN 1      6.06                      7.18  -1.12    11.73
  SINCE JAN 1      9.49                     12.29  -2.80    19.77

DEGREE DAYS
 HEATING
  YESTERDAY        0                         4     -4        2
  MONTH TO DATE   44                        52     -8       52
  SINCE JUN 1    126                       223    -97      266
  SINCE JUL 1     58                        86    -28      101

 COOLING
  YESTERDAY        1                         3     -2        0
  MONTH TO DATE  161                       157      4       95
  SINCE JUN 1    391                       376     15      202
  SINCE JAN 1    391                       386      5      232
..................................................................


WIND (MPH)
  HIGHEST WIND SPEED    21   HIGHEST WIND DIRECTION     W (280)
  HIGHEST GUST SPEED    34   HIGHEST GUST DIRECTION     W (290)
  AVERAGE WIND SPEED    10.7


SKY COVER
  POSSIBLE SUNSHINE  MM
  AVERAGE SKY COVER 0.0


WEATHER CONDITIONS
 THE FOLLOWING WEATHER WAS RECORDED YESTERDAY.
  THUNDERSTORM
  LIGHT RAIN


RELATIVE HUMIDITY (PERCENT)
 HIGHEST    90           400 AM
 LOWEST     21           300 PM
 AVERAGE    56

..........................................................


THE DICKINSON ND CLIMATE NORMALS FOR TODAY
                         NORMAL    RECORD    YEAR
 MAXIMUM TEMPERATURE (F)   78       102      1983
 MINIMUM TEMPERATURE (F)   49        30      1946
                                             1924


SUNRISE AND SUNSET
SEPTEMBER  1 2015.....SUNRISE   611 AM MDT   SUNSET   731 PM MDT
SEPTEMBER  2 2015.....SUNRISE   612 AM MDT   SUNSET   729 PM MDT


-  INDICATES NEGATIVE NUMBERS.
R  INDICATES RECORD WAS SET OR TIED.
MM INDICATES DATA IS MISSING.
T  INDICATES TRACE AMOUNT.




$$
