000
CDUS43 KBIS 210038
CLIDIK


CLIMATE REPORT
NATIONAL WEATHER SERVICE BISMARCK ND
638 PM CST TUE FEB 20 2018


...................................

...THE DICKINSON ND CLIMATE SUMMARY FOR FEBRUARY 20 2018...
VALID TODAY AS OF 0600 PM LOCAL TIME.

CLIMATE NORMAL PERIOD 1981 TO 2010
CLIMATE RECORD PERIOD 1893 TO 2018


WEATHER ITEM   OBSERVED TIME   RECORD YEAR NORMAL DEPARTURE LAST
                VALUE   (LST)  VALUE       VALUE  FROM      YEAR
                                                  NORMAL
..................................................................
TEMPERATURE (F)
 TODAY
  MAXIMUM          6    240 PM  57    1984  32    -26       53
  MINIMUM        -10    650 AM -37    1918  11    -21       34
  AVERAGE         -2                        22    -24       44

PRECIPITATION (IN)
  TODAY            T             0.19 1993   0.01  -0.01      T
  MONTH TO DATE    0.13                      0.20  -0.07     0.03
  SINCE DEC 1      0.29                      0.74  -0.45     0.26
  SINCE JAN 1      0.16                      0.50  -0.34     0.10

DEGREE DAYS
 HEATING
  TODAY           67                        43     24       21
  MONTH TO DATE 1214                       910    304      856
  SINCE DEC 1   4167                      3880    287     4128
  SINCE JUL 1   6120                      5957    163     5795

 COOLING
  TODAY            0                         0      0        0
  MONTH TO DATE    0                         0      0        0
  SINCE DEC 1      0                         0      0        0
  SINCE JAN 1      0                         0      0        0
..................................................................


WIND (MPH)
  RESULTANT WIND SPEED  13   RESULTANT WIND DIRECTION   W (270)
  HIGHEST WIND SPEED    24   HIGHEST WIND DIRECTION     W (270)
  HIGHEST GUST SPEED    29   HIGHEST GUST DIRECTION     W (270)
  AVERAGE WIND SPEED    12.9


SKY COVER
  POSSIBLE SUNSHINE  MM
  AVERAGE SKY COVER 0.5


WEATHER CONDITIONS
 THE FOLLOWING WEATHER WAS RECORDED TODAY.
  LIGHT SNOW
  FOG
  HAZE


RELATIVE HUMIDITY (PERCENT)
 HIGHEST    90           500 AM
 LOWEST     63           200 PM
 AVERAGE    77

..........................................................


THE DICKINSON ND CLIMATE NORMALS FOR TOMORROW
                         NORMAL    RECORD    YEAR
 MAXIMUM TEMPERATURE (F)   32        65      1995
 MINIMUM TEMPERATURE (F)   11       -28      1939


SUNRISE AND SUNSET
FEBRUARY 20 2018......SUNRISE   647 AM MST   SUNSET   524 PM MST
FEBRUARY 21 2018......SUNRISE   645 AM MST   SUNSET   525 PM MST


-  INDICATES NEGATIVE NUMBERS.
R  INDICATES RECORD WAS SET OR TIED.
MM INDICATES DATA IS MISSING.
T  INDICATES TRACE AMOUNT.




$$
