000
CDUS43 KBIS 130738
CLIDIK


CLIMATE REPORT
NATIONAL WEATHER SERVICE BISMARCK ND
237 AM CDT SUN JUL 13 2014


...................................

...THE DICKINSON ND CLIMATE SUMMARY FOR JULY 12 2014...

CLIMATE NORMAL PERIOD 1981 TO 2010
CLIMATE RECORD PERIOD 1903 TO 2014


WEATHER ITEM   OBSERVED TIME   RECORD YEAR NORMAL DEPARTURE LAST
                VALUE   (LST)  VALUE       VALUE  FROM      YEAR
                                                  NORMAL
..................................................................
TEMPERATURE (F)
 YESTERDAY
  MAXIMUM         82    245 PM 104    2006  83     -1       83
  MINIMUM         54   1159 PM  38    1903  55     -1       59
  AVERAGE         68                        69     -1       71

PRECIPITATION (IN)
  YESTERDAY        0.03          1.02 1965   0.09  -0.06     0.01
  MONTH TO DATE    0.19                      1.10  -0.91     1.86
  SINCE JUN 1      4.02                      4.30  -0.28     4.18
  SINCE JAN 1     12.06                      9.41   2.65    13.11

DEGREE DAYS
 HEATING
  YESTERDAY        0                         1     -1        0
  MONTH TO DATE   16                        18     -2        1
  SINCE JUN 1    181                       155     26      125
  SINCE JUL 1     16                        18     -2        1

 COOLING
  YESTERDAY        3                         5     -2        6
  MONTH TO DATE   39                        52    -13       56
  SINCE JUN 1     51                       106    -55       82
  SINCE JAN 1     81                       116    -35       91
..................................................................


WIND (MPH)
  HIGHEST WIND SPEED    18   HIGHEST WIND DIRECTION    NW (330)
  HIGHEST GUST SPEED    24   HIGHEST GUST DIRECTION     W (290)
  AVERAGE WIND SPEED     7.6


SKY COVER
  POSSIBLE SUNSHINE  MM
  AVERAGE SKY COVER 0.4


WEATHER CONDITIONS
 THE FOLLOWING WEATHER WAS RECORDED YESTERDAY.
  THUNDERSTORM
  RAIN
  LIGHT RAIN
  FOG


RELATIVE HUMIDITY (PERCENT)
 HIGHEST    90           600 AM
 LOWEST     42           400 PM
 AVERAGE    66

..........................................................


THE DICKINSON ND CLIMATE NORMALS FOR TODAY
                         NORMAL    RECORD    YEAR
 MAXIMUM TEMPERATURE (F)   83       103      2003
 MINIMUM TEMPERATURE (F)   55        39      1967


SUNRISE AND SUNSET
JULY 13 2014..........SUNRISE   510 AM MDT   SUNSET   843 PM MDT
JULY 14 2014..........SUNRISE   511 AM MDT   SUNSET   842 PM MDT


-  INDICATES NEGATIVE NUMBERS.
R  INDICATES RECORD WAS SET OR TIED.
MM INDICATES DATA IS MISSING.
T  INDICATES TRACE AMOUNT.




$$
