000
CDUS43 KBIS 250801
CLIDIK


CLIMATE REPORT
NATIONAL WEATHER SERVICE BISMARCK ND
301 AM CDT TUE APR 25 2017


...................................

...THE DICKINSON ND CLIMATE SUMMARY FOR APRIL 24 2017...

CLIMATE NORMAL PERIOD 1981 TO 2010
CLIMATE RECORD PERIOD 1893 TO 2017


WEATHER ITEM   OBSERVED TIME   RECORD YEAR NORMAL DEPARTURE LAST
                VALUE   (LST)  VALUE       VALUE  FROM      YEAR
                                                  NORMAL
..................................................................
TEMPERATURE (F)
 YESTERDAY
  MAXIMUM         39    241 PM  90    2012  59    -20       42
  MINIMUM         28   1159 PM  18    1931  32     -4       36
                                      1928
  AVERAGE         34                        46    -12       39

PRECIPITATION (IN)
  YESTERDAY        0.01          0.90 1990   0.06  -0.05     0.37
  MONTH TO DATE    0.50                      1.08  -0.58     1.32
  SINCE MAR 1      0.84                      1.77  -0.93     1.57
  SINCE JAN 1      1.12                      2.40  -1.28     1.99

DEGREE DAYS
 HEATING
  YESTERDAY       31                        19     12       26
  MONTH TO DATE  540                       572    -32      523
  SINCE MAR 1   1553                      1658   -105     1394
  SINCE JUL 1   7683                      7952   -269     6803

 COOLING
  YESTERDAY        0                         0      0        0
  MONTH TO DATE    0                         0      0        0
  SINCE MAR 1      0                         0      0        0
  SINCE JAN 1      0                         0      0        0
..................................................................


WIND (MPH)
  HIGHEST WIND SPEED    17   HIGHEST WIND DIRECTION    NE (40)
  HIGHEST GUST SPEED    21   HIGHEST GUST DIRECTION    NE (30)
  AVERAGE WIND SPEED    10.5


SKY COVER
  POSSIBLE SUNSHINE  MM
  AVERAGE SKY COVER 1.0


WEATHER CONDITIONS
 THE FOLLOWING WEATHER WAS RECORDED YESTERDAY.
  FREEZING RAIN
  LT FREEZING RAIN
  FOG
  FOG W/VISIBILITY <= 1/4 MILE


RELATIVE HUMIDITY (PERCENT)
 HIGHEST   100          1200 AM
 LOWEST     75           500 PM
 AVERAGE    88

..........................................................


THE DICKINSON ND CLIMATE NORMALS FOR TODAY
                         NORMAL    RECORD    YEAR
 MAXIMUM TEMPERATURE (F)   60        82      1952
 MINIMUM TEMPERATURE (F)   33        13      1907


SUNRISE AND SUNSET
APRIL 25 2017.........SUNRISE   545 AM MDT   SUNSET   754 PM MDT
APRIL 26 2017.........SUNRISE   544 AM MDT   SUNSET   755 PM MDT


-  INDICATES NEGATIVE NUMBERS.
R  INDICATES RECORD WAS SET OR TIED.
MM INDICATES DATA IS MISSING.
T  INDICATES TRACE AMOUNT.




$$
