000
CDUS43 KBIS 072347
CLIDIK


CLIMATE REPORT
NATIONAL WEATHER SERVICE BISMARCK ND
546 PM CST SUN FEB 7 2016


...................................

...THE DICKINSON ND CLIMATE SUMMARY FOR FEBRUARY 7 2016...
VALID TODAY AS OF 0500 PM LOCAL TIME.

CLIMATE NORMAL PERIOD 1981 TO 2010
CLIMATE RECORD PERIOD 1893 TO 2016


WEATHER ITEM   OBSERVED TIME   RECORD YEAR NORMAL DEPARTURE LAST
                VALUE   (LST)  VALUE       VALUE  FROM      YEAR
                                                  NORMAL
..................................................................
TEMPERATURE (F)
 TODAY
  MAXIMUM         35    157 PM  59    1963  29      6       58
  MINIMUM         27    557 AM -37    1933   8     19       32
  AVERAGE         31                        19     12       45

PRECIPITATION (IN)
  TODAY            T             0.16 1978   0.00   0.00     0.08
  MONTH TO DATE    T                         0.05  -0.05     0.10
  SINCE DEC 1      0.42                      0.59  -0.17     0.29
  SINCE JAN 1      0.16                      0.35  -0.19     0.22

DEGREE DAYS
 HEATING
  TODAY           34                        46    -12       20
  MONTH TO DATE  266                       327    -61      332
  SINCE DEC 1   2988                      3297   -309     2911
  SINCE JUL 1   4662                      5374   -712     5117

 COOLING
  TODAY            0                         0      0        0
  MONTH TO DATE    0                         0      0        0
  SINCE DEC 1      0                         0      0        0
  SINCE JAN 1      0                         0      0        0
..................................................................


WIND (MPH)
  RESULTANT WIND SPEED  31   RESULTANT WIND DIRECTION  NW (310)
  HIGHEST WIND SPEED    48   HIGHEST WIND DIRECTION    NW (300)
  HIGHEST GUST SPEED    60   HIGHEST GUST DIRECTION     W (290)
  AVERAGE WIND SPEED    31.9


SKY COVER
  POSSIBLE SUNSHINE  MM
  AVERAGE SKY COVER 0.7


WEATHER CONDITIONS
 THE FOLLOWING WEATHER WAS RECORDED TODAY.
  LIGHT SNOW
  FOG


RELATIVE HUMIDITY (PERCENT)
 HIGHEST    84           600 AM
 LOWEST     35           200 PM
 AVERAGE    60

..........................................................


THE DICKINSON ND CLIMATE NORMALS FOR TOMORROW
                         NORMAL    RECORD    YEAR
 MAXIMUM TEMPERATURE (F)   29        60      2000
 MINIMUM TEMPERATURE (F)    9       -37      1939


SUNRISE AND SUNSET
FEBRUARY  7 2016......SUNRISE   708 AM MST   SUNSET   503 PM MST
FEBRUARY  8 2016......SUNRISE   707 AM MST   SUNSET   505 PM MST


-  INDICATES NEGATIVE NUMBERS.
R  INDICATES RECORD WAS SET OR TIED.
MM INDICATES DATA IS MISSING.
T  INDICATES TRACE AMOUNT.




$$
