000
CDUS43 KBIS 290908
CLIDIK


CLIMATE REPORT
NATIONAL WEATHER SERVICE BISMARCK ND
408 AM CDT FRI MAY 29 2015


...................................

...THE DICKINSON ND CLIMATE SUMMARY FOR MAY 28 2015...

CLIMATE NORMAL PERIOD 1981 TO 2010
CLIMATE RECORD PERIOD 1893 TO 2015


WEATHER ITEM   OBSERVED TIME   RECORD YEAR NORMAL DEPARTURE LAST
                VALUE   (LST)  VALUE       VALUE  FROM      YEAR
                                                  NORMAL
..................................................................
TEMPERATURE (F)
 YESTERDAY
  MAXIMUM         76    233 PM 101    1934  70      6       84
  MINIMUM         47    356 AM  18    1947  44      3       56
  AVERAGE         62                        57      5       70

PRECIPITATION (IN)
  YESTERDAY        T             1.22 1956   0.08  -0.08      T
  MONTH TO DATE    1.66                      2.06  -0.40     5.73
  SINCE MAR 1      3.16                      4.22  -1.06     7.42
  SINCE JAN 1      3.43                      4.85  -1.42     7.59

DEGREE DAYS
 HEATING
  YESTERDAY        3                         9     -6        0
  MONTH TO DATE  392                       354     38      381
  SINCE MAR 1   1859                      2122   -263     2352
  SINCE JUL 1   7974                      8416   -442     8994

 COOLING
  YESTERDAY        0                         0      0        5
  MONTH TO DATE    0                         0      0       21
  SINCE MAR 1      0                         1     -1       21
  SINCE JAN 1      0                         1     -1       21
..................................................................


WIND (MPH)
  HIGHEST WIND SPEED    24   HIGHEST WIND DIRECTION     N (350)
  HIGHEST GUST SPEED    31   HIGHEST GUST DIRECTION    NW (320)
  AVERAGE WIND SPEED     9.3


SKY COVER
  POSSIBLE SUNSHINE  MM
  AVERAGE SKY COVER 0.3


WEATHER CONDITIONS
 THE FOLLOWING WEATHER WAS RECORDED YESTERDAY.
  THUNDERSTORM
  LIGHT RAIN
  FOG
  FOG W/VISIBILITY <= 1/4 MILE


RELATIVE HUMIDITY (PERCENT)
 HIGHEST   100           100 AM
 LOWEST     44           200 PM
 AVERAGE    72

..........................................................


THE DICKINSON ND CLIMATE NORMALS FOR TODAY
                         NORMAL    RECORD    YEAR
 MAXIMUM TEMPERATURE (F)   70       102      1934
 MINIMUM TEMPERATURE (F)   44        17      1947


SUNRISE AND SUNSET
MAY 29 2015...........SUNRISE   503 AM MDT   SUNSET   835 PM MDT
MAY 30 2015...........SUNRISE   502 AM MDT   SUNSET   836 PM MDT


-  INDICATES NEGATIVE NUMBERS.
R  INDICATES RECORD WAS SET OR TIED.
MM INDICATES DATA IS MISSING.
T  INDICATES TRACE AMOUNT.




$$
