000
CDUS43 KBIS 300725
CLIDIK


CLIMATE REPORT
NATIONAL WEATHER SERVICE BISMARCK ND
125 AM CST FRI JAN 30 2015


...................................

...THE DICKINSON ND CLIMATE SUMMARY FOR JANUARY 29 2015...

CLIMATE NORMAL PERIOD 1981 TO 2010
CLIMATE RECORD PERIOD 1903 TO 2015


WEATHER ITEM   OBSERVED TIME   RECORD YEAR NORMAL DEPARTURE LAST
                VALUE   (LST)  VALUE       VALUE  FROM      YEAR
                                                  NORMAL
..................................................................
TEMPERATURE (F)
 YESTERDAY
  MAXIMUM         38    405 PM  58    1931  27     11       36
  MINIMUM         21   1004 PM -37    1929   7     14       12
  AVERAGE         30                        17     13       24

PRECIPITATION (IN)
  YESTERDAY        0.00          0.11 1978   0.00   0.00     0.02
  MONTH TO DATE    0.11                      0.28  -0.17     0.04
  SINCE DEC 1      0.18                      0.52  -0.34     0.40
  SINCE JAN 1      0.11                      0.28  -0.17     0.04

DEGREE DAYS
 HEATING
  YESTERDAY       35                        48    -13       41
  MONTH TO DATE 1251                      1413   -162     1360
  SINCE DEC 1   2495                      2873   -378     3071
  SINCE JUL 1   4701                      4950   -249     5015

 COOLING
  YESTERDAY        0                         0      0        0
  MONTH TO DATE    0                         0      0        0
  SINCE DEC 1      0                         0      0        0
  SINCE JAN 1      0                         0      0        0
..................................................................


WIND (MPH)
  HIGHEST WIND SPEED    23   HIGHEST WIND DIRECTION    NW (320)
  HIGHEST GUST SPEED    29   HIGHEST GUST DIRECTION    NW (330)
  AVERAGE WIND SPEED    11.3


SKY COVER
  POSSIBLE SUNSHINE  MM
  AVERAGE SKY COVER 0.4


WEATHER CONDITIONS
 THE FOLLOWING WEATHER WAS RECORDED YESTERDAY.
  NO SIGNIFICANT WEATHER WAS OBSERVED.


RELATIVE HUMIDITY (PERCENT)
 HIGHEST    84          1000 PM
 LOWEST     44           400 PM
 AVERAGE    64

..........................................................


THE DICKINSON ND CLIMATE NORMALS FOR TODAY
                         NORMAL    RECORD    YEAR
 MAXIMUM TEMPERATURE (F)   28        54      1931
 MINIMUM TEMPERATURE (F)    7       -34      1918


SUNRISE AND SUNSET
JANUARY 30 2015.......SUNRISE   718 AM MST   SUNSET   451 PM MST
JANUARY 31 2015.......SUNRISE   717 AM MST   SUNSET   453 PM MST


-  INDICATES NEGATIVE NUMBERS.
R  INDICATES RECORD WAS SET OR TIED.
MM INDICATES DATA IS MISSING.
T  INDICATES TRACE AMOUNT.




$$
