000
CDUS43 KBIS 070727
CLIDIK


CLIMATE REPORT
NATIONAL WEATHER SERVICE BISMARCK ND
227 AM CDT TUE JUL 7 2015


...................................

...THE DICKINSON ND CLIMATE SUMMARY FOR JULY 6 2015...

CLIMATE NORMAL PERIOD 1981 TO 2010
CLIMATE RECORD PERIOD 1893 TO 2015


WEATHER ITEM   OBSERVED TIME   RECORD YEAR NORMAL DEPARTURE LAST
                VALUE   (LST)  VALUE       VALUE  FROM      YEAR
                                                  NORMAL
..................................................................
TEMPERATURE (F)
 YESTERDAY
  MAXIMUM         74    125 PM 114    1936  82     -8       83
  MINIMUM         51   1159 PM  33    1934  54     -3       56
  AVERAGE         63                        68     -5       70

PRECIPITATION (IN)
  YESTERDAY        0.00          1.61 1992   0.09  -0.09     0.00
  MONTH TO DATE    0.12                      0.55  -0.43     0.02
  SINCE JUN 1      3.05                      3.75  -0.70     3.85
  SINCE JAN 1      6.48                      8.86  -2.38    11.89

DEGREE DAYS
 HEATING
  YESTERDAY        2                         2      0        0
  MONTH TO DATE    3                        12     -9       15
  SINCE JUN 1     71                       149    -78      180
  SINCE JUL 1      3                        12     -9       15

 COOLING
  YESTERDAY        0                         4     -4        5
  MONTH TO DATE   24                        24      0       24
  SINCE JUN 1     82                        78      4       36
  SINCE JAN 1     82                        88     -6       66
..................................................................


WIND (MPH)
  HIGHEST WIND SPEED    16   HIGHEST WIND DIRECTION    NE (40)
  HIGHEST GUST SPEED    21   HIGHEST GUST DIRECTION     N (20)
  AVERAGE WIND SPEED     8.3


SKY COVER
  POSSIBLE SUNSHINE  MM
  AVERAGE SKY COVER 0.5


WEATHER CONDITIONS
 THE FOLLOWING WEATHER WAS RECORDED YESTERDAY.
  FOG
  HAZE


RELATIVE HUMIDITY (PERCENT)
 HIGHEST    93           400 AM
 LOWEST     44           200 PM
 AVERAGE    69

..........................................................


THE DICKINSON ND CLIMATE NORMALS FOR TODAY
                         NORMAL    RECORD    YEAR
 MAXIMUM TEMPERATURE (F)   82       109      1981
 MINIMUM TEMPERATURE (F)   54        42      1922


SUNRISE AND SUNSET
JULY  7 2015..........SUNRISE   505 AM MDT   SUNSET   847 PM MDT
JULY  8 2015..........SUNRISE   506 AM MDT   SUNSET   846 PM MDT


-  INDICATES NEGATIVE NUMBERS.
R  INDICATES RECORD WAS SET OR TIED.
MM INDICATES DATA IS MISSING.
T  INDICATES TRACE AMOUNT.




$$
