000
CDUS43 KDLH 290632
CLIDLH


CLIMATE REPORT
NATIONAL WEATHER SERVICE DULUTH MN
129 AM CDT FRI MAY 29 2015


...................................

...THE DULUTH MN CLIMATE SUMMARY FOR MAY 28 2015...

CLIMATE NORMAL PERIOD 1981 TO 2010
CLIMATE RECORD PERIOD 1870 TO 2015


WEATHER ITEM   OBSERVED TIME   RECORD YEAR NORMAL DEPARTURE LAST
                VALUE   (LST)  VALUE       VALUE  FROM      YEAR
                                                  NORMAL
..................................................................
TEMPERATURE (F)
 YESTERDAY
  MAXIMUM         59   1213 AM  91    1934  66     -7       69
  MINIMUM         44   1122 PM  32    1965  44      0       47
                                      1958
                                      1947
  AVERAGE         52                        55     -3       58

PRECIPITATION (IN)
  YESTERDAY        0.00          2.42 1914   0.11  -0.11     0.00
  MONTH TO DATE    3.72                      2.90   0.82     3.06
  SINCE MAR 1      5.54                      6.82  -1.28     8.27
  SINCE JAN 1      6.38                      8.59  -2.21    11.12

SNOWFALL (IN)
  YESTERDAY        0.0           0.4  1965   0.0    0.0      0.0
  MONTH TO DATE    T                         0.4   -0.4       T
  SINCE MAR 1      9.3                      20.5  -11.2     47.2
  SINCE JUL 1     49.2                      86.1  -36.9    131.0
  SNOW DEPTH       0

DEGREE DAYS
 HEATING
  YESTERDAY       13                        10      3        7
  MONTH TO DATE  362                       396    -34      406
  SINCE MAR 1   2096                      2368   -272     2731
  SINCE JUL 1   8935                      9235   -300    10172

 COOLING
  YESTERDAY        0                         0      0        0
  MONTH TO DATE    4                         0      4       18
  SINCE MAR 1      4                         0      4       18
  SINCE JAN 1      4                         0      4       18
..................................................................


WIND (MPH)
  HIGHEST WIND SPEED    21   HIGHEST WIND DIRECTION     E (110)
  HIGHEST GUST SPEED    27   HIGHEST GUST DIRECTION     E (90)
  AVERAGE WIND SPEED    12.6


SKY COVER
  AVERAGE SKY COVER 0.3


WEATHER CONDITIONS
 THE FOLLOWING WEATHER WAS RECORDED YESTERDAY.
  FOG


RELATIVE HUMIDITY (PERCENT)
 HIGHEST    92           800 PM
 LOWEST     61           200 AM
 AVERAGE    77

..........................................................


THE DULUTH MN CLIMATE NORMALS FOR TODAY
                         NORMAL    RECORD    YEAR
 MAXIMUM TEMPERATURE (F)   66        87      1986
 MINIMUM TEMPERATURE (F)   44        29      1984


SUNRISE AND SUNSET
MAY 29 2015...........SUNRISE   520 AM CDT   SUNSET   852 PM CDT
MAY 30 2015...........SUNRISE   520 AM CDT   SUNSET   853 PM CDT


-  INDICATES NEGATIVE NUMBERS.
R  INDICATES RECORD WAS SET OR TIED.
MM INDICATES DATA IS MISSING.
T  INDICATES TRACE AMOUNT.




$$
