000
CDUS43 KDLH 290619
CLIDLH


CLIMATE REPORT
NATIONAL WEATHER SERVICE DULUTH MN
1218 AM CST SAT NOV 29 2014


...................................

...THE DULUTH MN CLIMATE SUMMARY FOR NOVEMBER 28 2014...

CLIMATE NORMAL PERIOD 1981 TO 2010
CLIMATE RECORD PERIOD 1870 TO 2014


WEATHER ITEM   OBSERVED TIME   RECORD YEAR NORMAL DEPARTURE LAST
                VALUE   (LST)  VALUE       VALUE  FROM      YEAR
                                                  NORMAL
..................................................................
TEMPERATURE (F)
 YESTERDAY
  MAXIMUM         18   1159 PM  49    1899  29    -11       22
  MINIMUM          6    526 AM -16    1875  15     -9       10
  AVERAGE         12                        22    -10       16

PRECIPITATION (IN)
  YESTERDAY        0.07          2.24 1960   0.05   0.02     0.01
  MONTH TO DATE    0.97                      1.97  -1.00     0.82
  SINCE SEP 1      4.41                      8.93  -4.52     6.01
  SINCE JAN 1     29.36                     29.63  -0.27    27.60

SNOWFALL (IN)
  YESTERDAY        1.3          11.4  1960   0.5    0.8      0.3
  MONTH TO DATE   16.4                      12.5    3.9      4.7
  SINCE SEP 1     16.5                      14.9    1.6      5.0
  SINCE JUL 1     16.5                      14.9    1.6      5.0
  SNOW DEPTH       5

DEGREE DAYS
 HEATING
  YESTERDAY       53                        43     10       49
  MONTH TO DATE 1196                      1002    194     1015
  SINCE SEP 1   2045                      1978     67     1793
  SINCE JUL 1   2122                      2127     -5     1867

 COOLING
  YESTERDAY        0                         0      0        0
  MONTH TO DATE    0                         0      0        0
  SINCE SEP 1      9                        14     -5       24
  SINCE JAN 1    179                       204    -25      375
..................................................................


WIND (MPH)
  HIGHEST WIND SPEED    14   HIGHEST WIND DIRECTION    SE (130)
  HIGHEST GUST SPEED    17   HIGHEST GUST DIRECTION    SE (140)
  AVERAGE WIND SPEED     7.1


SKY COVER
  AVERAGE SKY COVER 1.0


WEATHER CONDITIONS
 THE FOLLOWING WEATHER WAS RECORDED YESTERDAY.
  SNOW
  LIGHT SNOW
  FOG
  FOG W/VISIBILITY <= 1/4 MILE
  HAZE


RELATIVE HUMIDITY (PERCENT)
 HIGHEST    88           900 PM
 LOWEST     63          1200 AM
 AVERAGE    76

..........................................................


THE DULUTH MN CLIMATE NORMALS FOR TODAY
                         NORMAL    RECORD    YEAR
 MAXIMUM TEMPERATURE (F)   28        53      1932
 MINIMUM TEMPERATURE (F)   15       -29      1875


SUNRISE AND SUNSET
NOVEMBER 29 2014......SUNRISE   731 AM CST   SUNSET   423 PM CST
NOVEMBER 30 2014......SUNRISE   732 AM CST   SUNSET   423 PM CST


-  INDICATES NEGATIVE NUMBERS.
R  INDICATES RECORD WAS SET OR TIED.
MM INDICATES DATA IS MISSING.
T  INDICATES TRACE AMOUNT.




$$
