000
CDUS43 KDLH 072239
CLIDLH


CLIMATE REPORT
NATIONAL WEATHER SERVICE DULUTH MN
539 PM CDT TUE JUL 7 2015


...................................

...THE DULUTH MN CLIMATE SUMMARY FOR JULY 7 2015...
VALID TODAY AS OF 0500 PM LOCAL TIME.

CLIMATE NORMAL PERIOD 1981 TO 2010
CLIMATE RECORD PERIOD 1870 TO 2015


WEATHER ITEM   OBSERVED TIME   RECORD YEAR NORMAL DEPARTURE LAST
                VALUE   (LST)  VALUE       VALUE  FROM      YEAR
                                                  NORMAL
..................................................................
TEMPERATURE (F)
 TODAY
  MAXIMUM         73    327 PM 100    1936  76     -3       82
  MINIMUM         52    539 AM  38    1984  55     -3       62
                                      1972
  AVERAGE         63                        65     -2       72

PRECIPITATION (IN)
  TODAY            0.00          2.17 1978   0.14  -0.14     0.60
  MONTH TO DATE    1.99                      1.03   0.96     1.47
  SINCE JUN 1      5.63                      5.26   0.37     5.94
  SINCE JAN 1     12.02                     14.18  -2.16    18.37

SNOWFALL (IN)
  TODAY            0.0           0.0  2002   0.0    0.0      0.0
                                      2001
  MONTH TO DATE    0.0                       0.0    0.0      0.0
  SINCE JUL 1      0.0                       0.0    0.0      0.0
  SNOW DEPTH       0

DEGREE DAYS
 HEATING
  TODAY            2                         2      0        0
  MONTH TO DATE   10                        20    -10        6
  SINCE JUN 1    131                       199    -68      168
  SINCE JUL 1     10                        20    -10        6

 COOLING
  TODAY            0                         3     -3        7
  MONTH TO DATE   12                        18     -6       24
  SINCE JUN 1     34                        48    -14       53
  SINCE JAN 1     38                        52    -14       71
..................................................................


WIND (MPH)
  HIGHEST WIND SPEED    15   HIGHEST WIND DIRECTION     N (360)
  HIGHEST GUST SPEED    22   HIGHEST GUST DIRECTION     N (10)
  AVERAGE WIND SPEED     8.4


SKY COVER
  POSSIBLE SUNSHINE  MM
  AVERAGE SKY COVER 0.5


WEATHER CONDITIONS
 THE FOLLOWING WEATHER WAS RECORDED TODAY.
  NO SIGNIFICANT WEATHER WAS OBSERVED.


RELATIVE HUMIDITY (PERCENT)
 HIGHEST    77           500 AM
 LOWEST     38           200 PM
 AVERAGE    58

..........................................................


THE DULUTH MN CLIMATE NORMALS FOR TOMORROW
                         NORMAL    RECORD    YEAR
 MAXIMUM TEMPERATURE (F)   76        98      1936
 MINIMUM TEMPERATURE (F)   55        37      1961


SUNRISE AND SUNSET
JULY  7 2015..........SUNRISE   522 AM CDT   SUNSET   904 PM CDT
JULY  8 2015..........SUNRISE   523 AM CDT   SUNSET   904 PM CDT


-  INDICATES NEGATIVE NUMBERS.
R  INDICATES RECORD WAS SET OR TIED.
MM INDICATES DATA IS MISSING.
T  INDICATES TRACE AMOUNT.




$$
