000
CDUS43 KDLH 222301
CLIDLH


CLIMATE REPORT
NATIONAL WEATHER SERVICE DULUTH MN
459 PM CST MON JAN 22 2018


...................................

...THE DULUTH CLIMATE SUMMARY FOR JANUARY 22 2018...
VALID TODAY AS OF 0400 PM LOCAL TIME.

CLIMATE NORMAL PERIOD 1981 TO 2010
CLIMATE RECORD PERIOD 1870 TO 2018


WEATHER ITEM   OBSERVED TIME   RECORD YEAR NORMAL DEPARTURE LAST
                VALUE   (LST)  VALUE       VALUE  FROM      YEAR
                                                  NORMAL
..................................................................
TEMPERATURE (F)
 TODAY
  MAXIMUM         28   1246 AM  55    1942  19      9       37
  MINIMUM         22   1155 AM -35    1883   1     21       34
  AVERAGE         25                        10     15       36

PRECIPITATION (IN)
  TODAY            0.07          0.81 1982   0.02   0.05      T
  MONTH TO DATE    0.52                      0.72  -0.20     0.79
  SINCE DEC 1      1.35                      1.93  -0.58     2.86
  SINCE JAN 1      0.52                      0.72  -0.20     0.79

SNOWFALL (IN)
  TODAY            0.5          12.0  1982   0.6    0.4       T
  MONTH TO DATE    7.7                      14.6   -6.9     10.2
  SINCE JUL 1     42.7                      48.4   -5.7     39.6
  SNOW DEPTH       8

DEGREE DAYS
 HEATING
  TODAY           40                        55    -15       29
  MONTH TO DATE 1211                      1207      4     1139
  SINCE DEC 1   2894                      2763    131     2651
  SINCE JUL 1   5040                      4976     64     4133

 COOLING
  TODAY            0                         0      0        0
  MONTH TO DATE    0                         0      0        0
  SINCE DEC 1      0                         0      0        0
  SINCE JAN 1      0                         0      0        0
..................................................................


WIND (MPH)
  HIGHEST WIND SPEED    23   HIGHEST WIND DIRECTION    NE (60)
  HIGHEST GUST SPEED    29   HIGHEST GUST DIRECTION     E (70)
  AVERAGE WIND SPEED    16.3


SKY COVER
  AVERAGE SKY COVER 1.0


WEATHER CONDITIONS
 THE FOLLOWING WEATHER WAS RECORDED TODAY.
  LT FREEZING RAIN
  SNOW
  LIGHT SNOW
  FOG


RELATIVE HUMIDITY (PERCENT)
 HIGHEST   100           100 AM
 LOWEST     88           800 AM
 AVERAGE    94

..........................................................


THE DULUTH CLIMATE NORMALS FOR TOMORROW
                         NORMAL    RECORD    YEAR
 MAXIMUM TEMPERATURE (F)   19        55      1942
 MINIMUM TEMPERATURE (F)    1       -38      1935


SUNRISE AND SUNSET
JANUARY 22 2018.......SUNRISE   744 AM CST   SUNSET   457 PM CST
JANUARY 23 2018.......SUNRISE   743 AM CST   SUNSET   459 PM CST


-  INDICATES NEGATIVE NUMBERS.
R  INDICATES RECORD WAS SET OR TIED.
MM INDICATES DATA IS MISSING.
T  INDICATES TRACE AMOUNT.




$$
