000
CDUS45 KTFX 301014
CLIDLN


CLIMATE REPORT
NATIONAL WEATHER SERVICE GREAT FALLS MT
413 AM MDT SUN AUG 30 2015


...................................

...THE DILLON AIRPORT MT CLIMATE SUMMARY FOR AUGUST 29 2015...

CLIMATE NORMAL PERIOD 1981 TO 2010
CLIMATE RECORD PERIOD 1929 TO 2015


WEATHER ITEM   OBSERVED TIME   RECORD YEAR NORMAL DEPARTURE LAST
                VALUE   (LST)  VALUE       VALUE  FROM      YEAR
                                                  NORMAL
..................................................................
TEMPERATURE (F)
 YESTERDAY
  MAXIMUM         91R   219 PM  91    2005  78     13       83
                                      1988
  MINIMUM         57    618 AM  34    1980  45     12       50
  AVERAGE         74                        61     13       67

PRECIPITATION (IN)
  YESTERDAY        0.00          0.54 1971   0.04  -0.04     0.01
  MONTH TO DATE    0.28                      0.98  -0.70     2.51
  SINCE OCT 1      7.85                      9.63  -1.78     9.09
  SINCE JAN 1      6.69                      8.23  -1.54     8.60

SNOWFALL (IN)
  YESTERDAY       MM
  SNOW DEPTH       0

DEGREE DAYS
 HEATING
  YESTERDAY        0                               -5        0
  MONTH TO DATE   54                              -17       64
  SINCE JUN 1    179                             -170      330
  SINCE JUL 1    103                              -23       80

 COOLING
  YESTERDAY        9                                8        2
  MONTH TO DATE   96                               45       52
  SINCE JUN 1    239                               95      164
  SINCE JAN 1    239                               94      164
..................................................................


WIND (MPH)
  HIGHEST WIND SPEED    35   HIGHEST WIND DIRECTION     S (170)
  HIGHEST GUST SPEED    46   HIGHEST GUST DIRECTION     S (160)
  AVERAGE WIND SPEED    12.5


SKY COVER
  AVERAGE SKY COVER 0.1


WEATHER CONDITIONS
 THE FOLLOWING WEATHER WAS RECORDED YESTERDAY.
  HAZE


RELATIVE HUMIDITY (PERCENT)
 HIGHEST    53
 LOWEST     15
 AVERAGE    34

..........................................................


THE DILLON AIRPORT MT CLIMATE NORMALS FOR TODAY
                         NORMAL    RECORD    YEAR
 MAXIMUM TEMPERATURE (F)   77        93      1954
 MINIMUM TEMPERATURE (F)   45        31      1965


SUNRISE AND SUNSET
AUGUST 30 2015........SUNRISE   649 AM MDT   SUNSET   812 PM MDT
AUGUST 31 2015........SUNRISE   650 AM MDT   SUNSET   810 PM MDT


-  INDICATES NEGATIVE NUMBERS.
R  INDICATES RECORD WAS SET OR TIED.
MM INDICATES DATA IS MISSING.
T  INDICATES TRACE AMOUNT.




$$
