000
CDUS45 KTFX 112323
CLIDLN


CLIMATE REPORT
NATIONAL WEATHER SERVICE GREAT FALLS MT
422 PM MST THU FEB 11 2016


...................................

...THE DILLON AIRPORT MT CLIMATE SUMMARY FOR FEBRUARY 11 2016...
VALID TODAY AS OF 0400 PM LOCAL TIME.

CLIMATE NORMAL PERIOD 1981 TO 2010
CLIMATE RECORD PERIOD 1929 TO 2016


WEATHER ITEM   OBSERVED TIME   RECORD YEAR NORMAL DEPARTURE LAST
                VALUE   (LST)  VALUE       VALUE  FROM      YEAR
                                                  NORMAL
..................................................................
TEMPERATURE (F)
 TODAY
  MAXIMUM         44    346 PM  58    1991  36      8       52
  MINIMUM         32    627 AM -23    1948  14     18       27
  AVERAGE         38                        25     13       40

PRECIPITATION (IN)
  TODAY            0.00          0.31 1949   0.01  -0.01     0.00
  MONTH TO DATE    0.00                      0.08  -0.08     0.13
  SINCE OCT 1      2.13                      1.76   0.37     1.29
  SINCE JAN 1      0.05                      0.36  -0.31     0.13

DEGREE DAYS
 HEATING
  TODAY           27                        40    -13       25
  MONTH TO DATE  414                       447    -33      276
  SINCE DEC 1   3080                      3127    -47     2540
  SINCE JUL 1   5003                      5278   -275     4514

 COOLING
  TODAY            0                         0      0        0
  MONTH TO DATE    0                         0      0        0
  SINCE DEC 1      0                         0      0        0
  SINCE JAN 1      0                         0      0        0
..................................................................


WIND (MPH)
  HIGHEST WIND SPEED    29   HIGHEST WIND DIRECTION    SW (220)
  HIGHEST GUST SPEED    33   HIGHEST GUST DIRECTION    SW (220)
  AVERAGE WIND SPEED    17.8


SKY COVER
  AVERAGE SKY COVER 0.6


WEATHER CONDITIONS
 THE FOLLOWING WEATHER WAS RECORDED TODAY.
  NO SIGNIFICANT WEATHER WAS OBSERVED.


RELATIVE HUMIDITY (PERCENT)
 HIGHEST    75
 LOWEST     53
 AVERAGE    64

..........................................................


THE DILLON AIRPORT MT CLIMATE NORMALS FOR TOMORROW
                         NORMAL    RECORD    YEAR
 MAXIMUM TEMPERATURE (F)   36        59      2015
 MINIMUM TEMPERATURE (F)   14       -25      1949


SUNRISE AND SUNSET
FEBRUARY 11 2016......SUNRISE   738 AM MST   SUNSET   551 PM MST
FEBRUARY 12 2016......SUNRISE   737 AM MST   SUNSET   553 PM MST


-  INDICATES NEGATIVE NUMBERS.
R  INDICATES RECORD WAS SET OR TIED.
MM INDICATES DATA IS MISSING.
T  INDICATES TRACE AMOUNT.




$$
