000
CDUS45 KTFX 171053
CLIDLN


CLIMATE REPORT
NATIONAL WEATHER SERVICE GREAT FALLS MT
352 AM MST WED JAN 17 2018


...................................

...THE DILLON AIRPORT MT CLIMATE SUMMARY FOR JANUARY 16 2018...

CLIMATE NORMAL PERIOD 1981 TO 2010
CLIMATE RECORD PERIOD 1929 TO 2018


WEATHER ITEM   OBSERVED TIME   RECORD YEAR NORMAL DEPARTURE LAST
                VALUE   (LST)  VALUE       VALUE  FROM      YEAR
                                                  NORMAL
..................................................................
TEMPERATURE (F)
 YESTERDAY
  MAXIMUM         37    352 PM  52    1974  33      4       24
  MINIMUM         15    647 AM -24    1957  13      2       -8
  AVERAGE         26                        23      3        8

PRECIPITATION (IN)
  YESTERDAY        0.00          0.16 1952   0.01  -0.01     0.00
  MONTH TO DATE    0.03                      0.15  -0.12     0.05
  SINCE OCT 1      1.16                      1.55  -0.39     2.59
  SINCE JAN 1      0.03                      0.15  -0.12     0.05

SNOWFALL (IN)
  YESTERDAY       MM
  SNOW DEPTH       0

DEGREE DAYS
 HEATING
  YESTERDAY       39                               -3       57
  MONTH TO DATE  587                              -97      960
  SINCE DEC 1   1940                             -114     2488
  SINCE JUL 1   3983                             -222     4271

 COOLING
  YESTERDAY        0                                0        0
  MONTH TO DATE    0                                0        0
  SINCE DEC 1      0                                0        0
  SINCE JAN 1      0                                0        0
..................................................................


WIND (MPH)
  HIGHEST WIND SPEED    15   HIGHEST WIND DIRECTION     S (190)
  HIGHEST GUST SPEED    18   HIGHEST GUST DIRECTION     S (200)
  AVERAGE WIND SPEED     8.0


SKY COVER
  AVERAGE SKY COVER 0.3


WEATHER CONDITIONS
 THE FOLLOWING WEATHER WAS RECORDED YESTERDAY.
  NO SIGNIFICANT WEATHER WAS OBSERVED.


RELATIVE HUMIDITY (PERCENT)
 HIGHEST    84
 LOWEST     44
 AVERAGE    64

..........................................................


THE DILLON AIRPORT MT CLIMATE NORMALS FOR TODAY
                         NORMAL    RECORD    YEAR
 MAXIMUM TEMPERATURE (F)   33        53      1961
 MINIMUM TEMPERATURE (F)   13       -34      1930


SUNRISE AND SUNSET
JANUARY 17 2018.......SUNRISE   804 AM MST   SUNSET   517 PM MST
JANUARY 18 2018.......SUNRISE   804 AM MST   SUNSET   518 PM MST


-  INDICATES NEGATIVE NUMBERS.
R  INDICATES RECORD WAS SET OR TIED.
MM INDICATES DATA IS MISSING.
T  INDICATES TRACE AMOUNT.




$$
