000
CDUS45 KTFX 170954
CLIDLN


CLIMATE REPORT
NATIONAL WEATHER SERVICE GREAT FALLS MT
253 AM MST TUE JAN 17 2017


...................................

...THE DILLON AIRPORT MT CLIMATE SUMMARY FOR JANUARY 16 2017...

CLIMATE NORMAL PERIOD 1981 TO 2010
CLIMATE RECORD PERIOD 1929 TO 2017


WEATHER ITEM   OBSERVED TIME   RECORD YEAR NORMAL DEPARTURE LAST
                VALUE   (LST)  VALUE       VALUE  FROM      YEAR
                                                  NORMAL
..................................................................
TEMPERATURE (F)
 YESTERDAY
  MAXIMUM         38    140 PM  52    1974  33      5       26
  MINIMUM          7    820 AM -24    1957  13     -6       18
  AVERAGE         23                        23      0       22

PRECIPITATION (IN)
  YESTERDAY        0.00          0.16 1952   0.01  -0.01      T
  MONTH TO DATE    0.05                      0.15  -0.10     0.05
  SINCE OCT 1      2.59                      1.55   1.04     2.13
  SINCE JAN 1      0.05                      0.15  -0.10     0.05

SNOWFALL (IN)
  YESTERDAY       MM
  SNOW DEPTH       3

DEGREE DAYS
 HEATING
  YESTERDAY       42                                0       43
  MONTH TO DATE  905                              221      749
  SINCE DEC 1   2433                              379     2087
  SINCE JUL 1   4216                               11     4010

 COOLING
  YESTERDAY        0                                0        0
  MONTH TO DATE    0                                0        0
  SINCE DEC 1      0                                0        0
  SINCE JAN 1      0                                0        0
..................................................................


WIND (MPH)
  HIGHEST WIND SPEED    17   HIGHEST WIND DIRECTION     S (200)
  HIGHEST GUST SPEED    19   HIGHEST GUST DIRECTION     S (200)
  AVERAGE WIND SPEED     8.1


SKY COVER
  AVERAGE SKY COVER 0.0


WEATHER CONDITIONS
 THE FOLLOWING WEATHER WAS RECORDED YESTERDAY.
  NO SIGNIFICANT WEATHER WAS OBSERVED.


RELATIVE HUMIDITY (PERCENT)
 HIGHEST    55
 LOWEST     26
 AVERAGE    41

..........................................................


THE DILLON AIRPORT MT CLIMATE NORMALS FOR TODAY
                         NORMAL    RECORD    YEAR
 MAXIMUM TEMPERATURE (F)   33        53      1961
 MINIMUM TEMPERATURE (F)   13       -34      1930


SUNRISE AND SUNSET
JANUARY 17 2017.......SUNRISE   804 AM MST   SUNSET   517 PM MST
JANUARY 18 2017.......SUNRISE   803 AM MST   SUNSET   518 PM MST


-  INDICATES NEGATIVE NUMBERS.
R  INDICATES RECORD WAS SET OR TIED.
MM INDICATES DATA IS MISSING.
T  INDICATES TRACE AMOUNT.




$$
