000
CDUS45 KTFX 230945
CLIDLN


CLIMATE REPORT
NATIONAL WEATHER SERVICE GREAT FALLS MT
344 AM MDT TUE MAY 23 2017


...................................

...THE DILLON AIRPORT MT CLIMATE SUMMARY FOR MAY 22 2017...

CLIMATE NORMAL PERIOD 1981 TO 2010
CLIMATE RECORD PERIOD 1929 TO 2017


WEATHER ITEM   OBSERVED TIME   RECORD YEAR NORMAL DEPARTURE LAST
                VALUE   (LST)  VALUE       VALUE  FROM      YEAR
                                                  NORMAL
..................................................................
TEMPERATURE (F)
 YESTERDAY
  MAXIMUM         71    253 PM  85    1967  65      6       57
  MINIMUM         36    534 AM  29    2002  39     -3       35
  AVERAGE         54                        52      2       46

PRECIPITATION (IN)
  YESTERDAY        0.00          1.02 2008   0.07  -0.07     0.00
  MONTH TO DATE    1.49                      1.24   0.25     1.54
  SINCE OCT 1      6.77                      4.76   2.01     5.34
  SINCE JAN 1      4.23                      3.36   0.87     3.26

SNOWFALL (IN)
  YESTERDAY       MM
  SNOW DEPTH       0

DEGREE DAYS
 HEATING
  YESTERDAY       11                               -2       19
  MONTH TO DATE  332                              -15      341
  SINCE MAR 1   1748                             -251     1746
  SINCE JUL 1   7703                             -213     7246

 COOLING
  YESTERDAY        0                                0        0
  MONTH TO DATE    0                                0        0
  SINCE MAR 1      0                                0        0
  SINCE JAN 1      0                                0        0
..................................................................


WIND (MPH)
  HIGHEST WIND SPEED    21   HIGHEST WIND DIRECTION    NE (30)
  HIGHEST GUST SPEED    24   HIGHEST GUST DIRECTION    NE (40)
  AVERAGE WIND SPEED     9.0


SKY COVER
  AVERAGE SKY COVER 0.2


WEATHER CONDITIONS
 THE FOLLOWING WEATHER WAS RECORDED YESTERDAY.
  NO SIGNIFICANT WEATHER WAS OBSERVED.


RELATIVE HUMIDITY (PERCENT)
 HIGHEST    76
 LOWEST     25
 AVERAGE    51

..........................................................


THE DILLON AIRPORT MT CLIMATE NORMALS FOR TODAY
                         NORMAL    RECORD    YEAR
 MAXIMUM TEMPERATURE (F)   66        87      1992
 MINIMUM TEMPERATURE (F)   39        23      1986


SUNRISE AND SUNSET
MAY 23 2017...........SUNRISE   552 AM MDT   SUNSET   903 PM MDT
MAY 24 2017...........SUNRISE   551 AM MDT   SUNSET   904 PM MDT


-  INDICATES NEGATIVE NUMBERS.
R  INDICATES RECORD WAS SET OR TIED.
MM INDICATES DATA IS MISSING.
T  INDICATES TRACE AMOUNT.




$$
