000
CDUS45 KTFX 021022
CLIDLN


CLIMATE REPORT
NATIONAL WEATHER SERVICE GREAT FALLS MT
419 AM MDT THU JUL 2 2015


...................................

...THE DILLON AIRPORT MT CLIMATE SUMMARY FOR JULY 1 2015...

CLIMATE NORMAL PERIOD 1981 TO 2010
CLIMATE RECORD PERIOD 1929 TO 2015


WEATHER ITEM   OBSERVED TIME   RECORD YEAR NORMAL DEPARTURE LAST
                VALUE   (LST)  VALUE       VALUE  FROM      YEAR
                                                  NORMAL
..................................................................
TEMPERATURE (F)
 YESTERDAY
  MAXIMUM         93R   414 PM  92    2013  78     15       77
                                      1985
  MINIMUM         58    340 AM  36    1955  47     11       41
  AVERAGE         76                        63     13       59

PRECIPITATION (IN)
  YESTERDAY        0.00          0.56 1940   0.04  -0.04     0.00
  MONTH TO DATE    0.00                      0.04  -0.04     0.00
  SINCE OCT 1      6.26                      7.48  -1.22     5.95
  SINCE JAN 1      5.10                      6.08  -0.98     5.46

SNOWFALL (IN)
  YESTERDAY       MM
  SNOW DEPTH       0

DEGREE DAYS
 HEATING
  YESTERDAY        0                               -4        6
  MONTH TO DATE    0                               -4        6
  SINCE JUN 1     76                             -151      256
  SINCE JUL 1      0                               -4        6

 COOLING
  YESTERDAY       11                               10        0
  MONTH TO DATE   11                               10        0
  SINCE JUN 1     86                               69        0
  SINCE JAN 1     86                               68        0
..................................................................


WIND (MPH)
  HIGHEST WIND SPEED    15   HIGHEST WIND DIRECTION    SW (240)
  HIGHEST GUST SPEED    19   HIGHEST GUST DIRECTION    SW (240)
  AVERAGE WIND SPEED     6.2


SKY COVER
  AVERAGE SKY COVER 0.1


WEATHER CONDITIONS
 THE FOLLOWING WEATHER WAS RECORDED YESTERDAY.
  HAZE


RELATIVE HUMIDITY (PERCENT)
 HIGHEST    69
 LOWEST     21
 AVERAGE    45

..........................................................


THE DILLON AIRPORT MT CLIMATE NORMALS FOR TODAY
                         NORMAL    RECORD    YEAR
 MAXIMUM TEMPERATURE (F)   79        94      2013
                                             1986
 MINIMUM TEMPERATURE (F)   48        33      1955


SUNRISE AND SUNSET
JULY  2 2015..........SUNRISE   547 AM MDT   SUNSET   921 PM MDT
JULY  3 2015..........SUNRISE   547 AM MDT   SUNSET   921 PM MDT


-  INDICATES NEGATIVE NUMBERS.
R  INDICATES RECORD WAS SET OR TIED.
MM INDICATES DATA IS MISSING.
T  INDICATES TRACE AMOUNT.




$$
