000
CDUS41 KLWX 262135
CLIDMH


CLIMATE REPORT
NATIONAL WEATHER SERVICE BALTIMORE MD/WASHINGTON DC
534 PM EDT WED JUL 26 2017


...................................

...THE BALTIMORE INNER HARBOR MD CLIMATE SUMMARY FOR JULY 26 2017...
VALID TODAY AS OF 0500 PM LOCAL TIME.

CLIMATE NORMAL PERIOD 1981 TO 2010
CLIMATE RECORD PERIOD 1999 TO 2017


WEATHER ITEM   OBSERVED TIME   RECORD YEAR NORMAL DEPARTURE LAST
                VALUE   (LST)  VALUE       VALUE  FROM      YEAR
                                                  NORMAL
..................................................................
TEMPERATURE (F)
 TODAY
  MAXIMUM         83    408 PM  MM      MM  89     -6       95
  MINIMUM         70    540 AM  MM      MM  73     -3       79
  AVERAGE         77                        81     -4       87

PRECIPITATION (IN)
  TODAY            0.00         MM      MM   0.15  -0.15     0.00
  MONTH TO DATE    2.19                      3.92  -1.73     1.08
  SINCE JUN 1      2.92                      7.19  -4.27     4.56
  SINCE JAN 1     17.84                     23.28  -5.44    20.74

DEGREE DAYS
 HEATING
  TODAY            0                         0      0        0
  MONTH TO DATE    0                         0      0        0
  SINCE JUN 1      2                         5     -3        0
  SINCE JUL 1      0                         0      0        0

 COOLING
  TODAY           12                        16     -4       22
  MONTH TO DATE  491                       413     78      468
  SINCE JUN 1    892                       750    142      792
  SINCE JAN 1   1069                       889    180      929
..................................................................


WIND (MPH)
  HIGHEST WIND SPEED    MM   HIGHEST WIND DIRECTION    MM
  HIGHEST GUST SPEED    MM   HIGHEST GUST DIRECTION    MM
  AVERAGE WIND SPEED    MM


SKY COVER
  POSSIBLE SUNSHINE  MM



RELATIVE HUMIDITY (PERCENT)
 HIGHEST    90           400 AM
 LOWEST     55           300 PM
 AVERAGE    73

..........................................................


THE BALTIMORE INNER HARBOR MD CLIMATE NORMALS FOR TOMORROW
                         NORMAL    RECORD    YEAR
 MAXIMUM TEMPERATURE (F)   88        MM        MM
 MINIMUM TEMPERATURE (F)   73        MM        MM


SUNRISE AND SUNSET
JULY 26 2017..........SUNRISE   601 AM EDT   SUNSET   824 PM EDT
JULY 27 2017..........SUNRISE   602 AM EDT   SUNSET   823 PM EDT


-  INDICATES NEGATIVE NUMBERS.
R  INDICATES RECORD WAS SET OR TIED.
MM INDICATES DATA IS MISSING.
T  INDICATES TRACE AMOUNT.




$$
