000
CDUS41 KLWX 300526
CLIDMH


CLIMATE REPORT
NATIONAL WEATHER SERVICE BALTIMORE MD/WASHINGTON DC
124 AM EDT SUN AUG 30 2015


...................................

...THE BALTIMORE INNER HARBOR MD CLIMATE SUMMARY FOR AUGUST 29 2015...

CLIMATE NORMAL PERIOD 1981 TO 2010
CLIMATE RECORD PERIOD 9999 TO 9999


WEATHER ITEM   OBSERVED TIME   RECORD YEAR NORMAL DEPARTURE LAST
                VALUE   (LST)  VALUE       VALUE  FROM      YEAR
                                                  NORMAL
..................................................................
TEMPERATURE (F)
 YESTERDAY
  MAXIMUM         86    341 PM  MM      MM  86      0       78
  MINIMUM         68    612 AM  MM      MM  69     -1       64
  AVERAGE         77                        78     -1       71

PRECIPITATION (IN)
  YESTERDAY        0.00         MM      MM   0.11  -0.11     0.00
  MONTH TO DATE    2.08                      3.17  -1.09     6.32
  SINCE JUN 1     12.16                     11.06   1.10    16.53
  SINCE JAN 1     28.50                     27.15   1.35    39.58

DEGREE DAYS
 HEATING
  YESTERDAY        0                         0      0        0
  MONTH TO DATE    0                         0      0        0
  SINCE JUN 1     10                         5      5        0
  SINCE JUL 1      0                         0      0        0

 COOLING
  YESTERDAY       12                        13     -1        6
  MONTH TO DATE  394                       409    -15      307
  SINCE JUN 1   1210                      1234    -24     1057
  SINCE JAN 1   1456                      1373     83     1187
..................................................................


WIND (MPH)
  HIGHEST WIND SPEED    MM   HIGHEST WIND DIRECTION    MM
  HIGHEST GUST SPEED    MM   HIGHEST GUST DIRECTION    MM
  AVERAGE WIND SPEED    MM


SKY COVER
  POSSIBLE SUNSHINE  MM



RELATIVE HUMIDITY (PERCENT)
 HIGHEST    73           600 AM
 LOWEST     44          1200 PM
 AVERAGE    59

..........................................................


THE BALTIMORE INNER HARBOR MD CLIMATE NORMALS FOR TODAY
                         NORMAL
 MAXIMUM TEMPERATURE (F)   86
 MINIMUM TEMPERATURE (F)   69


SUNRISE AND SUNSET
AUGUST 30 2015........SUNRISE   633 AM EDT   SUNSET   741 PM EDT
AUGUST 31 2015........SUNRISE   634 AM EDT   SUNSET   739 PM EDT


-  INDICATES NEGATIVE NUMBERS.
R  INDICATES RECORD WAS SET OR TIED.
MM INDICATES DATA IS MISSING.
T  INDICATES TRACE AMOUNT.




$$
