000
CDUS41 KLWX 270525
CLIDMH


CLIMATE REPORT
NATIONAL WEATHER SERVICE BALTIMORE MD/WASHINGTON DC
125 AM EDT FRI MAR 27 2015


...................................

...THE BALTIMORE INNER HARBOR MD CLIMATE SUMMARY FOR MARCH 26 2015...

CLIMATE NORMAL PERIOD 1981 TO 2010
CLIMATE RECORD PERIOD 9999 TO 9999


WEATHER ITEM   OBSERVED TIME   RECORD YEAR NORMAL DEPARTURE LAST
                VALUE   (LST)  VALUE       VALUE  FROM      YEAR
                                                  NORMAL
..................................................................
TEMPERATURE (F)
 YESTERDAY
  MAXIMUM         70    350 PM  MM      MM  58     12       37
  MINIMUM         43   1233 AM  MM      MM  42      1       30
  AVERAGE         57                        50      7       34

PRECIPITATION (IN)
  YESTERDAY        0.37         MM      MM   0.16   0.21     0.00
  MONTH TO DATE    3.86                      3.13   0.73     1.58
  SINCE MAR 1      3.86                      3.13   0.73     1.58
  SINCE JAN 1      9.68                      8.65   1.03     7.91

DEGREE DAYS
 HEATING
  YESTERDAY        8                        15     -7       31
  MONTH TO DATE  507                       505      2      654
  SINCE MAR 1    507                       505      2      654
  SINCE JUL 1   4021                      3593    428     3724

 COOLING
  YESTERDAY        0                         0      0        0
  MONTH TO DATE    0                         0      0        0
  SINCE MAR 1      0                         0      0        0
  SINCE JAN 1      0                         0      0        0
..................................................................


WIND (MPH)
  HIGHEST WIND SPEED    MM   HIGHEST WIND DIRECTION    MM
  HIGHEST GUST SPEED    MM   HIGHEST GUST DIRECTION    MM
  AVERAGE WIND SPEED    MM


SKY COVER
  POSSIBLE SUNSHINE  MM



RELATIVE HUMIDITY (PERCENT)
 HIGHEST    93          1100 AM
 LOWEST     63           800 AM
 AVERAGE    78

..........................................................


THE BALTIMORE INNER HARBOR MD CLIMATE NORMALS FOR TODAY
                         NORMAL
 MAXIMUM TEMPERATURE (F)   58
 MINIMUM TEMPERATURE (F)   42


SUNRISE AND SUNSET
MARCH 27 2015.........SUNRISE   659 AM EDT   SUNSET   725 PM EDT
MARCH 28 2015.........SUNRISE   658 AM EDT   SUNSET   726 PM EDT


-  INDICATES NEGATIVE NUMBERS.
R  INDICATES RECORD WAS SET OR TIED.
MM INDICATES DATA IS MISSING.
T  INDICATES TRACE AMOUNT.




$$
