000
CDUS41 KLWX 240522
CLIDMH


CLIMATE REPORT
NATIONAL WEATHER SERVICE BALTIMORE MD/WASHINGTON DC
120 AM EDT THU APR 24 2014


...................................

...THE BALTIMORE INNER HARBOR MD CLIMATE SUMMARY FOR APRIL 23 2014...

CLIMATE NORMAL PERIOD 1981 TO 2010
CLIMATE RECORD PERIOD 9999 TO 9999


WEATHER ITEM   OBSERVED TIME   RECORD YEAR NORMAL DEPARTURE LAST
                VALUE   (LST)  VALUE       VALUE  FROM      YEAR
                                                  NORMAL
..................................................................
TEMPERATURE (F)
 YESTERDAY
  MAXIMUM         59        MM  MM      MM  68     -9       65
  MINIMUM         47        MM  MM      MM  50     -3       49
  AVERAGE         53                        59     -6       57

PRECIPITATION (IN)
  YESTERDAY        0.00         MM      MM   0.10  -0.10     0.00
  MONTH TO DATE    3.00                      2.52   0.48     1.68
  SINCE MAR 1      7.20                      6.38   0.82     3.95
  SINCE JAN 1     13.53                     11.90   1.63     9.80

DEGREE DAYS
 HEATING
  YESTERDAY       12                         7      5        8
  MONTH TO DATE  228                       236     -8      164
  SINCE MAR 1    962                       815    147      760
  SINCE JUL 1   4032                      3903    129     3311

 COOLING
  YESTERDAY        0                         1     -1        0
  MONTH TO DATE   14                        16     -2       51
  SINCE MAR 1     14                        17     -3       51
  SINCE JAN 1     14                        17     -3       51
..................................................................


WIND (MPH)
  HIGHEST WIND SPEED    MM   HIGHEST WIND DIRECTION    MM
  HIGHEST GUST SPEED    MM   HIGHEST GUST DIRECTION    MM
  AVERAGE WIND SPEED    MM


SKY COVER
  POSSIBLE SUNSHINE  MM



RELATIVE HUMIDITY (PERCENT)
 HIGHEST    62          1200 AM
 LOWEST     40           100 PM
 AVERAGE    51

..........................................................


THE BALTIMORE INNER HARBOR MD CLIMATE NORMALS FOR TODAY
                         NORMAL
 MAXIMUM TEMPERATURE (F)   69
 MINIMUM TEMPERATURE (F)   50


SUNRISE AND SUNSET
APRIL 24 2014.........SUNRISE   617 AM EDT   SUNSET   753 PM EDT
APRIL 25 2014.........SUNRISE   616 AM EDT   SUNSET   754 PM EDT


-  INDICATES NEGATIVE NUMBERS.
R  INDICATES RECORD WAS SET OR TIED.
MM INDICATES DATA IS MISSING.
T  INDICATES TRACE AMOUNT.




$$
