000
CDUS45 KEPZ 040930
CLIDMN


CLIMATE REPORT
NATIONAL WEATHER SERVICE EL PASO, TX
229 AM MST SUN DEC 4 2016


...................................

...THE DEMING CLIMATE SUMMARY FOR DECEMBER 3 2016...

CLIMATE NORMAL PERIOD 1981 TO 2010
CLIMATE RECORD PERIOD 2000 TO 2016


WEATHER ITEM   OBSERVED TIME   NORMAL DEPARTURE LAST
                VALUE   (LST)  VALUE  FROM      YEAR
                                      NORMAL
......................................................
TEMPERATURE (F)
 YESTERDAY
  MAXIMUM         46    316 PM  59              60
  MINIMUM         36    714 AM  29              21
  AVERAGE         41            44     -3       41

PRECIPITATION (IN)
  YESTERDAY        0.22          0.03   0.19     0.00
  MONTH TO DATE    0.26          0.09   0.17     0.00
  SINCE DEC 1      0.26          0.09   0.17     0.00
  SINCE JAN 1      6.49         10.75  -4.26    12.00

......................................................


WIND (MPH)
  HIGHEST WIND SPEED    32   HIGHEST WIND DIRECTION    NE (40)
  HIGHEST GUST SPEED    41   HIGHEST GUST DIRECTION    NE (40)
  AVERAGE WIND SPEED    13.1


SKY COVER
  AVERAGE SKY COVER 0.8


WEATHER CONDITIONS
 THE FOLLOWING WEATHER WAS RECORDED YESTERDAY.
  RAIN
  LIGHT RAIN
  FOG


RELATIVE HUMIDITY (PERCENT)
 HIGHEST    92          1100 PM
 LOWEST     70          1100 AM
 AVERAGE    81

..........................................................


THE DEMING CLIMATE NORMALS FOR TODAY
                         NORMAL
 MAXIMUM TEMPERATURE (F)   59
 MINIMUM TEMPERATURE (F)   28


SUNRISE AND SUNSET
DECEMBER  4 2016......SUNRISE   657 AM MST   SUNSET   506 PM MST
DECEMBER  5 2016......SUNRISE   658 AM MST   SUNSET   506 PM MST


-  INDICATES NEGATIVE NUMBERS.
R  INDICATES RECORD WAS SET OR TIED.
MM INDICATES DATA IS MISSING.
T  INDICATES TRACE AMOUNT.




$$
