000
CDUS45 KEPZ 250927
CLIDMN


CLIMATE REPORT
NATIONAL WEATHER SERVICE EL PASO, TX
326 AM MDT SUN JUN 25 2017


...................................

...THE DEMING CLIMATE SUMMARY FOR JUNE 24 2017...

CLIMATE NORMAL PERIOD 1981 TO 2010
CLIMATE RECORD PERIOD 2000 TO 2017


WEATHER ITEM   OBSERVED TIME   NORMAL DEPARTURE LAST
                VALUE   (LST)  VALUE  FROM      YEAR
                                      NORMAL
......................................................
TEMPERATURE (F)
 YESTERDAY
  MAXIMUM         99    338 PM  97             101
  MINIMUM         68   1128 PM  62              70
  AVERAGE         84            80      4       86

PRECIPITATION (IN)
  YESTERDAY        0.02          0.04  -0.02     0.02
  MONTH TO DATE    0.53          0.39   0.14     0.38
  SINCE JUN 1      0.53          0.39   0.14     0.38
  SINCE JAN 1      3.72          2.80   0.92     1.57

......................................................


WIND (MPH)
  HIGHEST WIND SPEED    43   HIGHEST WIND DIRECTION    NE (40)
  HIGHEST GUST SPEED    55   HIGHEST GUST DIRECTION     E (70)
  AVERAGE WIND SPEED    13.5


SKY COVER
  AVERAGE SKY COVER 0.1


WEATHER CONDITIONS
 THE FOLLOWING WEATHER WAS RECORDED YESTERDAY.
  THUNDERSTORM
  LIGHT RAIN


RELATIVE HUMIDITY (PERCENT)
 HIGHEST    78           900 PM
 LOWEST     21           200 PM
 AVERAGE    50

..........................................................


THE DEMING CLIMATE NORMALS FOR TODAY
                         NORMAL
 MAXIMUM TEMPERATURE (F)   97
 MINIMUM TEMPERATURE (F)   62


SUNRISE AND SUNSET
JUNE 25 2017..........SUNRISE   606 AM MDT   SUNSET   821 PM MDT
JUNE 26 2017..........SUNRISE   606 AM MDT   SUNSET   821 PM MDT


-  INDICATES NEGATIVE NUMBERS.
R  INDICATES RECORD WAS SET OR TIED.
MM INDICATES DATA IS MISSING.
T  INDICATES TRACE AMOUNT.




$$
