511
CDUS45 KEPZ 200935
CLIDMN


CLIMATE REPORT
NATIONAL WEATHER SERVICE EL PASO, TX
234 AM MST FRI JAN 20 2017


...................................

...THE DEMING CLIMATE SUMMARY FOR JANUARY 19 2017...

CLIMATE NORMAL PERIOD 1981 TO 2010
CLIMATE RECORD PERIOD 2000 TO 2017


WEATHER ITEM   OBSERVED TIME   NORMAL DEPARTURE LAST
                VALUE   (LST)  VALUE  FROM      YEAR
                                      NORMAL
......................................................
TEMPERATURE (F)
 YESTERDAY
  MAXIMUM         53    206 PM  57              65
  MINIMUM         33    724 AM  27              30
  AVERAGE         43            42      1       48

PRECIPITATION (IN)
  YESTERDAY        0.00          0.02  -0.02     0.00
  MONTH TO DATE    2.01          0.35   1.66     0.42
  SINCE DEC 1      3.80          1.24   2.56     0.78
  SINCE JAN 1      2.01          0.35   1.66     0.42

......................................................


WIND (MPH)
  HIGHEST WIND SPEED    26   HIGHEST WIND DIRECTION     W (270)
  HIGHEST GUST SPEED    34   HIGHEST GUST DIRECTION     W (280)
  AVERAGE WIND SPEED    10.9


SKY COVER
  AVERAGE SKY COVER 0.1


WEATHER CONDITIONS
 THE FOLLOWING WEATHER WAS RECORDED YESTERDAY.
  NO SIGNIFICANT WEATHER WAS OBSERVED.


RELATIVE HUMIDITY (PERCENT)
 HIGHEST    96           600 AM
 LOWEST     38           400 PM
 AVERAGE    67

..........................................................


THE DEMING CLIMATE NORMALS FOR TODAY
                         NORMAL
 MAXIMUM TEMPERATURE (F)   58
 MINIMUM TEMPERATURE (F)   28


SUNRISE AND SUNSET
JANUARY 20 2017.......SUNRISE   711 AM MST   SUNSET   534 PM MST
JANUARY 21 2017.......SUNRISE   710 AM MST   SUNSET   534 PM MST


-  INDICATES NEGATIVE NUMBERS.
R  INDICATES RECORD WAS SET OR TIED.
MM INDICATES DATA IS MISSING.
T  INDICATES TRACE AMOUNT.




$$
