000
CDUS45 KEPZ 302328
CLIDMN


CLIMATE REPORT
NATIONAL WEATHER SERVICE EL PASO, TX
527 PM MDT FRI SEP 30 2016


...................................

...THE DEMING CLIMATE SUMMARY FOR SEPTEMBER 30 2016...
VALID TODAY AS OF 0500 PM LOCAL TIME.

CLIMATE NORMAL PERIOD 1981 TO 2010
CLIMATE RECORD PERIOD 2000 TO 2016


WEATHER ITEM   OBSERVED TIME   NORMAL DEPARTURE LAST
                VALUE   (LST)  VALUE  FROM      YEAR
                                      NORMAL
......................................................
TEMPERATURE (F)
 TODAY
  MAXIMUM         78    357 PM  84     -6       92
  MINIMUM         58    701 AM  53      5       61

PRECIPITATION (IN)
  TODAY            0.01          0.04  -0.03     0.00
  MONTH TO DATE    0.67          1.30  -0.63     0.45
  SINCE SEP 1      0.67          1.30  -0.63     0.45
  SINCE JAN 1      6.07          8.89  -2.82     8.95

......................................................


WIND (MPH)
  HIGHEST WIND SPEED    26   HIGHEST WIND DIRECTION    NE (40)
  HIGHEST GUST SPEED    33   HIGHEST GUST DIRECTION    NE (30)


SKY COVER
  AVERAGE SKY COVER 0.5


WEATHER CONDITIONS
 THE FOLLOWING WEATHER WAS RECORDED TODAY.
  THUNDERSTORM
  LIGHT RAIN


RELATIVE HUMIDITY (PERCENT)
 HIGHEST   100           700 AM
 LOWEST     50           400 PM
 AVERAGE    75

..........................................................


THE DEMING CLIMATE NORMALS FOR TOMORROW
                         NORMAL
 MAXIMUM TEMPERATURE (F)   83
 MINIMUM TEMPERATURE (F)   52


SUNRISE AND SUNSET
SEPTEMBER 30 2016.....SUNRISE   704 AM MDT   SUNSET   656 PM MDT
OCTOBER  1 2016.......SUNRISE   705 AM MDT   SUNSET   655 PM MDT


-  INDICATES NEGATIVE NUMBERS.
R  INDICATES RECORD WAS SET OR TIED.
MM INDICATES DATA IS MISSING.
T  INDICATES TRACE AMOUNT.




$$
