000
CDUS43 KEAX 300640
CLIDMO


CLIMATE REPORT
NATIONAL WEATHER SERVICE KANSAS CITY/PLEASANT HILL MO
1240 AM CST FRI JAN 30 2015


...................................

...THE SEDALIA MO CLIMATE SUMMARY FOR JANUARY 29 2015...

CLIMATE NORMAL PERIOD 1981 TO 2010
CLIMATE RECORD PERIOD 9999 TO 9999


WEATHER ITEM   OBSERVED TIME   NORMAL DEPARTURE LAST
                VALUE   (LST)  VALUE  FROM      YEAR
                                      NORMAL
......................................................
TEMPERATURE (F)
 YESTERDAY
  MAXIMUM         58   1219 AM  41     17       40
  MINIMUM         30   1159 PM  24      6       11
  AVERAGE         44            32     12       26

PRECIPITATION (IN)
  YESTERDAY        0.00          0.06  -0.06     0.00
  MONTH TO DATE    0.52          1.54  -1.02     0.22
  SINCE DEC 1      2.46          3.86  -1.40     1.85
  SINCE JAN 1      0.52          1.54  -1.02     0.22

DEGREE DAYS
 HEATING
  YESTERDAY       21            32    -11       39
  MONTH TO DATE  910           973    -63     1115
  SINCE DEC 1   1750          1909   -159     2140
  SINCE JUL 1   2735          2754    -19     3089

 COOLING
  YESTERDAY        0             0      0        0
  MONTH TO DATE    0             0      0        0
  SINCE DEC 1      0             0      0        0
  SINCE JAN 1      0             0      0        0
......................................................


WIND (MPH)
  HIGHEST WIND SPEED    30   HIGHEST WIND DIRECTION    NW (320)
  HIGHEST GUST SPEED    37   HIGHEST GUST DIRECTION    NW (330)
  AVERAGE WIND SPEED    19.1


SKY COVER
  AVERAGE SKY COVER 0.8


WEATHER CONDITIONS
 THE FOLLOWING WEATHER WAS RECORDED YESTERDAY.
  NO SIGNIFICANT WEATHER WAS OBSERVED.


RELATIVE HUMIDITY (PERCENT)
 HIGHEST    79           700 AM
 LOWEST     51           100 AM
 AVERAGE    65

..........................................................


THE SEDALIA MO CLIMATE NORMALS FOR TODAY
                         NORMAL
 MAXIMUM TEMPERATURE (F)   42
 MINIMUM TEMPERATURE (F)   24


SUNRISE AND SUNSET
JANUARY 30 2015.......SUNRISE   720 AM CST   SUNSET   532 PM CST
JANUARY 31 2015.......SUNRISE   719 AM CST   SUNSET   533 PM CST


-  INDICATES NEGATIVE NUMBERS.
R  INDICATES RECORD WAS SET OR TIED.
MM INDICATES DATA IS MISSING.
T  INDICATES TRACE AMOUNT.




$$
