000
CDUS43 KEAX 250636
CLIDMO


CLIMATE REPORT
NATIONAL WEATHER SERVICE KANSAS CITY/PLEASANT HILL MO
1235 AM CST SAT FEB 25 2017


...................................

...THE SEDALIA MO CLIMATE SUMMARY FOR FEBRUARY 24 2017...

CLIMATE NORMAL PERIOD 1981 TO 2010
CLIMATE RECORD PERIOD 9999 TO 9999


WEATHER ITEM   OBSERVED TIME   NORMAL DEPARTURE LAST
                VALUE   (LST)  VALUE  FROM      YEAR
                                      NORMAL
......................................................
TEMPERATURE (F)
 YESTERDAY
  MAXIMUM         64    204 AM  49     15       45
  MINIMUM         27   1159 PM  29     -2       33
  AVERAGE         46            39      7       39

PRECIPITATION (IN)
  YESTERDAY        T             0.07  -0.07      T
  MONTH TO DATE    0.02          1.68  -1.66     0.24
  SINCE DEC 1      1.79          5.67  -3.88     6.35
  SINCE JAN 1      1.01          3.35  -2.34     1.15

DEGREE DAYS
 HEATING
  YESTERDAY       19            26     -7       26
  MONTH TO DATE  427           703   -276      619
  SINCE DEC 1   2300          2673   -373     2257
  SINCE JUL 1   2807          3518   -711     2902

 COOLING
  YESTERDAY        0             0      0        0
  MONTH TO DATE    0             0      0        0
  SINCE DEC 1      0             0      0        0
  SINCE JAN 1      0             0      0        0
......................................................


WIND (MPH)
  HIGHEST WIND SPEED    26   HIGHEST WIND DIRECTION     W (290)
  HIGHEST GUST SPEED    36   HIGHEST GUST DIRECTION     W (290)
  AVERAGE WIND SPEED    17.2


SKY COVER
  AVERAGE SKY COVER 0.8


WEATHER CONDITIONS
 THE FOLLOWING WEATHER WAS RECORDED YESTERDAY.
  LIGHT RAIN
  FOG


RELATIVE HUMIDITY (PERCENT)
 HIGHEST    93           500 AM
 LOWEST     53           200 PM
 AVERAGE    73

..........................................................


THE SEDALIA MO CLIMATE NORMALS FOR TODAY
                         NORMAL
 MAXIMUM TEMPERATURE (F)   49
 MINIMUM TEMPERATURE (F)   30


SUNRISE AND SUNSET
FEBRUARY 25 2017......SUNRISE   650 AM CST   SUNSET   601 PM CST
FEBRUARY 26 2017......SUNRISE   648 AM CST   SUNSET   602 PM CST


-  INDICATES NEGATIVE NUMBERS.
R  INDICATES RECORD WAS SET OR TIED.
MM INDICATES DATA IS MISSING.
T  INDICATES TRACE AMOUNT.




$$
