151
CDUS43 KEAX 300643
CLIDMO


CLIMATE REPORT
NATIONAL WEATHER SERVICE KANSAS CITY/PLEASANT HILL MO
141 AM CDT THU MAR 30 2017


...................................

...THE SEDALIA MO CLIMATE SUMMARY FOR MARCH 29 2017...

CLIMATE NORMAL PERIOD 1981 TO 2010
CLIMATE RECORD PERIOD 9999 TO 9999


WEATHER ITEM   OBSERVED TIME   NORMAL DEPARTURE LAST
                VALUE   (LST)  VALUE  FROM      YEAR
                                      NORMAL
......................................................
TEMPERATURE (F)
 YESTERDAY
  MAXIMUM         64    454 PM  62      2       70
  MINIMUM         51    750 AM  40     11       40
  AVERAGE         58            51      7       55

PRECIPITATION (IN)
  YESTERDAY        0.82          0.09   0.73     0.00
  MONTH TO DATE    3.20          2.43   0.77     1.57
  SINCE MAR 1      3.20          2.43   0.77     1.57
  SINCE JAN 1      4.62          6.03  -1.41     2.72

DEGREE DAYS
 HEATING
  YESTERDAY        7            14     -7       10
  MONTH TO DATE  423           557   -134      378
  SINCE MAR 1    423           557   -134      378
  SINCE JUL 1   3306          4174   -868     3366

 COOLING
  YESTERDAY        0             0      0        0
  MONTH TO DATE    8             0      8        4
  SINCE MAR 1      8             0      8        4
  SINCE JAN 1      8             0      8        4
......................................................


WIND (MPH)
  HIGHEST WIND SPEED    25   HIGHEST WIND DIRECTION     E (80)
  HIGHEST GUST SPEED    36   HIGHEST GUST DIRECTION     E (80)
  AVERAGE WIND SPEED    13.0


SKY COVER
  AVERAGE SKY COVER 0.9


WEATHER CONDITIONS
 THE FOLLOWING WEATHER WAS RECORDED YESTERDAY.
  THUNDERSTORM
  HEAVY RAIN
  RAIN
  LIGHT RAIN
  FOG
  FOG W/VISIBILITY <= 1/4 MILE


RELATIVE HUMIDITY (PERCENT)
 HIGHEST   100           800 AM
 LOWEST     78           300 PM
 AVERAGE    89

..........................................................


THE SEDALIA MO CLIMATE NORMALS FOR TODAY
                         NORMAL
 MAXIMUM TEMPERATURE (F)   62
 MINIMUM TEMPERATURE (F)   41


SUNRISE AND SUNSET
MARCH 30 2017.........SUNRISE   700 AM CDT   SUNSET   734 PM CDT
MARCH 31 2017.........SUNRISE   658 AM CDT   SUNSET   735 PM CDT


-  INDICATES NEGATIVE NUMBERS.
R  INDICATES RECORD WAS SET OR TIED.
MM INDICATES DATA IS MISSING.
T  INDICATES TRACE AMOUNT.




$$
