000
CDUS42 KCAE 220552
CLIDNL


CLIMATE REPORT
NATIONAL WEATHER SERVICE COLUMBIA SC
1252 AM EST MON JAN 22 2018


...................................

...THE AUGUSTA DANIEL FIELD GA CLIMATE SUMMARY FOR JANUARY 21 2018...

CLIMATE NORMAL PERIOD 1981 TO 2010
CLIMATE RECORD PERIOD 9999 TO 9999


WEATHER ITEM   OBSERVED TIME   NORMAL DEPARTURE LAST
                VALUE   (LST)  VALUE  FROM      YEAR
                                      NORMAL
......................................................
TEMPERATURE (F)
 YESTERDAY
  MAXIMUM         72    329 PM  56     16       67
  MINIMUM         41    646 AM  38      3       61
  AVERAGE         57            47     10       64

PRECIPITATION (IN)
  YESTERDAY        0.00          0.14  -0.14     0.79
  MONTH TO DATE    0.82          2.61  -1.79     7.85
  SINCE DEC 1      4.82          6.23  -1.41    12.06
  SINCE JAN 1      0.82          2.61  -1.79     7.85

DEGREE DAYS
 HEATING
  YESTERDAY        8            18    -10        1
  MONTH TO DATE  466           393     73      174
  SINCE DEC 1    886           898    -12      569
  SINCE JUL 1   1148          1232    -84      738

 COOLING
  YESTERDAY        0             0      0        0
  MONTH TO DATE    2             0      2       15
  SINCE DEC 1      5             5      0       19
  SINCE JAN 1      2             0      2       15
......................................................


WIND (MPH)
  HIGHEST WIND SPEED     9   HIGHEST WIND DIRECTION     E (90)
  HIGHEST GUST SPEED    11   HIGHEST GUST DIRECTION     E (100)
  AVERAGE WIND SPEED     2.3


SKY COVER
  AVERAGE SKY COVER 0.0


WEATHER CONDITIONS
 THE FOLLOWING WEATHER WAS RECORDED YESTERDAY.
  NO SIGNIFICANT WEATHER WAS OBSERVED.


RELATIVE HUMIDITY (PERCENT)
 HIGHEST    82           500 AM
 LOWEST     35           300 PM

..........................................................


THE AUGUSTA DANIEL FIELD GA CLIMATE NORMALS FOR TODAY
                         NORMAL    RECORD    YEAR
 MAXIMUM TEMPERATURE (F)   56        MM        MM
 MINIMUM TEMPERATURE (F)   38        MM        MM


SUNRISE AND SUNSET
JANUARY 22 2018.......SUNRISE   730 AM EST   SUNSET   550 PM EST
JANUARY 23 2018.......SUNRISE   729 AM EST   SUNSET   551 PM EST


-  INDICATES NEGATIVE NUMBERS.
R  INDICATES RECORD WAS SET OR TIED.
MM INDICATES DATA IS MISSING.
T  INDICATES TRACE AMOUNT.




$$
