000
CDUS42 KCAE 270644
CLIDNL


CLIMATE REPORT
NATIONAL WEATHER SERVICE COLUMBIA SC
144 AM EST MON FEB 27 2017


...................................

...THE AUGUSTA DANIEL FIELD GA CLIMATE SUMMARY FOR FEBRUARY 26 2017...

CLIMATE NORMAL PERIOD 1981 TO 2010
CLIMATE RECORD PERIOD 9999 TO 9999


WEATHER ITEM   OBSERVED TIME   NORMAL DEPARTURE LAST
                VALUE   (LST)  VALUE  FROM      YEAR
                                      NORMAL
......................................................
TEMPERATURE (F)
 YESTERDAY
  MAXIMUM         66    502 PM  63      3       57
  MINIMUM         41    715 AM  43     -2       37
  AVERAGE         54            53      1       47

PRECIPITATION (IN)
  YESTERDAY        0.00          0.17  -0.17     0.00
  MONTH TO DATE    1.82          3.70  -1.88     2.94
  SINCE DEC 1     16.53         11.53   5.00    10.09
  SINCE JAN 1     12.32          7.91   4.41     4.61

DEGREE DAYS
 HEATING
  YESTERDAY       11            12     -1       18
  MONTH TO DATE  148           384   -236      340
  SINCE DEC 1    831          1456   -625     1082
  SINCE JUL 1   1000          1790   -790     1273

 COOLING
  YESTERDAY        0             0      0        0
  MONTH TO DATE   16             0     16        6
  SINCE DEC 1     35             6     29       70
  SINCE JAN 1     31             1     30        6
......................................................


WIND (MPH)
  HIGHEST WIND SPEED    16   HIGHEST WIND DIRECTION    NW (300)
  HIGHEST GUST SPEED    23   HIGHEST GUST DIRECTION    NW (300)
  AVERAGE WIND SPEED     5.9


SKY COVER
  AVERAGE SKY COVER 0.0


WEATHER CONDITIONS
 THE FOLLOWING WEATHER WAS RECORDED YESTERDAY.
  NO SIGNIFICANT WEATHER WAS OBSERVED.


RELATIVE HUMIDITY (PERCENT)
 HIGHEST    43           800 AM
 LOWEST     13           400 PM

..........................................................


THE AUGUSTA DANIEL FIELD GA CLIMATE NORMALS FOR TODAY
                         NORMAL    RECORD    YEAR
 MAXIMUM TEMPERATURE (F)   64        MM        MM
 MINIMUM TEMPERATURE (F)   43        MM        MM


SUNRISE AND SUNSET
FEBRUARY 27 2017......SUNRISE   659 AM EST   SUNSET   623 PM EST
FEBRUARY 28 2017......SUNRISE   657 AM EST   SUNSET   624 PM EST


-  INDICATES NEGATIVE NUMBERS.
R  INDICATES RECORD WAS SET OR TIED.
MM INDICATES DATA IS MISSING.
T  INDICATES TRACE AMOUNT.




$$
