208
CDUS42 KCAE 190530
CLIDNL


CLIMATE REPORT
NATIONAL WEATHER SERVICE COLUMBIA SC
1230 AM EST SUN NOV 19 2017


...................................

...THE AUGUSTA DANIEL FIELD GA CLIMATE SUMMARY FOR NOVEMBER 18 2017...

CLIMATE NORMAL PERIOD 1981 TO 2010
CLIMATE RECORD PERIOD 9999 TO 9999


WEATHER ITEM   OBSERVED TIME   NORMAL DEPARTURE LAST
                VALUE   (LST)  VALUE  FROM      YEAR
                                      NORMAL
......................................................
TEMPERATURE (F)
 YESTERDAY
  MAXIMUM         74    323 PM  66      8       78
  MINIMUM         46    439 AM  47     -1       47
  AVERAGE         60            56      4       63

PRECIPITATION (IN)
  YESTERDAY        0.00          0.12  -0.12     0.00
  MONTH TO DATE    1.19          1.64  -0.45     0.56
  SINCE SEP 1      6.45          8.24  -1.79     7.75
  SINCE JAN 1     36.75         41.40  -4.65    31.42

DEGREE DAYS
 HEATING
  YESTERDAY        5             9     -4        2
  MONTH TO DATE  107           126    -19       81
  SINCE SEP 1    160           204    -44       90
  SINCE JUL 1    160           204    -44       90

 COOLING
  YESTERDAY        0             0      0        0
  MONTH TO DATE   41            14     27       22
  SINCE SEP 1    675           440    235      688
  SINCE JAN 1   2976          2251    725     3058
......................................................


WIND (MPH)
  HIGHEST WIND SPEED    20   HIGHEST WIND DIRECTION     S (200)
  HIGHEST GUST SPEED    29   HIGHEST GUST DIRECTION     S (190)
  AVERAGE WIND SPEED     8.5


SKY COVER
  AVERAGE SKY COVER 0.2


WEATHER CONDITIONS
 THE FOLLOWING WEATHER WAS RECORDED YESTERDAY.
  HAZE


RELATIVE HUMIDITY (PERCENT)
 HIGHEST    86           400 AM
 LOWEST     44           400 PM

..........................................................


THE AUGUSTA DANIEL FIELD GA CLIMATE NORMALS FOR TODAY
                         NORMAL    RECORD    YEAR
 MAXIMUM TEMPERATURE (F)   66        MM        MM
 MINIMUM TEMPERATURE (F)   46        MM        MM


SUNRISE AND SUNSET
NOVEMBER 19 2017......SUNRISE   704 AM EST   SUNSET   523 PM EST
NOVEMBER 20 2017......SUNRISE   704 AM EST   SUNSET   523 PM EST


-  INDICATES NEGATIVE NUMBERS.
R  INDICATES RECORD WAS SET OR TIED.
MM INDICATES DATA IS MISSING.
T  INDICATES TRACE AMOUNT.




$$
