488
CDUS43 KLOT 050659
CLIDPA


CLIMATE REPORT
NATIONAL WEATHER SERVICE CHICAGO IL
158 AM CDT THU MAY 5 2016


...................................

...THE DU PAGE  AIRPORT CLIMATE SUMMARY FOR MAY 4 2016...

CLIMATE NORMAL PERIOD 1981 TO 2010
CLIMATE RECORD PERIOD 1997 TO 2016


WEATHER ITEM   OBSERVED TIME   RECORD YEAR NORMAL DEPARTURE LAST
                VALUE   (LST)  VALUE       VALUE  FROM      YEAR
                                                  NORMAL
..................................................................
TEMPERATURE (F)
 YESTERDAY
  MAXIMUM         55    326 PM  80    2010  68    -13       72
                                      2000
                                      1999
  MINIMUM         38    857 PM  30    2005  44     -6       53
  AVERAGE         47                        56     -9       63

PRECIPITATION (IN)
  YESTERDAY        0.40          1.22        0.14   0.26     0.02
  MONTH TO DATE    0.76                      0.59   0.17     0.46
  SINCE MAR 1      6.68                      6.30   0.38     5.20
  SINCE JAN 1      8.88                      9.03  -0.15     7.03

SNOWFALL (IN)
  YESTERDAY        0.0
  MONTH TO DATE    0.0
  SINCE JUL 1     21.6

DEGREE DAYS
 HEATING
  YESTERDAY       18                        10      8        2
  MONTH TO DATE   64                        41     23       22
  SINCE MAR 1   1255                      1352    -97     1431
  SINCE JUL 1   5458                      6107   -649     6623

 COOLING
  YESTERDAY        0                         0      0        0
  MONTH TO DATE    0                         0      0        0
  SINCE MAR 1      6                         4      2        0
  SINCE JAN 1      6                         4      2        0
..................................................................


WIND (MPH)
  RESULTANT WIND SPEED  12   RESULTANT WIND DIRECTION   N (360)
  HIGHEST WIND SPEED    28   HIGHEST WIND DIRECTION    NW (330)
  HIGHEST GUST SPEED    30   HIGHEST GUST DIRECTION    NW (320)
  AVERAGE WIND SPEED    12.8



WEATHER CONDITIONS
 THE FOLLOWING WEATHER WAS RECORDED YESTERDAY.
  THUNDERSTORM
  HEAVY RAIN
  RAIN
  LIGHT RAIN
  FOG


..........................................................


THE DU PAGE  AIRPORT CLIMATE NORMALS FOR TODAY
                         NORMAL    RECORD    YEAR
 MAXIMUM TEMPERATURE (F)   68        83      2000
 MINIMUM TEMPERATURE (F)   44        34      2005


SUNRISE AND SUNSET
MAY  5 2016...........SUNRISE   543 AM CDT   SUNSET   757 PM CDT
MAY  6 2016...........SUNRISE   542 AM CDT   SUNSET   758 PM CDT


-  INDICATES NEGATIVE NUMBERS.
R  INDICATES RECORD WAS SET OR TIED.
MM INDICATES DATA IS MISSING.
T  INDICATES TRACE AMOUNT.




$$
