000
CDUS43 KLOT 270634
CLIDPA


CLIMATE REPORT
NATIONAL WEATHER SERVICE CHICAGO IL
1233 AM CST TUE JAN 27 2015


...................................

...THE DU PAGE  AIRPORT CLIMATE SUMMARY FOR JANUARY 26 2015...

CLIMATE NORMAL PERIOD 1981 TO 2010
CLIMATE RECORD PERIOD 1997 TO 2015


WEATHER ITEM   OBSERVED TIME   RECORD YEAR NORMAL DEPARTURE LAST
                VALUE   (LST)  VALUE       VALUE  FROM      YEAR
                                                  NORMAL
..................................................................
TEMPERATURE (F)
 YESTERDAY
  MAXIMUM         27   1132 PM  53    2002  32     -5       30
  MINIMUM         13    713 AM  -4    2003  16     -3        4
  AVERAGE         20                        24     -4       17

PRECIPITATION (IN)
  YESTERDAY        0.02          0.06        0.05  -0.03     0.06
  MONTH TO DATE    0.71                      1.08  -0.37     0.78
  SINCE DEC 1      1.29                      2.80  -1.51     1.69
  SINCE JAN 1      0.71                      1.08  -0.37     0.78

SNOWFALL (IN)
  YESTERDAY       MM
  MONTH TO DATE   11.0
  SINCE JUL 1     11.9

DEGREE DAYS
 HEATING
  YESTERDAY       45                        41      4       48
  MONTH TO DATE 1164                      1086     78     1292
  SINCE DEC 1   2206                      2259    -53     2642
  SINCE JUL 1   3665                      3513    152     4078

 COOLING
  YESTERDAY        0                         0      0        0
  MONTH TO DATE    0                         0      0        0
  SINCE DEC 1      0                         0      0        0
  SINCE JAN 1      0                         0      0        0
..................................................................


WIND (MPH)
  RESULTANT WIND SPEED   1   RESULTANT WIND DIRECTION   S (200)
  HIGHEST WIND SPEED    10   HIGHEST WIND DIRECTION    SE (150)
  HIGHEST GUST SPEED    13   HIGHEST GUST DIRECTION     N (340)
  AVERAGE WIND SPEED     5.2



WEATHER CONDITIONS
 THE FOLLOWING WEATHER WAS RECORDED YESTERDAY.
  LT FREEZING RAIN
  LIGHT SNOW
  FOG
  HAZE


..........................................................


THE DU PAGE  AIRPORT CLIMATE NORMALS FOR TODAY
                         NORMAL    RECORD    YEAR
 MAXIMUM TEMPERATURE (F)   32        58      2002
 MINIMUM TEMPERATURE (F)   16        -9      2014


SUNRISE AND SUNSET
JANUARY 27 2015.......SUNRISE   710 AM CST   SUNSET   501 PM CST
JANUARY 28 2015.......SUNRISE   710 AM CST   SUNSET   503 PM CST


-  INDICATES NEGATIVE NUMBERS.
R  INDICATES RECORD WAS SET OR TIED.
MM INDICATES DATA IS MISSING.
T  INDICATES TRACE AMOUNT.




$$
