000
CDUS45 KGJT 192345
CLIDRO


CLIMATE REPORT
NATIONAL WEATHER SERVICE GRAND JUNCTION CO
530 PM MDT SAT AUG 19 2017


...................................

...THE DURANGO AIRPORT CO CLIMATE SUMMARY FOR AUGUST 19 2017...
VALID TODAY AS OF 0500 PM LOCAL TIME.

CLIMATE NORMAL PERIOD 1981 TO 2010
CLIMATE RECORD PERIOD 9999 TO 9999


WEATHER ITEM   OBSERVED TIME   RECORD YEAR NORMAL DEPARTURE LAST
                VALUE   (LST)  VALUE       VALUE  FROM      YEAR
                                                  NORMAL
..................................................................
TEMPERATURE (F)
 TODAY
  MAXIMUM         87    352 PM  MM      MM  83      4       80
  MINIMUM         48    518 AM  MM      MM  51     -3       46
  AVERAGE         68                        67      1       63

PRECIPITATION (IN)
  TODAY            0.00         MM      MM   0.05  -0.05     0.02
  MONTH TO DATE    0.39                      1.36  -0.97     1.34
  SINCE JUN 1      2.24                      3.72  -1.48     3.18
  SINCE JAN 1      7.69                      9.15  -1.46     6.42

SNOWFALL (IN)
  TODAY           MM            MM      MM  MM     MM       MM
  MONTH TO DATE   MM                        MM     MM       MM
  SINCE JUN 1     MM                        MM     MM       MM
  SINCE JUL 1     MM                        MM     MM       MM
  SNOW DEPTH      MM

DEGREE DAYS
 HEATING
  TODAY            0                         1     -1        2
  MONTH TO DATE    8                         2      6        6
  SINCE JUN 1     65                       127    -62       48
  SINCE JUL 1      8                        12     -4       11

 COOLING
  TODAY            3                         2      1        0
  MONTH TO DATE   31                        68    -37       55
  SINCE JUN 1    275                       218     57      313
  SINCE JAN 1    275                       219     56      313
..................................................................


WIND (MPH)
  HIGHEST WIND SPEED    22   HIGHEST WIND DIRECTION    NW (330)
  HIGHEST GUST SPEED    28   HIGHEST GUST DIRECTION    NW (320)
  AVERAGE WIND SPEED     5.6


SKY COVER
  POSSIBLE SUNSHINE  MM
  AVERAGE SKY COVER 0.0


WEATHER CONDITIONS
 THE FOLLOWING WEATHER WAS RECORDED TODAY.
  NO SIGNIFICANT WEATHER WAS OBSERVED.


RELATIVE HUMIDITY (PERCENT)
 HIGHEST    66           500 AM
 LOWEST     12          1200 PM
 AVERAGE    39

..........................................................


THE DURANGO AIRPORT CO CLIMATE NORMALS FOR TOMORROW
                         NORMAL    RECORD    YEAR
 MAXIMUM TEMPERATURE (F)   82        MM        MM
 MINIMUM TEMPERATURE (F)   51        MM        MM


SUNRISE AND SUNSET
AUGUST 19 2017........SUNRISE   631 AM MDT   SUNSET   757 PM MDT
AUGUST 20 2017........SUNRISE   632 AM MDT   SUNSET   756 PM MDT


-  INDICATES NEGATIVE NUMBERS.
R  INDICATES RECORD WAS SET OR TIED.
MM INDICATES DATA IS MISSING.
T  INDICATES TRACE AMOUNT.




$$
