000
CDUS45 KGJT 300735
CLIDRO


CLIMATE REPORT
NATIONAL WEATHER SERVICE GRAND JUNCTION CO
133 AM MDT THU JUL 30 2015


...................................

...THE DURANGO AIRPORT CO CLIMATE SUMMARY FOR JULY 29 2015...

CLIMATE NORMAL PERIOD 1981 TO 2010
CLIMATE RECORD PERIOD 9999 TO 9999


WEATHER ITEM   OBSERVED TIME   RECORD YEAR NORMAL DEPARTURE LAST
                VALUE   (LST)  VALUE       VALUE  FROM      YEAR
                                                  NORMAL
..................................................................
TEMPERATURE (F)
 YESTERDAY
  MAXIMUM         83   1201 PM  MM      MM  85     -2       83
  MINIMUM         54    536 AM  MM      MM  54      0       58
  AVERAGE         69                        70     -1       71

PRECIPITATION (IN)
  YESTERDAY        T            MM      MM   0.08  -0.08      T
  MONTH TO DATE    1.62                      1.56   0.06     1.25
  SINCE JUN 1      3.28                      2.20   1.08     1.25
  SINCE JAN 1     10.78                      7.63   3.15     3.65

SNOWFALL (IN)
  YESTERDAY       MM            MM      MM  MM     MM       MM
  MONTH TO DATE   MM                        MM     MM       MM
  SINCE JUN 1     MM                        MM     MM       MM
  SINCE JUL 1     MM                        MM     MM       MM
  SNOW DEPTH      MM

DEGREE DAYS
 HEATING
  YESTERDAY        0                         0      0        0
  MONTH TO DATE   15                         8      7        0
  SINCE JUN 1     96                       123    -27       88
  SINCE JUL 1     15                         8      7        0

 COOLING
  YESTERDAY        4                         5     -1        6
  MONTH TO DATE   77                       115    -38      196
  SINCE JUN 1    146                       143      3      210
  SINCE JAN 1    146                       144      2      215
..................................................................


WIND (MPH)
  HIGHEST WIND SPEED    17   HIGHEST WIND DIRECTION    SW (220)
  HIGHEST GUST SPEED    24   HIGHEST GUST DIRECTION    SW (220)
  AVERAGE WIND SPEED     5.8


SKY COVER
  POSSIBLE SUNSHINE  MM
  AVERAGE SKY COVER 0.2


WEATHER CONDITIONS
 THE FOLLOWING WEATHER WAS RECORDED YESTERDAY.
  LIGHT RAIN


RELATIVE HUMIDITY (PERCENT)
 HIGHEST    67          1100 PM
 LOWEST     26          1200 PM
 AVERAGE    47

..........................................................


THE DURANGO AIRPORT CO CLIMATE NORMALS FOR TODAY
                         NORMAL    RECORD    YEAR
 MAXIMUM TEMPERATURE (F)   85        MM        MM
 MINIMUM TEMPERATURE (F)   54        MM        MM


SUNRISE AND SUNSET
JULY 30 2015..........SUNRISE   614 AM MDT   SUNSET   820 PM MDT
JULY 31 2015..........SUNRISE   615 AM MDT   SUNSET   819 PM MDT


-  INDICATES NEGATIVE NUMBERS.
R  INDICATES RECORD WAS SET OR TIED.
MM INDICATES DATA IS MISSING.
T  INDICATES TRACE AMOUNT.




$$
