140
CDUS44 KEWX 040738
CLIDRT


CLIMATE REPORT
NATIONAL WEATHER SERVICE AUSTIN/SAN ANTONIO, TX
137 AM CST SUN DEC 4 2016


...................................

...THE DEL RIO CLIMATE SUMMARY FOR DECEMBER 3 2016...

CLIMATE NORMAL PERIOD 1981 TO 2010
CLIMATE RECORD PERIOD 1906 TO 2016


WEATHER ITEM   OBSERVED TIME   RECORD YEAR NORMAL DEPARTURE LAST
                VALUE   (LST)  VALUE       VALUE  FROM      YEAR
                                                  NORMAL
..................................................................
TEMPERATURE (F)
 YESTERDAY
  MAXIMUM         59    155 AM  86    1999  66     -7       67
  MINIMUM         51   1101 PM  25    1929  43      8       36
  AVERAGE         55                        54      1       52

PRECIPITATION (IN)
  YESTERDAY        0.70          0.78 1944   0.02   0.68     0.00
  MONTH TO DATE    0.76                      0.06   0.70     0.00
  SINCE DEC 1      0.76                      0.06   0.70     0.00
  SINCE JAN 1     30.75                     18.93  11.82    27.47

SNOWFALL (IN)
  YESTERDAY        0.0
  MONTH TO DATE    0.0
  SINCE DEC 1      0.0
  SINCE JUL 1      0.0

DEGREE DAYS
 HEATING
  YESTERDAY       10                        11     -1       13
  MONTH TO DATE   26                        32     -6       30
  SINCE DEC 1     26                        32     -6       30
  SINCE JUL 1     95                       229   -134      173

 COOLING
  YESTERDAY        0                         0      0        0
  MONTH TO DATE    0                         0      0        0
  SINCE DEC 1      0                         0      0        0
  SINCE JAN 1   3579                      3372    207     3530
..................................................................


WIND (MPH)
  HIGHEST WIND SPEED    15   HIGHEST WIND DIRECTION    NE (50)
  HIGHEST GUST SPEED    22   HIGHEST GUST DIRECTION    NE (50)
  AVERAGE WIND SPEED     5.6


SKY COVER
  AVERAGE SKY COVER 0.9


WEATHER CONDITIONS
 THE FOLLOWING WEATHER WAS RECORDED YESTERDAY.
  HEAVY RAIN
  RAIN
  LIGHT RAIN
  FOG


RELATIVE HUMIDITY (PERCENT)
 HIGHEST   100           600 AM
 LOWEST     93           200 AM
 AVERAGE    97

..........................................................


THE DEL RIO CLIMATE NORMALS FOR TODAY
                         NORMAL    RECORD    YEAR
 MAXIMUM TEMPERATURE (F)   66        90      1977
 MINIMUM TEMPERATURE (F)   43        26      1929


SUNRISE AND SUNSET
DECEMBER  4 2016......SUNRISE   723 AM CST   SUNSET   545 PM CST
DECEMBER  5 2016......SUNRISE   724 AM CST   SUNSET   545 PM CST


-  INDICATES NEGATIVE NUMBERS.
R  INDICATES RECORD WAS SET OR TIED.
MM INDICATES DATA IS MISSING.
T  INDICATES TRACE AMOUNT.




$$
