000
CDUS44 KEWX 282255
CLIDRT


CLIMATE REPORT
NATIONAL WEATHER SERVICE AUSTIN/SAN ANTONIO, TX
554 PM CDT FRI APR 28 2017


...................................

...THE DEL RIO CLIMATE SUMMARY FOR APRIL 28 2017...
VALID TODAY AS OF 550 PM LOCAL TIME.

CLIMATE NORMAL PERIOD 1981 TO 2010
CLIMATE RECORD PERIOD 1906 TO 2017


WEATHER ITEM   OBSERVED TIME   RECORD YEAR NORMAL DEPARTURE LAST
                VALUE   (LST)  VALUE       VALUE  FROM      YEAR
                                                  NORMAL
..................................................................
TEMPERATURE (F)
 TODAY
  MAXIMUM         91    319 PM  99    2014  86      5       88
                                      2002
                                      1937
  MINIMUM         71    614 AM  42    1997  63      8       58
  AVERAGE         81                        75      6       73

PRECIPITATION (IN)
  TODAY            0.00          2.36 1957   0.07  -0.07     0.01
  MONTH TO DATE    5.64                      1.51   4.13     4.00
  SINCE MAR 1      6.15                      2.65   3.50     6.08
  SINCE JAN 1      7.12                      4.25   2.87     6.83

SNOWFALL (IN)
  TODAY            0.0
  MONTH TO DATE    0.0
  SINCE MAR 1      0.0
  SINCE JUL 1      0.0
  SNOW DEPTH       0

DEGREE DAYS
 HEATING
  TODAY            0                         0      0        0
  MONTH TO DATE   10                        24    -14       14
  SINCE MAR 1     47                       138    -91       69
  SINCE JUL 1    840                      1374   -534     1049

 COOLING
  TODAY           16                        10      6        8
  MONTH TO DATE  210                       202      8      196
  SINCE MAR 1    364                       289     75      293
  SINCE JAN 1    427                       308    119      328
..................................................................


WIND (MPH)
  HIGHEST WIND SPEED    18   HIGHEST WIND DIRECTION     E (110)
  HIGHEST GUST SPEED    25   HIGHEST GUST DIRECTION     E (100)
  AVERAGE WIND SPEED     9.3



WEATHER CONDITIONS
 THE FOLLOWING WEATHER WAS RECORDED TODAY.
  FOG
  HAZE


RELATIVE HUMIDITY (PERCENT)
 HIGHEST    90           400 AM
 LOWEST     47           200 PM
 AVERAGE    69

..........................................................


THE DEL RIO CLIMATE NORMALS FOR TOMORROW
                         NORMAL    RECORD    YEAR
 MAXIMUM TEMPERATURE (F)   86       103      1909
 MINIMUM TEMPERATURE (F)   63        46      2015
                                             1908


SUNRISE AND SUNSET
APRIL 28 2017.........SUNRISE   704 AM CDT   SUNSET   818 PM CDT
APRIL 29 2017.........SUNRISE   703 AM CDT   SUNSET   819 PM CDT


-  INDICATES NEGATIVE NUMBERS.
R  INDICATES RECORD WAS SET OR TIED.
MM INDICATES DATA IS MISSING.
T  INDICATES TRACE AMOUNT.




$$
