000
CDUS44 KEWX 022351
CLIDRT


CLIMATE REPORT
NATIONAL WEATHER SERVICE AUSTIN/SAN ANTONIO, TX
543 PM CST MON MAR 2 2015


...................................

...THE DEL RIO CLIMATE SUMMARY FOR MARCH 2 2015...
VALID TODAY AS OF 0500 PM LOCAL TIME.

CLIMATE NORMAL PERIOD 1981 TO 2010
CLIMATE RECORD PERIOD 1906 TO 2015


WEATHER ITEM   OBSERVED TIME   RECORD YEAR NORMAL DEPARTURE LAST
                VALUE   (LST)  VALUE       VALUE  FROM      YEAR
                                                  NORMAL
..................................................................
TEMPERATURE (F)
 TODAY
  MAXIMUM         52    351 PM  94    1909  72    -20       78
  MINIMUM         43   1006 AM  21    1980  49     -6       38
  AVERAGE         48                        61    -13       58

PRECIPITATION (IN)
  TODAY            0.00          0.83 1936   0.04  -0.04      T
  MONTH TO DATE    0.00                      0.08  -0.08      T
  SINCE MAR 1      0.00                      0.08  -0.08      T
  SINCE JAN 1      0.99                      1.68  -0.69     0.22

SNOWFALL (IN)
  TODAY            0.0
  MONTH TO DATE    0.0
  SINCE MAR 1      0.0
  SINCE JUL 1      0.0
  SNOW DEPTH       0

DEGREE DAYS
 HEATING
  TODAY           17                         6     11        7
  MONTH TO DATE   34                        12     22        7
  SINCE MAR 1     34                        12     22        7
  SINCE JUL 1   1361                      1248    113     1414

 COOLING
  TODAY            0                         1     -1        0
  MONTH TO DATE    0                         2     -2        5
  SINCE MAR 1      0                         2     -2        5
  SINCE JAN 1     15                        21     -6       50
..................................................................


WIND (MPH)
  HIGHEST WIND SPEED    10   HIGHEST WIND DIRECTION    NW (330)
  HIGHEST GUST SPEED    13   HIGHEST GUST DIRECTION    NW (300)
  AVERAGE WIND SPEED     5.5



WEATHER CONDITIONS
 THE FOLLOWING WEATHER WAS RECORDED TODAY.
  FOG


RELATIVE HUMIDITY (PERCENT)
 HIGHEST   100           100 AM
 LOWEST     71           400 PM
 AVERAGE    86

..........................................................


THE DEL RIO CLIMATE NORMALS FOR TOMORROW
                         NORMAL    RECORD    YEAR
 MAXIMUM TEMPERATURE (F)   73        91      1909
 MINIMUM TEMPERATURE (F)   49        23      2002


SUNRISE AND SUNSET
MARCH  2 2015.........SUNRISE   708 AM CST   SUNSET   644 PM CST
MARCH  3 2015.........SUNRISE   707 AM CST   SUNSET   644 PM CST


-  INDICATES NEGATIVE NUMBERS.
R  INDICATES RECORD WAS SET OR TIED.
MM INDICATES DATA IS MISSING.
T  INDICATES TRACE AMOUNT.




$$
