000
CDUS44 KDRT 262256
CLIDRT


CLIMATE REPORT
NATIONAL WEATHER SERVICE AUSTIN/SAN ANTONIO, TX
556 PM CDT MON SEP 26 2016


...................................

...THE DEL RIO CLIMATE SUMMARY FOR SEPTEMBER 26 2016...
VALID TODAY AS OF 556 PM LOCAL TIME.

CLIMATE NORMAL PERIOD 1981 TO 2010
CLIMATE RECORD PERIOD 1906 TO 2016


WEATHER ITEM   OBSERVED TIME   RECORD YEAR NORMAL DEPARTURE LAST
                VALUE   (LST)  VALUE       VALUE  FROM      YEAR
                                                  NORMAL
..................................................................
TEMPERATURE (F)
 TODAY
  MAXIMUM         75   1252 PM 106    2005  88    -13       95
  MINIMUM         66    453 PM  48    1909  67     -1       64
  AVERAGE         71                        77     -6       80

PRECIPITATION (IN)
  TODAY            0.56          5.21 1970   0.07   0.49     0.10
  MONTH TO DATE    5.92                      1.88   4.04     0.50
  SINCE SEP 1      5.92                      1.88   4.04     0.50
  SINCE JAN 1     27.77                     15.39  12.38    21.12

SNOWFALL (IN)
  TODAY            0.0
  MONTH TO DATE    0.0
  SINCE SEP 1      0.0
  SINCE JUL 1      0.0
  SNOW DEPTH       0

DEGREE DAYS
 HEATING
  TODAY            0                         0      0        0
  MONTH TO DATE    0                         0      0        0
  SINCE SEP 1      0                         0      0        0
  SINCE JUL 1      0                         0      0        0

 COOLING
  TODAY            6                        12     -6       15
  MONTH TO DATE  438                       414     24      527
  SINCE SEP 1    438                       414     24      527
  SINCE JAN 1   3152                      3049    103     3116
..................................................................


WIND (MPH)
  HIGHEST WIND SPEED    16   HIGHEST WIND DIRECTION    NW (320)
  HIGHEST GUST SPEED    22   HIGHEST GUST DIRECTION    NW (320)
  AVERAGE WIND SPEED     8.1



WEATHER CONDITIONS
 THE FOLLOWING WEATHER WAS RECORDED TODAY.
  HEAVY RAIN
  RAIN
  LIGHT RAIN
  FOG


RELATIVE HUMIDITY (PERCENT)
 HIGHEST   100           100 AM
 LOWEST     69          1200 PM
 AVERAGE    85

..........................................................


THE DEL RIO CLIMATE NORMALS FOR TOMORROW
                         NORMAL    RECORD    YEAR
 MAXIMUM TEMPERATURE (F)   88       104      2005
 MINIMUM TEMPERATURE (F)   67        45      1942


SUNRISE AND SUNSET
SEPTEMBER 26 2016.....SUNRISE   734 AM CDT   SUNSET   735 PM CDT
SEPTEMBER 27 2016.....SUNRISE   735 AM CDT   SUNSET   733 PM CDT


-  INDICATES NEGATIVE NUMBERS.
R  INDICATES RECORD WAS SET OR TIED.
MM INDICATES DATA IS MISSING.
T  INDICATES TRACE AMOUNT.




$$
