000
CDUS44 KEWX 290647
CLIDRT


CLIMATE REPORT
NATIONAL WEATHER SERVICE AUSTIN/SAN ANTONIO, TX
143 AM CDT THU JUN 29 2017


...................................

...THE DEL RIO CLIMATE SUMMARY FOR JUNE 28 2017...

CLIMATE NORMAL PERIOD 1981 TO 2010
CLIMATE RECORD PERIOD 1906 TO 2017


WEATHER ITEM   OBSERVED TIME   RECORD YEAR NORMAL DEPARTURE LAST
                VALUE   (LST)  VALUE       VALUE  FROM      YEAR
                                                  NORMAL
..................................................................
TEMPERATURE (F)
 YESTERDAY
  MAXIMUM         94    423 PM 108    1994  96     -2       99
                                      1980
  MINIMUM         70    628 AM  65    1985  75     -5       73
                                      1974
  AVERAGE         82                        85     -3       86

PRECIPITATION (IN)
  YESTERDAY        0.00          1.53 1931   0.06  -0.06     0.07
  MONTH TO DATE    2.46                      2.23   0.23     2.93
  SINCE JUN 1      2.46                      2.23   0.23     2.93
  SINCE JAN 1     13.55                      9.43   4.12    11.54

SNOWFALL (IN)
  YESTERDAY        0.0
  MONTH TO DATE    0.0
  SINCE JUN 1      0.0
  SINCE JUL 1      0.0

DEGREE DAYS
 HEATING
  YESTERDAY        0                         0      0        0
  MONTH TO DATE    0                         0      0        0
  SINCE JUN 1      0                         0      0        0
  SINCE JUL 1    840                      1376   -536     1050

 COOLING
  YESTERDAY       17                        20     -3       21
  MONTH TO DATE  524                       531     -7      536
  SINCE JUN 1    524                       531     -7      536
  SINCE JAN 1   1349                      1290     59     1262
..................................................................


WIND (MPH)
  HIGHEST WIND SPEED    17   HIGHEST WIND DIRECTION    SE (130)
  HIGHEST GUST SPEED    25   HIGHEST GUST DIRECTION     S (160)
  AVERAGE WIND SPEED    10.3


SKY COVER
  AVERAGE SKY COVER 0.3


WEATHER CONDITIONS
 THE FOLLOWING WEATHER WAS RECORDED YESTERDAY.
  NO SIGNIFICANT WEATHER WAS OBSERVED.


RELATIVE HUMIDITY (PERCENT)
 HIGHEST   100           600 AM
 LOWEST     41           400 PM
 AVERAGE    71

..........................................................


THE DEL RIO CLIMATE NORMALS FOR TODAY
                         NORMAL    RECORD    YEAR
 MAXIMUM TEMPERATURE (F)   96       108      2013
 MINIMUM TEMPERATURE (F)   75        62      1985


SUNRISE AND SUNSET
JUNE 29 2017..........SUNRISE   647 AM CDT   SUNSET   847 PM CDT
JUNE 30 2017..........SUNRISE   647 AM CDT   SUNSET   847 PM CDT


-  INDICATES NEGATIVE NUMBERS.
R  INDICATES RECORD WAS SET OR TIED.
MM INDICATES DATA IS MISSING.
T  INDICATES TRACE AMOUNT.




$$
