000
CDUS44 KEWX 280729
CLIDRT


CLIMATE REPORT
NATIONAL WEATHER SERVICE AUSTIN/SAN ANTONIO, TX
228 AM CDT TUE JUL 28 2015


...................................

...THE DEL RIO CLIMATE SUMMARY FOR JULY 27 2015...

CLIMATE NORMAL PERIOD 1981 TO 2010
CLIMATE RECORD PERIOD 1906 TO 2015


WEATHER ITEM   OBSERVED TIME   RECORD YEAR NORMAL DEPARTURE LAST
                VALUE   (LST)  VALUE       VALUE  FROM      YEAR
                                                  NORMAL
..................................................................
TEMPERATURE (F)
 YESTERDAY
  MAXIMUM        102    422 PM 110    1954  97      5      102
  MINIMUM         78    647 AM  68    1920  76      2       79
  AVERAGE         90                        86      4       91

PRECIPITATION (IN)
  YESTERDAY        0.00          1.52 2004   0.06  -0.06     0.00
  MONTH TO DATE    0.04                      1.57  -1.53     0.26
  SINCE JUN 1      3.52                      3.92  -0.40     4.95
  SINCE JAN 1     18.60                     11.12   7.48     6.30

SNOWFALL (IN)
  YESTERDAY        0.0
  MONTH TO DATE    0.0
  SINCE JUN 1      0.0
  SINCE JUL 1      0.0

DEGREE DAYS
 HEATING
  YESTERDAY        0                         0      0        0
  MONTH TO DATE    0                         0      0        0
  SINCE JUN 1      0                         0      0        0
  SINCE JUL 1      0                         0      0        0

 COOLING
  YESTERDAY       25                        21      4       26
  MONTH TO DATE  569                       561      8      594
  SINCE JUN 1   1070                      1132    -62     1222
  SINCE JAN 1   1750                      1891   -141     2072
..................................................................


WIND (MPH)
  HIGHEST WIND SPEED    18   HIGHEST WIND DIRECTION     S (160)
  HIGHEST GUST SPEED    25   HIGHEST GUST DIRECTION     S (160)
  AVERAGE WIND SPEED    12.0


SKY COVER
  AVERAGE SKY COVER 0.0


WEATHER CONDITIONS
 THE FOLLOWING WEATHER WAS RECORDED YESTERDAY.
  NO SIGNIFICANT WEATHER WAS OBSERVED.


RELATIVE HUMIDITY (PERCENT)
 HIGHEST    79           500 AM
 LOWEST     29           400 PM
 AVERAGE    54

..........................................................


THE DEL RIO CLIMATE NORMALS FOR TODAY
                         NORMAL    RECORD    YEAR
 MAXIMUM TEMPERATURE (F)   97       107      1980
 MINIMUM TEMPERATURE (F)   76        66      1994


SUNRISE AND SUNSET
JULY 28 2015..........SUNRISE   701 AM CDT   SUNSET   839 PM CDT
JULY 29 2015..........SUNRISE   702 AM CDT   SUNSET   838 PM CDT


-  INDICATES NEGATIVE NUMBERS.
R  INDICATES RECORD WAS SET OR TIED.
MM INDICATES DATA IS MISSING.
T  INDICATES TRACE AMOUNT.




$$
