000
CDUS44 KEWX 182225
CLIDRT


CLIMATE REPORT
NATIONAL WEATHER SERVICE AUSTIN/SAN ANTONIO, TX
425 PM CST SUN FEB 18 2018


...................................

...THE DEL RIO CLIMATE SUMMARY FOR FEBRUARY 18 2018...
VALID TODAY AS OF 0400 PM LOCAL TIME.

CLIMATE NORMAL PERIOD 1981 TO 2010
CLIMATE RECORD PERIOD 1906 TO 2018


WEATHER ITEM   OBSERVED TIME   RECORD YEAR NORMAL DEPARTURE LAST
                VALUE   (LST)  VALUE       VALUE  FROM      YEAR
                                                  NORMAL
..................................................................
TEMPERATURE (F)
 TODAY
  MAXIMUM         67    359 PM  97    1986  69     -2       86
  MINIMUM         59    854 AM  20    1910  46     13       44
  AVERAGE         63                        58      5       65

PRECIPITATION (IN)
  TODAY            T             0.83 1963   0.04  -0.04     0.00
  MONTH TO DATE    0.04                      0.55  -0.51     0.62
  SINCE DEC 1      1.78                      1.92  -0.14     3.29
  SINCE JAN 1      0.04                      1.27  -1.23     0.81

SNOWFALL (IN)
  TODAY            0.0
  MONTH TO DATE    T
  SINCE DEC 1      T
  SINCE JUL 1      T
  SNOW DEPTH       0

DEGREE DAYS
 HEATING
  TODAY            2                         8     -6        0
  MONTH TO DATE  141                       176    -35       88
  SINCE DEC 1   1047                       969     78      711
  SINCE JUL 1   1198                      1166     32      780

 COOLING
  TODAY            0                         1     -1        0
  MONTH TO DATE    5                         2      3       15
  SINCE DEC 1     15                         8      7       43
  SINCE JAN 1      5                         5      0       31
..................................................................


WIND (MPH)
  HIGHEST WIND SPEED    17   HIGHEST WIND DIRECTION    SE (130)
  HIGHEST GUST SPEED    23   HIGHEST GUST DIRECTION    SE (120)
  AVERAGE WIND SPEED     9.4



WEATHER CONDITIONS
 THE FOLLOWING WEATHER WAS RECORDED TODAY.
  FOG


RELATIVE HUMIDITY (PERCENT)
 HIGHEST    97          1000 AM
 LOWEST     78           500 AM
 AVERAGE    88

..........................................................


THE DEL RIO CLIMATE NORMALS FOR TOMORROW
                         NORMAL    RECORD    YEAR
 MAXIMUM TEMPERATURE (F)   70        95      1986
 MINIMUM TEMPERATURE (F)   46        27      1910


SUNRISE AND SUNSET
FEBRUARY 18 2018......SUNRISE   720 AM CST   SUNSET   635 PM CST
FEBRUARY 19 2018......SUNRISE   719 AM CST   SUNSET   636 PM CST


-  INDICATES NEGATIVE NUMBERS.
R  INDICATES RECORD WAS SET OR TIED.
MM INDICATES DATA IS MISSING.
T  INDICATES TRACE AMOUNT.




$$
