000
CDUS44 KDRT 260700
CLIDRT


CLIMATE REPORT
NATIONAL WEATHER SERVICE AUSTIN/SAN ANTONIO, TX
156 AM CDT FRI AUG 26 2016


...................................

...THE DEL RIO CLIMATE SUMMARY FOR AUGUST 25 2016...

CLIMATE NORMAL PERIOD 1981 TO 2010
CLIMATE RECORD PERIOD 1906 TO 2016


WEATHER ITEM   OBSERVED TIME   RECORD YEAR NORMAL DEPARTURE LAST
                VALUE   (LST)  VALUE       VALUE  FROM      YEAR
                                                  NORMAL
..................................................................
TEMPERATURE (F)
 YESTERDAY
  MAXIMUM         92    510 PM 103    2011  96     -4      101
                                      2006
                                      1952
  MINIMUM         73    628 AM  64    1966  75     -2       77
  AVERAGE         83                        86     -3       89

PRECIPITATION (IN)
  YESTERDAY        0.00          1.04 1911   0.09  -0.09     0.00
  MONTH TO DATE    8.82                      1.64   7.18     2.02
  SINCE JUN 1     11.80                      5.77   6.03     5.54
  SINCE JAN 1     20.41                     12.97   7.44    20.62

SNOWFALL (IN)
  YESTERDAY        0.0
  MONTH TO DATE    0.0
  SINCE JUN 1      0.0
  SINCE JUL 1      0.0

DEGREE DAYS
 HEATING
  YESTERDAY        0                         0      0        0
  MONTH TO DATE    0                         0      0        0
  SINCE JUN 1      0                         0      0        0
  SINCE JUL 1      0                         0      0        0

 COOLING
  YESTERDAY       18                        21     -3       24
  MONTH TO DATE  529                       542    -13      613
  SINCE JUN 1   1883                      1761    122     1779
  SINCE JAN 1   2609                      2520     89     2459
..................................................................


WIND (MPH)
  HIGHEST WIND SPEED    18   HIGHEST WIND DIRECTION    SE (140)
  HIGHEST GUST SPEED    26   HIGHEST GUST DIRECTION    SE (150)
  AVERAGE WIND SPEED    10.0


SKY COVER
  AVERAGE SKY COVER 0.2


WEATHER CONDITIONS
 THE FOLLOWING WEATHER WAS RECORDED YESTERDAY.
  NO SIGNIFICANT WEATHER WAS OBSERVED.


RELATIVE HUMIDITY (PERCENT)
 HIGHEST    93           500 AM
 LOWEST     38           500 PM
 AVERAGE    66

..........................................................


THE DEL RIO CLIMATE NORMALS FOR TODAY
                         NORMAL    RECORD    YEAR
 MAXIMUM TEMPERATURE (F)   96       103      2002
 MINIMUM TEMPERATURE (F)   75        62      1926


SUNRISE AND SUNSET
AUGUST 26 2016........SUNRISE   718 AM CDT   SUNSET   812 PM CDT
AUGUST 27 2016........SUNRISE   719 AM CDT   SUNSET   811 PM CDT


-  INDICATES NEGATIVE NUMBERS.
R  INDICATES RECORD WAS SET OR TIED.
MM INDICATES DATA IS MISSING.
T  INDICATES TRACE AMOUNT.




$$
