946
CDUS43 KDTX 240540
CLIDTW


CLIMATE REPORT
NATIONAL WEATHER SERVICE DETROIT/PONTIAC MI
1240 AM EST FRI NOV 24 2017


...................................

...THE DETROIT MI CLIMATE SUMMARY FOR NOVEMBER 23 2017...

CLIMATE NORMAL PERIOD 1981 TO 2010
CLIMATE RECORD PERIOD 1874 TO 2017


WEATHER ITEM   OBSERVED TIME   RECORD YEAR NORMAL DEPARTURE LAST
                VALUE   (LST)  VALUE       VALUE  FROM      YEAR
                                                  NORMAL
..................................................................
TEMPERATURE (F)
 YESTERDAY
  MAXIMUM         40    357 PM  69    1931  45     -5       41
  MINIMUM         26    713 AM   8    1880  32     -6       29
  AVERAGE         33                        38     -5       35

PRECIPITATION (IN)
  YESTERDAY        0.00          1.24 1891   0.10  -0.10     0.38
  MONTH TO DATE    4.78                      2.15   2.63     1.42
  SINCE SEP 1      8.53                      7.94   0.59    10.68
  SINCE JAN 1     33.83                     30.37   3.46    31.90

SNOWFALL (IN)
  YESTERDAY        0.0           2.3  2005   0.1   -0.1       T
  MONTH TO DATE    T                         0.8   -0.8      0.1
  SINCE SEP 1      T                         0.9   -0.9      0.1
  SINCE JUL 1      T                         0.9   -0.9      0.1
  SNOW DEPTH       0

DEGREE DAYS
 HEATING
  YESTERDAY       32                        26      6       30
  MONTH TO DATE  572                       507     65      395
  SINCE SEP 1    901                      1008   -107      722
  SINCE JUL 1    905                      1018   -113      722

 COOLING
  YESTERDAY        0                         0      0        0
  MONTH TO DATE    0                         0      0        0
  SINCE SEP 1    168                        92     76      154
  SINCE JAN 1    918                       803    115     1177
..................................................................


WIND (MPH)
  HIGHEST WIND SPEED    18   HIGHEST WIND DIRECTION    SW (210)
  HIGHEST GUST SPEED    21   HIGHEST GUST DIRECTION    SW (210)
  AVERAGE WIND SPEED     8.7


SKY COVER
  POSSIBLE SUNSHINE  MM
  AVERAGE SKY COVER 0.8


WEATHER CONDITIONS
 THE FOLLOWING WEATHER WAS RECORDED YESTERDAY.
  NO SIGNIFICANT WEATHER WAS OBSERVED.


RELATIVE HUMIDITY (PERCENT)
 HIGHEST    81           200 AM
 LOWEST     48           300 PM
 AVERAGE    65

..........................................................


THE DETROIT MI CLIMATE NORMALS FOR TODAY
                         NORMAL    RECORD    YEAR
 MAXIMUM TEMPERATURE (F)   45        62      2001
                                             1973
 MINIMUM TEMPERATURE (F)   32         7      1950


SUNRISE AND SUNSET
NOVEMBER 24 2017......SUNRISE   735 AM EST   SUNSET   505 PM EST
NOVEMBER 25 2017......SUNRISE   736 AM EST   SUNSET   504 PM EST


-  INDICATES NEGATIVE NUMBERS.
R  INDICATES RECORD WAS SET OR TIED.
MM INDICATES DATA IS MISSING.
T  INDICATES TRACE AMOUNT.




$$
