000
CDUS45 KTWC 240734
CLIDUG

CLIMATE REPORT
NATIONAL WEATHER SERVICE TUCSON AZ
1232 AM MST TUE MAY 24 2016


...................................

...THE DOUGLAS AZ CLIMATE SUMMARY FOR MAY 23 2016...

CLIMATE NORMAL PERIOD 1981 TO 2010
CLIMATE RECORD PERIOD 1948 TO 2016


WEATHER ITEM   OBSERVED TIME   RECORD YEAR NORMAL DEPARTURE LAST
                VALUE   (LST)  VALUE       VALUE  FROM      YEAR
                                                  NORMAL
..................................................................
TEMPERATURE (F)
 YESTERDAY
  MAXIMUM         89    222 PM 102    2005  90     -1       78
  MINIMUM         49    511 AM  42    1962  53     -4       43
  AVERAGE         69                        72     -3       61

PRECIPITATION (IN)
  YESTERDAY        0.00          0.07 1992   0.01  -0.01     0.00
  MONTH TO DATE    T                         0.20  -0.20      T
  SINCE OCT 1      2.68                      4.87  -2.19     4.80
  SINCE JAN 1      1.47                      2.32  -0.85     2.83

DEGREE DAYS
 HEATING
  YESTERDAY        0                         0      0        4
  MONTH TO DATE   28                        20      8       46
  SINCE MAR 1    449                       485    -36      427
  SINCE JUL 1   2621                      2521    100     2265

 COOLING
  YESTERDAY        4                         7     -3        0
  MONTH TO DATE   96                       107    -11       23
  SINCE MAR 1    114                       137    -23       27
  SINCE JAN 1    114                       137    -23       27
..................................................................


WIND (MPH)
  HIGHEST WIND SPEED    30   HIGHEST WIND DIRECTION     W (260)
  HIGHEST GUST SPEED    35   HIGHEST GUST DIRECTION     W (250)
  AVERAGE WIND SPEED    12.2


SKY COVER
  POSSIBLE SUNSHINE  MM
  AVERAGE SKY COVER 0.0


WEATHER CONDITIONS
 THE FOLLOWING WEATHER WAS RECORDED YESTERDAY.
  NO SIGNIFICANT WEATHER WAS OBSERVED.


RELATIVE HUMIDITY (PERCENT)
 HIGHEST    35
 LOWEST      5
 AVERAGE    20

..........................................................


THE DOUGLAS AZ CLIMATE NORMALS FOR TODAY
                         NORMAL    RECORD    YEAR
 MAXIMUM TEMPERATURE (F)   90       101      1984
 MINIMUM TEMPERATURE (F)   54        40      2015


SUNRISE AND SUNSET
MAY 24 2016...........SUNRISE   517 AM MST   SUNSET   714 PM MST
MAY 25 2016...........SUNRISE   517 AM MST   SUNSET   715 PM MST


-  INDICATES NEGATIVE NUMBERS.
R  INDICATES RECORD WAS SET OR TIED.
MM INDICATES DATA IS MISSING.
T  INDICATES TRACE AMOUNT.




$$
