000
CDUS45 KTWC 010729
CLIDUG

CLIMATE REPORT
NATIONAL WEATHER SERVICE TUCSON AZ
1229 AM MST MON SEP 1 2014


...................................

...THE DOUGLAS AZ CLIMATE SUMMARY FOR AUGUST 31 2014...

CLIMATE NORMAL PERIOD 1981 TO 2010
CLIMATE RECORD PERIOD 1948 TO 2014


WEATHER ITEM   OBSERVED TIME   RECORD YEAR NORMAL DEPARTURE LAST
                VALUE   (LST)  VALUE       VALUE  FROM      YEAR
                                                  NORMAL
..................................................................
TEMPERATURE (F)
 YESTERDAY
  MAXIMUM         96    254 PM 102    2011  92      4       91
  MINIMUM         59    528 AM  54    1956  63     -4       61
  AVERAGE         78                        78      0       76

PRECIPITATION (IN)
  YESTERDAY        0.00          0.47 1968   0.06  -0.06     0.00
  MONTH TO DATE    4.00                      3.05   0.95     3.85
  SINCE OCT 1     10.26                     11.56  -1.30    15.58
  SINCE JAN 1      9.44                      9.01   0.43    14.95

DEGREE DAYS
 HEATING
  YESTERDAY        0                         0      0        0
  MONTH TO DATE    0                         0      0        0
  SINCE JUN 1      0                         0      0        0
  SINCE JUL 1      0                         0      0        0

 COOLING
  YESTERDAY       13                        13      0       11
  MONTH TO DATE  325                       409    -84      386
  SINCE JUN 1   1278                      1269      9     1340
  SINCE JAN 1   1446                      1470    -24     1540
..................................................................


WIND (MPH)
  HIGHEST WIND SPEED    17   HIGHEST WIND DIRECTION     W (250)
  HIGHEST GUST SPEED    22   HIGHEST GUST DIRECTION     S (180)
  AVERAGE WIND SPEED     6.8


SKY COVER
  POSSIBLE SUNSHINE  MM
  AVERAGE SKY COVER 0.0


WEATHER CONDITIONS
 THE FOLLOWING WEATHER WAS RECORDED YESTERDAY.
  NO SIGNIFICANT WEATHER WAS OBSERVED.


RELATIVE HUMIDITY (PERCENT)
 HIGHEST    78
 LOWEST     20
 AVERAGE    49

..........................................................


THE DOUGLAS AZ CLIMATE NORMALS FOR TODAY
                         NORMAL    RECORD    YEAR
 MAXIMUM TEMPERATURE (F)   92       101      2011
                                             1950
 MINIMUM TEMPERATURE (F)   63        54      1957


SUNRISE AND SUNSET
SEPTEMBER  1 2014.....SUNRISE   554 AM MST   SUNSET   642 PM MST
SEPTEMBER  2 2014.....SUNRISE   555 AM MST   SUNSET   641 PM MST


-  INDICATES NEGATIVE NUMBERS.
R  INDICATES RECORD WAS SET OR TIED.
MM INDICATES DATA IS MISSING.
T  INDICATES TRACE AMOUNT.




$$
