000
CDUS45 KTWC 020028
CLIDUG

CLIMATE REPORT
NATIONAL WEATHER SERVICE TUCSON AZ
527 PM MST FRI AUG 1 2014


...................................

...THE DOUGLAS AZ CLIMATE SUMMARY FOR AUGUST 1 2014...
VALID TODAY AS OF 0500 PM LOCAL TIME.

CLIMATE NORMAL PERIOD 1981 TO 2010
CLIMATE RECORD PERIOD 1948 TO 2014


WEATHER ITEM   OBSERVED TIME   RECORD YEAR NORMAL DEPARTURE LAST
                VALUE   (LST)  VALUE       VALUE  FROM      YEAR
                                                  NORMAL
..................................................................
TEMPERATURE (F)
 TODAY
  MAXIMUM         82    459 PM 102    2009  92    -10       79
                                      1972
  MINIMUM         65    614 AM  58    1950  66     -1       65
  AVERAGE         74                        79     -5       72

PRECIPITATION (IN)
  TODAY            0.35                      0.13   0.22     0.80
  MONTH TO DATE    0.35                      0.13   0.22     0.80
  SINCE OCT 1      6.61                      8.64  -2.03    12.53
  SINCE JAN 1      5.79                      6.09  -0.30    11.90

DEGREE DAYS
 COOLING
  TODAY            9                        14     -5        7
  MONTH TO DATE    9                        14     -5        7
  SINCE JUN 1    962                       874     88      961
  SINCE JAN 1   1130                      1075     55     1161
..................................................................


WIND (MPH)
  HIGHEST WIND SPEED    20   HIGHEST WIND DIRECTION    SE (140)
  HIGHEST GUST SPEED    24   HIGHEST GUST DIRECTION    SE (140)
  AVERAGE WIND SPEED     7.3


SKY COVER
  POSSIBLE SUNSHINE  MM
  AVERAGE SKY COVER 0.6


WEATHER CONDITIONS
 THE FOLLOWING WEATHER WAS RECORDED TODAY.
  THUNDERSTORM
  RAIN
  LIGHT RAIN
  FOG


RELATIVE HUMIDITY (PERCENT)
 HIGHEST   100
 LOWEST     54
 AVERAGE    77

..........................................................


THE DOUGLAS AZ CLIMATE NORMALS FOR TOMORROW
                         NORMAL    RECORD    YEAR
 MAXIMUM TEMPERATURE (F)   92       102      1994
 MINIMUM TEMPERATURE (F)   65        60      1950


SUNRISE AND SUNSET
AUGUST  1 2014........SUNRISE   535 AM MST   SUNSET   714 PM MST
AUGUST  2 2014........SUNRISE   535 AM MST   SUNSET   713 PM MST


-  INDICATES NEGATIVE NUMBERS.
R  INDICATES RECORD WAS SET OR TIED.
MM INDICATES DATA IS MISSING.
T  INDICATES TRACE AMOUNT.




$$
