000
CDUS45 KTWC 280731
CLIDUG

CLIMATE REPORT
NATIONAL WEATHER SERVICE TUCSON AZ
1229 AM MST FRI AUG 28 2015


...................................

...THE DOUGLAS AZ CLIMATE SUMMARY FOR AUGUST 27 2015...

CLIMATE NORMAL PERIOD 1981 TO 2010
CLIMATE RECORD PERIOD 1948 TO 2015


WEATHER ITEM   OBSERVED TIME   RECORD YEAR NORMAL DEPARTURE LAST
                VALUE   (LST)  VALUE       VALUE  FROM      YEAR
                                                  NORMAL
..................................................................
TEMPERATURE (F)
 YESTERDAY
  MAXIMUM         91    120 PM 102    2011  92     -1       88
  MINIMUM         66    430 AM  53    1987  64      2       62
  AVERAGE         79                        78      1       75

PRECIPITATION (IN)
  YESTERDAY        0.32          0.66 1964   0.07   0.25     0.00
  MONTH TO DATE    2.40                      2.78  -0.38     4.00
  SINCE OCT 1     12.68                     11.29   1.39    10.26
  SINCE JAN 1     10.71                      8.74   1.97     9.44

DEGREE DAYS
 HEATING
  YESTERDAY        0                         0      0        0
  MONTH TO DATE    0                         0      0        0
  SINCE JUN 1      0                         0      0        0
  SINCE JUL 1      0                         0      0        0

 COOLING
  YESTERDAY       14                        13      1       10
  MONTH TO DATE  359                       353      6      280
  SINCE JUN 1   1196                      1213    -17     1233
  SINCE JAN 1   1258                      1414   -156     1401
..................................................................


WIND (MPH)
  HIGHEST WIND SPEED    30   HIGHEST WIND DIRECTION    NE (30)
  HIGHEST GUST SPEED    42   HIGHEST GUST DIRECTION    NE (30)
  AVERAGE WIND SPEED     6.3


SKY COVER
  POSSIBLE SUNSHINE  MM
  AVERAGE SKY COVER 0.2


WEATHER CONDITIONS
 THE FOLLOWING WEATHER WAS RECORDED YESTERDAY.
  THUNDERSTORM
  HEAVY RAIN
  HAZE


RELATIVE HUMIDITY (PERCENT)
 HIGHEST    93
 LOWEST     40
 AVERAGE    67

..........................................................


THE DOUGLAS AZ CLIMATE NORMALS FOR TODAY
                         NORMAL    RECORD    YEAR
 MAXIMUM TEMPERATURE (F)   92       100      2011
                                             1948
 MINIMUM TEMPERATURE (F)   64        57      2006
                                             1957


SUNRISE AND SUNSET
AUGUST 28 2015........SUNRISE   552 AM MST   SUNSET   647 PM MST
AUGUST 29 2015........SUNRISE   552 AM MST   SUNSET   646 PM MST


-  INDICATES NEGATIVE NUMBERS.
R  INDICATES RECORD WAS SET OR TIED.
MM INDICATES DATA IS MISSING.
T  INDICATES TRACE AMOUNT.




$$
