000
CDUS45 KTWC 220731 RRA
CLIDUG

CLIMATE REPORT
NATIONAL WEATHER SERVICE TUCSON AZ
1231 AM MST FRI SEP 22 2017


...................................

...THE DOUGLAS AZ CLIMATE SUMMARY FOR SEPTEMBER 21 2017...

CLIMATE NORMAL PERIOD 1981 TO 2010
CLIMATE RECORD PERIOD 1948 TO 2017


WEATHER ITEM   OBSERVED TIME   RECORD YEAR NORMAL DEPARTURE LAST
                VALUE   (LST)  VALUE       VALUE  FROM      YEAR
                                                  NORMAL
..................................................................
TEMPERATURE (F)
 YESTERDAY
  MAXIMUM         91    353 PM  96    2011  88      3       94
                                      2003
  MINIMUM         63    621 AM  42    1965  58      5       58
  AVERAGE         77                        73      4       76

PRECIPITATION (IN)
  YESTERDAY        0.00          0.29 1997   0.05  -0.05     0.00
  MONTH TO DATE    T                         1.14  -1.14     1.23
  SINCE OCT 1     10.03                     12.70  -2.67    12.64
  SINCE JAN 1      8.68                     10.15  -1.47    11.43

DEGREE DAYS
 HEATING
  YESTERDAY        0                         0      0        0
  MONTH TO DATE    0                         0      0        0
  SINCE SEP 1      0                         0      0        0
  SINCE JUL 1      0                         0      0        0

 COOLING
  YESTERDAY       12                         8      4       11
  MONTH TO DATE  247                       223     24      192
  SINCE SEP 1    247                       223     24      192
  SINCE JAN 1   1744                      1693     51     1663
..................................................................


WIND (MPH)
  HIGHEST WIND SPEED    25   HIGHEST WIND DIRECTION    SW (230)
  HIGHEST GUST SPEED    35   HIGHEST GUST DIRECTION     S (200)
  AVERAGE WIND SPEED    10.0


SKY COVER
  POSSIBLE SUNSHINE  MM
  AVERAGE SKY COVER 0.0


WEATHER CONDITIONS
 THE FOLLOWING WEATHER WAS RECORDED YESTERDAY.
  NO SIGNIFICANT WEATHER WAS OBSERVED.


RELATIVE HUMIDITY (PERCENT)
 HIGHEST    84
 LOWEST     14
 AVERAGE    49

..........................................................


THE DOUGLAS AZ CLIMATE NORMALS FOR TODAY
                         NORMAL    RECORD    YEAR
 MAXIMUM TEMPERATURE (F)   88        96      1993
 MINIMUM TEMPERATURE (F)   57        41      1965


SUNRISE AND SUNSET
SEPTEMBER 22 2017.....SUNRISE   607 AM MST   SUNSET   615 PM MST
SEPTEMBER 23 2017.....SUNRISE   607 AM MST   SUNSET   613 PM MST


-  INDICATES NEGATIVE NUMBERS.
R  INDICATES RECORD WAS SET OR TIED.
MM INDICATES DATA IS MISSING.
T  INDICATES TRACE AMOUNT.

$$
