000
CDUS45 KTWC 180738
CLIDUG

CLIMATE REPORT
NATIONAL WEATHER SERVICE TUCSON AZ
1234 AM MST THU SEP 18 2014

...................................

...THE DOUGLAS AZ CLIMATE SUMMARY FOR SEPTEMBER 17 2014...

CLIMATE NORMAL PERIOD 1981 TO 2010
CLIMATE RECORD PERIOD 1948 TO 2014


WEATHER ITEM   OBSERVED TIME   RECORD YEAR NORMAL DEPARTURE LAST
                VALUE   (LST)  VALUE       VALUE  FROM      YEAR
                                                  NORMAL
..................................................................
TEMPERATURE (F)
 YESTERDAY
  MAXIMUM         75   1200 PM  98    1956  89    -14       91
  MINIMUM         65   1156 PM  49    2006  59      6       62
  AVERAGE         70                        74     -4       77

PRECIPITATION (IN)
  YESTERDAY        1.27R         0.71 1971   0.06   1.21     0.00
  MONTH TO DATE    1.71                      0.94   0.77     2.16
  SINCE OCT 1     11.97                     12.50  -0.53    17.74
  SINCE JAN 1     11.15                      9.95   1.20    17.11

DEGREE DAYS
 HEATING
  YESTERDAY        0                         0      0        0
  MONTH TO DATE    0                         0      0        0
  SINCE SEP 1      0                         0      0        0
  SINCE JUL 1      0                         0      0        0

 COOLING
  YESTERDAY        5                         9     -4       12
  MONTH TO DATE  172                       189    -17      187
  SINCE SEP 1    172                       189    -17      187
  SINCE JAN 1   1618                      1659    -41     1727
..................................................................


WIND (MPH)
  HIGHEST WIND SPEED    20   HIGHEST WIND DIRECTION    SE (130)
  HIGHEST GUST SPEED    26   HIGHEST GUST DIRECTION    SE (120)
  AVERAGE WIND SPEED    10.5


SKY COVER
  POSSIBLE SUNSHINE  MM
  AVERAGE SKY COVER  MM


WEATHER CONDITIONS
THE FOLLOWING WEATHER WAS RECORDED YESTERDAY.
  HEAVY RAIN
  RAIN
  LIGHT RAIN
  FOG


RELATIVE HUMIDITY (PERCENT)
 HIGHEST    93
 LOWEST     64
 AVERAGE    79

..........................................................


THE DOUGLAS AZ CLIMATE NORMALS FOR TODAY
                         NORMAL    RECORD    YEAR
 MAXIMUM TEMPERATURE (F)   89        98      1956
 MINIMUM TEMPERATURE (F)   59        48      1968


SUNRISE AND SUNSET
SEPTEMBER 18 2014.....SUNRISE   604 AM MST   SUNSET   620 PM MST
SEPTEMBER 19 2014.....SUNRISE   605 AM MST   SUNSET   619 PM MST


-  INDICATES NEGATIVE NUMBERS.
R  INDICATES RECORD WAS SET OR TIED.
MM INDICATES DATA IS MISSING.
T  INDICATES TRACE AMOUNT.

$$
