000
CDUS45 KTWC 210734
CLIDUG

CLIMATE REPORT
NATIONAL WEATHER SERVICE TUCSON AZ
1233 AM MST MON APR 21 2014

...................................

...THE DOUGLAS AZ CLIMATE SUMMARY FOR APRIL 20 2014...

CLIMATE NORMAL PERIOD 1981 TO 2010
CLIMATE RECORD PERIOD 1948 TO 2014


WEATHER ITEM   OBSERVED TIME   RECORD YEAR NORMAL DEPARTURE LAST
                VALUE   (LST)  VALUE       VALUE  FROM      YEAR
                                                  NORMAL
..................................................................
TEMPERATURE (F)
 YESTERDAY
  MAXIMUM         79    440 PM  99    1989  81     -2       83
  MINIMUM         39    554 AM  27    1995  44     -5       36
  AVERAGE         59                        62     -3       60

PRECIPITATION (IN)
  YESTERDAY        0.00          0.35 1952   0.01  -0.01     0.00
  MONTH TO DATE    0.13                      0.15  -0.02     0.01
  SINCE OCT 1      1.39                      4.59  -3.20     1.50
  SINCE JAN 1      0.57                      2.04  -1.47     0.87

DEGREE DAYS
 HEATING
  YESTERDAY        6                         4      2        5
  MONTH TO DATE  101                       112    -11      111
  SINCE MAR 1    351                       437    -86      350
  SINCE JUL 1   2315                      2473   -158     2554

 COOLING
  YESTERDAY        0                         1     -1        0
  MONTH TO DATE    7                         8     -1        4
  SINCE MAR 1      7                         9     -2        6
  SINCE JAN 1      7                         9     -2        6
..................................................................


WIND (MPH)
  HIGHEST WIND SPEED    13   HIGHEST WIND DIRECTION     N (340)
  HIGHEST GUST SPEED    18   HIGHEST GUST DIRECTION     W (290)
  AVERAGE WIND SPEED     5.4


SKY COVER
  POSSIBLE SUNSHINE  MM
  AVERAGE SKY COVER 0.0


WEATHER CONDITIONS
 THE FOLLOWING WEATHER WAS RECORDED YESTERDAY.
  NO SIGNIFICANT WEATHER WAS OBSERVED.


RELATIVE HUMIDITY (PERCENT)
 HIGHEST    89
 LOWEST     16
 AVERAGE    53

..........................................................


THE DOUGLAS AZ CLIMATE NORMALS FOR TODAY
                         NORMAL    RECORD    YEAR
 MAXIMUM TEMPERATURE (F)   81        97      1989
 MINIMUM TEMPERATURE (F)   45        31      2002


SUNRISE AND SUNSET
APRIL 21 2014.........SUNRISE   543 AM MST   SUNSET   651 PM MST
APRIL 22 2014.........SUNRISE   542 AM MST   SUNSET   652 PM MST


-  INDICATES NEGATIVE NUMBERS.
R  INDICATES RECORD WAS SET OR TIED.
MM INDICATES DATA IS MISSING.
T  INDICATES TRACE AMOUNT.




$$
