000
CDUS43 KDVN 262139
CLIDVN


CLIMATE REPORT
NATIONAL WEATHER SERVICE QUAD CITIES IA IL
439 PM CDT WED APR 26 2017


...................................

...THE DAVENPORT IA CLIMATE SUMMARY FOR APRIL 26 2017...
VALID TODAY AS OF 0400 PM LOCAL TIME.

CLIMATE NORMAL PERIOD 1981 TO 2010
CLIMATE RECORD PERIOD 9999 TO 9999


WEATHER ITEM   OBSERVED TIME   RECORD YEAR NORMAL DEPARTURE LAST
                VALUE   (LST)  VALUE       VALUE  FROM      YEAR
                                                  NORMAL
..................................................................
TEMPERATURE (F)
 TODAY
  MAXIMUM         70   1244 AM  MM      MM  65      5       60
  MINIMUM         51    259 PM  MM      MM  43      8       45
  AVERAGE         61                        54      7       53

PRECIPITATION (IN)
  TODAY            0.21         MM      MM   0.13   0.08     0.00
  MONTH TO DATE    2.91                      2.82   0.09     1.29
  SINCE MAR 1      5.62                      5.34   0.28     4.41
  SINCE JAN 1      7.57                      7.87  -0.30     5.19

SNOWFALL (IN)
  TODAY            0.0          MM      MM  MM     MM        0.0
  MONTH TO DATE    T                        MM     MM         T
  SINCE MAR 1      6.1                      MM     MM        1.2
  SINCE JUL 1     25.2                      MM     MM       16.6
  SNOW DEPTH       0

DEGREE DAYS
 HEATING
  TODAY            4                        11     -7       12
  MONTH TO DATE  267                       404   -137      388
  SINCE MAR 1   1070                      1237   -167     1037
  SINCE JUL 1   5126                      6262  -1136     5261

 COOLING
  TODAY            0                         0      0        0
  MONTH TO DATE   13                         0     13       10
  SINCE MAR 1     13                         0     13       11
  SINCE JAN 1     13                         0     13       11
..................................................................


WIND (MPH)
  HIGHEST WIND SPEED    22   HIGHEST WIND DIRECTION     W (250)
  HIGHEST GUST SPEED    27   HIGHEST GUST DIRECTION     S (180)
  AVERAGE WIND SPEED    13.3


SKY COVER
  POSSIBLE SUNSHINE  MM
  AVERAGE SKY COVER 0.8


WEATHER CONDITIONS
 THE FOLLOWING WEATHER WAS RECORDED TODAY.
  LIGHT RAIN
  FOG


RELATIVE HUMIDITY (PERCENT)
 HIGHEST    97           700 AM
 LOWEST     47          1200 AM
 AVERAGE    72

..........................................................


THE DAVENPORT IA CLIMATE NORMALS FOR TOMORROW
                         NORMAL    RECORD    YEAR
 MAXIMUM TEMPERATURE (F)   66        MM        MM
 MINIMUM TEMPERATURE (F)   43        MM        MM


SUNRISE AND SUNSET
APRIL 26 2017.........SUNRISE   606 AM CDT   SUNSET   755 PM CDT
APRIL 27 2017.........SUNRISE   604 AM CDT   SUNSET   756 PM CDT


-  INDICATES NEGATIVE NUMBERS.
R  INDICATES RECORD WAS SET OR TIED.
MM INDICATES DATA IS MISSING.
T  INDICATES TRACE AMOUNT.




$$
