000
CDUS43 KDVN 281026
CLIDVN


CLIMATE REPORT
NATIONAL WEATHER SERVICE QUAD CITIES IA IL
426 AM CST TUE FEB 28 2017


...................................

...THE DAVENPORT IA CLIMATE SUMMARY FOR FEBRUARY 27 2017...

CLIMATE NORMAL PERIOD 1981 TO 2010
CLIMATE RECORD PERIOD 9999 TO 9999


WEATHER ITEM   OBSERVED TIME   RECORD YEAR NORMAL DEPARTURE LAST
                VALUE   (LST)  VALUE       VALUE  FROM      YEAR
                                                  NORMAL
..................................................................
TEMPERATURE (F)
 YESTERDAY
  MAXIMUM         54    434 PM  MM      MM  39     15       61
  MINIMUM         25    706 AM  MM      MM  22      3       28
  AVERAGE         40                        30     10       45

PRECIPITATION (IN)
  YESTERDAY        0.01         MM      MM   0.06  -0.05     0.00
  MONTH TO DATE    0.78                      1.28  -0.50     0.38
  SINCE DEC 1      3.30                      4.20  -0.90     5.22
  SINCE JAN 1      1.92                      2.47  -0.55     0.78

SNOWFALL (IN)
  YESTERDAY        0.0          MM      MM  MM     MM        0.0
  MONTH TO DATE    2.0                      MM     MM        2.6
  SINCE DEC 1     19.1                      MM     MM        8.5
  SINCE JUL 1     19.1                      MM     MM       15.4
  SNOW DEPTH       0

DEGREE DAYS
 HEATING
  YESTERDAY       25                        34     -9       20
  MONTH TO DATE  776                      1055   -279      967
  SINCE DEC 1   3193                      3643   -450     3124
  SINCE JUL 1   4048                      4991   -943     4187

 COOLING
  YESTERDAY        0                         0      0        0
  MONTH TO DATE    0                         0      0        0
  SINCE DEC 1      0                         0      0        0
  SINCE JAN 1      0                         0      0        0
..................................................................


WIND (MPH)
  HIGHEST WIND SPEED    17   HIGHEST WIND DIRECTION     S (190)
  HIGHEST GUST SPEED    21   HIGHEST GUST DIRECTION     S (200)
  AVERAGE WIND SPEED     9.0


SKY COVER
  POSSIBLE SUNSHINE  MM
  AVERAGE SKY COVER 0.3


WEATHER CONDITIONS
 THE FOLLOWING WEATHER WAS RECORDED YESTERDAY.
  RAIN
  LIGHT RAIN


RELATIVE HUMIDITY (PERCENT)
 HIGHEST    92           500 AM
 LOWEST     45           300 PM
 AVERAGE    69

..........................................................


THE DAVENPORT IA CLIMATE NORMALS FOR TODAY
                         NORMAL    RECORD    YEAR
 MAXIMUM TEMPERATURE (F)   40        MM        MM
 MINIMUM TEMPERATURE (F)   22        MM        MM


SUNRISE AND SUNSET
FEBRUARY 28 2017......SUNRISE   638 AM CST   SUNSET   552 PM CST
MARCH  1 2017.........SUNRISE   637 AM CST   SUNSET   553 PM CST


-  INDICATES NEGATIVE NUMBERS.
R  INDICATES RECORD WAS SET OR TIED.
MM INDICATES DATA IS MISSING.
T  INDICATES TRACE AMOUNT.




$$
