000
CDUS43 KDVN 021017 CCA
CLIDVN

CLIMATE REPORT
NATIONAL WEATHER SERVICE QUAD CITIES IA IL
403 AM CST MON MAR 2 2015


...................................

...THE DAVENPORT IA CLIMATE SUMMARY FOR MARCH 1 2015...

CLIMATE NORMAL PERIOD 1981 TO 2010
CLIMATE RECORD PERIOD 9999 TO 9999


WEATHER ITEM   OBSERVED TIME   RECORD YEAR NORMAL DEPARTURE LAST
                VALUE   (LST)  VALUE       VALUE  FROM      YEAR
                                                  NORMAL
..................................................................
TEMPERATURE (F)
 YESTERDAY
  MAXIMUM         25    427 PM  MM      MM  40    -15       26
  MINIMUM          5    248 AM  MM      MM  23    -18        6
  AVERAGE         15                        31    -16       16

PRECIPITATION (IN)
  YESTERDAY        T            MM      MM   0.07  -0.07     0.21
  MONTH TO DATE    T                         0.07  -0.07     0.21
  SINCE MAR 1      T                         0.07  -0.07     0.21
  SINCE JAN 1      2.57                      2.60  -0.03     3.00

SNOWFALL (IN)
  YESTERDAY        T            MM      MM  MM     MM        4.0
  MONTH TO DATE    T                        MM     MM        4.0
  SINCE MAR 1      T                        MM     MM        4.0
  SINCE JUL 1     32.2                      MM     MM       46.8
  SNOW DEPTH       4

DEGREE DAYS
 HEATING
  YESTERDAY       50                        34     16       49
  MONTH TO DATE   50                        34     16       49
  SINCE MAR 1     50                        34     16       49
  SINCE JUL 1   5546                      5059    487     5912

 COOLING
  YESTERDAY        0                         0      0        0
  MONTH TO DATE    0                         0      0        0
  SINCE MAR 1      0                         0      0        0
  SINCE JAN 1      0                         0      0        0
..................................................................


WIND (MPH)
  HIGHEST WIND SPEED    16   HIGHEST WIND DIRECTION    W (260)
  HIGHEST GUST SPEED    17   HIGHEST GUST DIRECTION    W (260)
  AVERAGE WIND SPEED     6.0


SKY COVER
  POSSIBLE SUNSHINE  MM
  AVERAGE SKY COVER 0.4


WEATHER CONDITIONS
 THE FOLLOWING WEATHER WAS RECORDED YESTERDAY.
  LIGHT SNOW
  FOG
  FOG W/VISIBILITY <= 1/4 MILE
  HAZE


RELATIVE HUMIDITY (PERCENT)
 HIGHEST    96           900 AM
 LOWEST     68           200 PM
 AVERAGE    82

..........................................................


THE DAVENPORT IA CLIMATE NORMALS FOR TODAY
                         NORMAL    RECORD    YEAR
 MAXIMUM TEMPERATURE (F)   41        MM        MM
 MINIMUM TEMPERATURE (F)   23        MM        MM


SUNRISE AND SUNSET
MARCH  2 2015.........SUNRISE   636 AM CST   SUNSET   554 PM CST
MARCH  3 2015.........SUNRISE   634 AM CST   SUNSET   555 PM CST


-  INDICATES NEGATIVE NUMBERS.
R  INDICATES RECORD WAS SET OR TIED.
MM INDICATES DATA IS MISSING.
T  INDICATES TRACE AMOUNT.




$$
