000
CDUS43 KDVN 230921
CLIDVN


CLIMATE REPORT
NATIONAL WEATHER SERVICE QUAD CITIES IA IL
420 AM CDT THU OCT 23 2014


...................................

...THE DAVENPORT IA CLIMATE SUMMARY FOR OCTOBER 22 2014...

CLIMATE NORMAL PERIOD 1981 TO 2010
CLIMATE RECORD PERIOD 9999 TO 9999


WEATHER ITEM   OBSERVED TIME   RECORD YEAR NORMAL DEPARTURE LAST
                VALUE   (LST)  VALUE       VALUE  FROM      YEAR
                                                  NORMAL
..................................................................
TEMPERATURE (F)
 YESTERDAY
  MAXIMUM         61    336 PM  MM      MM  60      1       36
  MINIMUM         34    707 AM  MM      MM  39     -5       24
  AVERAGE         48                        50     -2       30

PRECIPITATION (IN)
  YESTERDAY        0.00         MM      MM   0.09  -0.09     0.29
  MONTH TO DATE    2.67                      2.13   0.54     0.70
  SINCE SEP 1      6.93                      5.19   1.74     2.32
  SINCE JAN 1     31.62                     31.01   0.61    30.71

SNOWFALL (IN)
  YESTERDAY        0.0          MM      MM  MM     MM        2.5
  MONTH TO DATE    T                        MM     MM        2.5
  SINCE SEP 1      T                        MM     MM        2.5
  SINCE JUL 1      T                        MM     MM        2.5
  SNOW DEPTH       0

DEGREE DAYS
 HEATING
  YESTERDAY       17                        15      2       35
  MONTH TO DATE  295                       268     27      242
  SINCE SEP 1    431                       389     42      322
  SINCE JUL 1    452                       403     49      341

 COOLING
  YESTERDAY        0                         0      0        0
  MONTH TO DATE    0                        11    -11       27
  SINCE SEP 1     66                        81    -15      165
  SINCE JAN 1    725                       785    -60      938
..................................................................


WIND (MPH)
  HIGHEST WIND SPEED    14   HIGHEST WIND DIRECTION    SE (140)
  HIGHEST GUST SPEED    18   HIGHEST GUST DIRECTION    SE (140)
  AVERAGE WIND SPEED     8.4


SKY COVER
  POSSIBLE SUNSHINE  MM
  AVERAGE SKY COVER 0.0


WEATHER CONDITIONS
 THE FOLLOWING WEATHER WAS RECORDED YESTERDAY.
  NO SIGNIFICANT WEATHER WAS OBSERVED.


RELATIVE HUMIDITY (PERCENT)
 HIGHEST    89           200 AM
 LOWEST     39           300 PM
 AVERAGE    64

..........................................................


THE DAVENPORT IA CLIMATE NORMALS FOR TODAY
                         NORMAL    RECORD    YEAR
 MAXIMUM TEMPERATURE (F)   60        MM        MM
 MINIMUM TEMPERATURE (F)   39        MM        MM


SUNRISE AND SUNSET
OCTOBER 23 2014.......SUNRISE   724 AM CDT   SUNSET   609 PM CDT
OCTOBER 24 2014.......SUNRISE   725 AM CDT   SUNSET   608 PM CDT


-  INDICATES NEGATIVE NUMBERS.
R  INDICATES RECORD WAS SET OR TIED.
MM INDICATES DATA IS MISSING.
T  INDICATES TRACE AMOUNT.




$$
