000
CDUS43 KDVN 012124
CLIDVN


CLIMATE REPORT
NATIONAL WEATHER SERVICE QUAD CITIES IA IL
422 PM CDT FRI AUG 1 2014


...................................

...THE DAVENPORT IA CLIMATE SUMMARY FOR AUGUST 1 2014...
VALID TODAY AS OF 0400 PM LOCAL TIME.

CLIMATE NORMAL PERIOD 1981 TO 2010
CLIMATE RECORD PERIOD 9999 TO 9999


WEATHER ITEM   OBSERVED TIME   RECORD YEAR NORMAL DEPARTURE LAST
                VALUE   (LST)  VALUE       VALUE  FROM      YEAR
                                                  NORMAL
..................................................................
TEMPERATURE (F)
 TODAY
  MAXIMUM         82    252 PM  MM      MM  83     -1       82
  MINIMUM         63    548 AM  MM      MM  63      0       56
  AVERAGE         73                        73      0       69

PRECIPITATION (IN)
  TODAY            0.00         MM      MM   0.19  -0.19     0.00
  MONTH TO DATE    0.00                      0.19  -0.19     0.00
  SINCE JUN 1      9.79                      8.58   1.21     6.41
  SINCE JAN 1     21.35                     21.39  -0.04    27.38

SNOWFALL (IN)
  TODAY            0.0          MM      MM  MM     MM        0.0
  MONTH TO DATE    0.0                      MM     MM        0.0
  SINCE JUN 1      0.0                      MM     MM        0.0
  SINCE JUL 1      0.0                      MM     MM        0.0
  SNOW DEPTH       0

DEGREE DAYS
 HEATING
  TODAY            0                         0      0        0
  MONTH TO DATE    0                         0      0        0
  SINCE JUN 1     22                        28     -6       36
  SINCE JUL 1     18                         4     14       12

 COOLING
  TODAY            8                         8      0        4
  MONTH TO DATE    8                         8      0        4
  SINCE JUN 1    348                       448   -100      441
  SINCE JAN 1    456                       509    -53      536
..................................................................


WIND (MPH)
  HIGHEST WIND SPEED    13   HIGHEST WIND DIRECTION    NE (50)
  HIGHEST GUST SPEED    16   HIGHEST GUST DIRECTION    NE (50)
  AVERAGE WIND SPEED     3.6


SKY COVER
  POSSIBLE SUNSHINE  MM
  AVERAGE SKY COVER 0.3


WEATHER CONDITIONS
 THE FOLLOWING WEATHER WAS RECORDED TODAY.
  THUNDERSTORM


RELATIVE HUMIDITY (PERCENT)
 HIGHEST    87          1200 AM
 LOWEST     47           300 PM
 AVERAGE    67

..........................................................


THE DAVENPORT IA CLIMATE NORMALS FOR TOMORROW
                         NORMAL    RECORD    YEAR
 MAXIMUM TEMPERATURE (F)   83        MM        MM
 MINIMUM TEMPERATURE (F)   63        MM        MM


SUNRISE AND SUNSET
AUGUST  1 2014........SUNRISE   557 AM CDT   SUNSET   820 PM CDT
AUGUST  2 2014........SUNRISE   558 AM CDT   SUNSET   819 PM CDT


-  INDICATES NEGATIVE NUMBERS.
R  INDICATES RECORD WAS SET OR TIED.
MM INDICATES DATA IS MISSING.
T  INDICATES TRACE AMOUNT.




$$
