000
CDUS43 KDVN 160919
CLIDVN


CLIMATE REPORT
NATIONAL WEATHER SERVICE QUAD CITIES IA IL
417 AM CDT TUE SEP 16 2014


...................................

...THE DAVENPORT IA CLIMATE SUMMARY FOR SEPTEMBER 15 2014...

CLIMATE NORMAL PERIOD 1981 TO 2010
CLIMATE RECORD PERIOD 9999 TO 9999


WEATHER ITEM   OBSERVED TIME   RECORD YEAR NORMAL DEPARTURE LAST
                VALUE   (LST)  VALUE       VALUE  FROM      YEAR
                                                  NORMAL
..................................................................
TEMPERATURE (F)
 YESTERDAY
  MAXIMUM         67    108 PM  MM      MM  76     -9       63
  MINIMUM         43   1159 PM  MM      MM  52     -9       51
  AVERAGE         55                        64     -9       57

PRECIPITATION (IN)
  YESTERDAY        0.07         MM      MM   0.09  -0.02     0.81
  MONTH TO DATE    4.25                      1.43   2.82     0.81
  SINCE SEP 1      4.25                      1.43   2.82     0.81
  SINCE JAN 1     28.94                     27.25   1.69    29.20

SNOWFALL (IN)
  YESTERDAY        0.0          MM      MM  MM     MM        0.0
  MONTH TO DATE    0.0                      MM     MM        0.0
  SINCE SEP 1      0.0                      MM     MM        0.0
  SINCE JUL 1      0.0                      MM     MM        0.0
  SNOW DEPTH       0

DEGREE DAYS
 HEATING
  YESTERDAY       10                         4      6        8
  MONTH TO DATE   79                        31     48       25
  SINCE SEP 1     79                        31     48       25
  SINCE JUL 1    100                        45     55       44

 COOLING
  YESTERDAY        0                         2     -2        0
  MONTH TO DATE   39                        48     -9      109
  SINCE SEP 1     39                        48     -9      109
  SINCE JAN 1    698                       752    -54      882
..................................................................


WIND (MPH)
  HIGHEST WIND SPEED    23   HIGHEST WIND DIRECTION     N (360)
  HIGHEST GUST SPEED    29   HIGHEST GUST DIRECTION     N (360)
  AVERAGE WIND SPEED     7.0


SKY COVER
  POSSIBLE SUNSHINE  MM
  AVERAGE SKY COVER 0.7


WEATHER CONDITIONS
 THE FOLLOWING WEATHER WAS RECORDED YESTERDAY.
  THUNDERSTORM
  RAIN
  LIGHT RAIN


RELATIVE HUMIDITY (PERCENT)
 HIGHEST    92          1000 PM
 LOWEST     58           100 PM
 AVERAGE    75

..........................................................


THE DAVENPORT IA CLIMATE NORMALS FOR TODAY
                         NORMAL    RECORD    YEAR
 MAXIMUM TEMPERATURE (F)   75        MM        MM
 MINIMUM TEMPERATURE (F)   51        MM        MM


SUNRISE AND SUNSET
SEPTEMBER 16 2014.....SUNRISE   644 AM CDT   SUNSET   710 PM CDT
SEPTEMBER 17 2014.....SUNRISE   645 AM CDT   SUNSET   708 PM CDT


-  INDICATES NEGATIVE NUMBERS.
R  INDICATES RECORD WAS SET OR TIED.
MM INDICATES DATA IS MISSING.
T  INDICATES TRACE AMOUNT.




$$
