000
CDUS46 KOTX 250437
CLIEAT


CLIMATE REPORT
NATIONAL WEATHER SERVICE SPOKANE, WA
936 PM PDT FRI MAR 24 2017


...................................

...THE WENATCHEE WA PANGBORN FIELD CLIMATE SUMMARY FOR MARCH 24 2017...
VALID TODAY AS OF 0800 PM LOCAL TIME.

CLIMATE NORMAL PERIOD 1981 TO 2010
CLIMATE RECORD PERIOD 1959 TO 2017


WEATHER ITEM   OBSERVED TIME   RECORD YEAR NORMAL DEPARTURE LAST
                VALUE   (LST)  VALUE       VALUE  FROM      YEAR
                                                  NORMAL
..................................................................
TEMPERATURE (F)
 TODAY
  MAXIMUM         49    450 PM  75    1960  57     -8       56
  MINIMUM         37   1043 AM  18    1964  37      0       37
  AVERAGE         43                        47     -4       47

PRECIPITATION (IN)
  TODAY            0.08          1.35 1991   0.02   0.06      T
  MONTH TO DATE    0.97                      0.52   0.45     2.29
  SINCE OCT 1      6.60                      5.34   1.26     8.80
  SINCE JAN 1      3.78                      2.39   1.39     4.94

DEGREE DAYS
 HEATING
  TODAY           22                        18      4       18
  MONTH TO DATE  605                       527     78      489
  SINCE MAR 1    605                       527     78      489
  SINCE JUL 1   5396                      4991    405     4362

 COOLING
  TODAY            0                         0      0        0
  MONTH TO DATE    0                         0      0        0
  SINCE MAR 1      0                         0      0        0
  SINCE JAN 1      0                         0      0        0
..................................................................


WIND (MPH)
  HIGHEST WIND SPEED     9   HIGHEST WIND DIRECTION     W (280)
  HIGHEST GUST SPEED    10   HIGHEST GUST DIRECTION     W (280)
  AVERAGE WIND SPEED     4.5


SKY COVER
  POSSIBLE SUNSHINE  MM
  AVERAGE SKY COVER 0.7


WEATHER CONDITIONS
 THE FOLLOWING WEATHER WAS RECORDED TODAY.
  LIGHT RAIN
  FOG


RELATIVE HUMIDITY (PERCENT)
 HIGHEST   100           200 AM
 LOWEST     66           500 PM
 AVERAGE    83

..........................................................


THE WENATCHEE WA PANGBORN FIELD CLIMATE NORMALS FOR TOMORROW
                         NORMAL    RECORD    YEAR
 MAXIMUM TEMPERATURE (F)   57        74      1960
 MINIMUM TEMPERATURE (F)   37        21      1996


SUNRISE AND SUNSET
MARCH 24 2017.........SUNRISE   655 AM PDT   SUNSET   720 PM PDT
MARCH 25 2017.........SUNRISE   653 AM PDT   SUNSET   721 PM PDT


-  INDICATES NEGATIVE NUMBERS.
R  INDICATES RECORD WAS SET OR TIED.
MM INDICATES DATA IS MISSING.
T  INDICATES TRACE AMOUNT.




$$
