471
CDUS46 KOTX 280825
CLIEAT


CLIMATE REPORT
NATIONAL WEATHER SERVICE SPOKANE, WA
125 AM PDT WED JUN 28 2017


...................................

...THE WENATCHEE WA PANGBORN FIELD CLIMATE SUMMARY FOR JUNE 27 2017...

CLIMATE NORMAL PERIOD 1981 TO 2010
CLIMATE RECORD PERIOD 1959 TO 2017


WEATHER ITEM   OBSERVED TIME   RECORD YEAR NORMAL DEPARTURE LAST
                VALUE   (LST)  VALUE       VALUE  FROM      YEAR
                                                  NORMAL
..................................................................
TEMPERATURE (F)
 YESTERDAY
  MAXIMUM         88    456 PM 105    2015  81      7       93
  MINIMUM         61    437 AM  47    2012  57      4       60
  AVERAGE         75                        69      6       77

PRECIPITATION (IN)
  YESTERDAY        0.00          0.42 2001   0.01  -0.01     0.00
  MONTH TO DATE    0.20                      0.56  -0.36     0.66
  SINCE OCT 1      9.82                      7.16   2.66    10.90
  SINCE JAN 1      7.00                      4.21   2.79     7.04

SNOWFALL (IN)
  YESTERDAY       MM

DEGREE DAYS
 HEATING
  YESTERDAY        0                         1     -1        0
  MONTH TO DATE   40                        55    -15       56
  SINCE JUN 1     40                        55    -15       56
  SINCE JUL 1   6241                      5769    472     4767

 COOLING
  YESTERDAY       10                         5      5       12
  MONTH TO DATE   97                        92      5      129
  SINCE JUN 1     97                        92      5      129
  SINCE JAN 1    153                       239    -86      171
..................................................................


WIND (MPH)
  HIGHEST WIND SPEED    24   HIGHEST WIND DIRECTION     W (290)
  HIGHEST GUST SPEED    29   HIGHEST GUST DIRECTION    NW (300)
  AVERAGE WIND SPEED    11.5


SKY COVER
  POSSIBLE SUNSHINE  MM
  AVERAGE SKY COVER 0.0


WEATHER CONDITIONS
 THE FOLLOWING WEATHER WAS RECORDED YESTERDAY.
  NO SIGNIFICANT WEATHER WAS OBSERVED.


RELATIVE HUMIDITY (PERCENT)
 HIGHEST    43           500 AM
 LOWEST     13           300 PM
 AVERAGE    28

..........................................................


THE WENATCHEE WA PANGBORN FIELD CLIMATE NORMALS FOR TODAY
                         NORMAL    RECORD    YEAR
 MAXIMUM TEMPERATURE (F)   82       109      2015
 MINIMUM TEMPERATURE (F)   58        45      1975


SUNRISE AND SUNSET
JUNE 28 2017..........SUNRISE   507 AM PDT   SUNSET   902 PM PDT
JUNE 29 2017..........SUNRISE   507 AM PDT   SUNSET   901 PM PDT


-  INDICATES NEGATIVE NUMBERS.
R  INDICATES RECORD WAS SET OR TIED.
MM INDICATES DATA IS MISSING.
T  INDICATES TRACE AMOUNT.




$$
