000
CDUS46 KOTX 300827
CLIEAT


CLIMATE REPORT
NATIONAL WEATHER SERVICE SPOKANE, WA
125 AM PDT SUN AUG 30 2015


...................................

...THE WENATCHEE WA PANGBORN FIELD CLIMATE SUMMARY FOR AUGUST 29 2015...

CLIMATE NORMAL PERIOD 1981 TO 2010
CLIMATE RECORD PERIOD 1959 TO 2015


WEATHER ITEM   OBSERVED TIME   RECORD YEAR NORMAL DEPARTURE LAST
                VALUE   (LST)  VALUE       VALUE  FROM      YEAR
                                                  NORMAL
..................................................................
TEMPERATURE (F)
 YESTERDAY
  MAXIMUM         82    209 PM 100    1998  83     -1       85
  MINIMUM         63   1159 PM  46    1980  58      5       63
  AVERAGE         73                        70      3       74

PRECIPITATION (IN)
  YESTERDAY        0.00          0.32 1966   0.01  -0.01     0.00
  MONTH TO DATE    T                         0.19  -0.19     0.83
  SINCE OCT 1      7.15                      7.66  -0.51     4.52
  SINCE JAN 1      3.97                      4.71  -0.74     3.96

SNOWFALL (IN)
  YESTERDAY       MM

DEGREE DAYS
 HEATING
  YESTERDAY        0                         1     -1        0
  MONTH TO DATE    0                         1     -1        0
  SINCE JUN 1      0                        66    -66       15
  SINCE JUL 1      0                         8     -8        0

 COOLING
  YESTERDAY        8                         6      2        9
  MONTH TO DATE  374                       257    117      380
  SINCE JUN 1   1237                       818    419     1027
  SINCE JAN 1   1336                       965    371     1085
..................................................................


WIND (MPH)
  HIGHEST WIND SPEED    25   HIGHEST WIND DIRECTION     W (250)
  HIGHEST GUST SPEED    32   HIGHEST GUST DIRECTION     W (250)
  AVERAGE WIND SPEED     8.0


SKY COVER
  POSSIBLE SUNSHINE  MM
  AVERAGE SKY COVER 0.2


WEATHER CONDITIONS
 THE FOLLOWING WEATHER WAS RECORDED YESTERDAY.
  NO SIGNIFICANT WEATHER WAS OBSERVED.


RELATIVE HUMIDITY (PERCENT)
 HIGHEST    58           500 AM
 LOWEST     23           200 PM
 AVERAGE    41

..........................................................


THE WENATCHEE WA PANGBORN FIELD CLIMATE NORMALS FOR TODAY
                         NORMAL    RECORD    YEAR
 MAXIMUM TEMPERATURE (F)   82        97      1998
 MINIMUM TEMPERATURE (F)   58        45      1965


SUNRISE AND SUNSET
AUGUST 30 2015........SUNRISE   617 AM PDT   SUNSET   745 PM PDT
AUGUST 31 2015........SUNRISE   618 AM PDT   SUNSET   743 PM PDT


-  INDICATES NEGATIVE NUMBERS.
R  INDICATES RECORD WAS SET OR TIED.
MM INDICATES DATA IS MISSING.
T  INDICATES TRACE AMOUNT.




$$
