000
CDUS46 KOTX 260848
CLIEAT


CLIMATE REPORT
NATIONAL WEATHER SERVICE SPOKANE, WA
148 AM PDT WED APR 26 2017


...................................

...THE WENATCHEE WA PANGBORN FIELD CLIMATE SUMMARY FOR APRIL 25 2017...

CLIMATE NORMAL PERIOD 1981 TO 2010
CLIMATE RECORD PERIOD 1959 TO 2017


WEATHER ITEM   OBSERVED TIME   RECORD YEAR NORMAL DEPARTURE LAST
                VALUE   (LST)  VALUE       VALUE  FROM      YEAR
                                                  NORMAL
..................................................................
TEMPERATURE (F)
 YESTERDAY
  MAXIMUM         64    204 PM  82    1977  65     -1       66
  MINIMUM         44    457 AM  32    2008  43      1       45
  AVERAGE         54                        54      0       56

PRECIPITATION (IN)
  YESTERDAY        T             0.65 1960   0.02  -0.02     0.00
  MONTH TO DATE    2.15                      0.39   1.76     0.50
  SINCE OCT 1      9.01                      5.85   3.16     9.30
  SINCE JAN 1      6.19                      2.90   3.29     5.44

SNOWFALL (IN)
  YESTERDAY       MM

DEGREE DAYS
 HEATING
  YESTERDAY       11                        12     -1        9
  MONTH TO DATE  407                       349     58      151
  SINCE MAR 1   1145                       997    148      737
  SINCE JUL 1   5936                      5461    475     4610

 COOLING
  YESTERDAY        0                         0      0        0
  MONTH TO DATE    0                         0      0       12
  SINCE MAR 1      0                         2     -2       12
  SINCE JAN 1      0                         2     -2       12
..................................................................


WIND (MPH)
  HIGHEST WIND SPEED    18   HIGHEST WIND DIRECTION    SE (150)
  HIGHEST GUST SPEED    24   HIGHEST GUST DIRECTION    SE (150)
  AVERAGE WIND SPEED     8.0


SKY COVER
  POSSIBLE SUNSHINE  MM
  AVERAGE SKY COVER 0.5


WEATHER CONDITIONS
 THE FOLLOWING WEATHER WAS RECORDED YESTERDAY.
  LIGHT RAIN


RELATIVE HUMIDITY (PERCENT)
 HIGHEST    65           200 AM
 LOWEST     30           400 PM
 AVERAGE    48

..........................................................


THE WENATCHEE WA PANGBORN FIELD CLIMATE NORMALS FOR TODAY
                         NORMAL    RECORD    YEAR
 MAXIMUM TEMPERATURE (F)   65        82      2005
                                             1992
 MINIMUM TEMPERATURE (F)   43        32      1970


SUNRISE AND SUNSET
APRIL 26 2017.........SUNRISE   552 AM PDT   SUNSET   806 PM PDT
APRIL 27 2017.........SUNRISE   550 AM PDT   SUNSET   807 PM PDT


-  INDICATES NEGATIVE NUMBERS.
R  INDICATES RECORD WAS SET OR TIED.
MM INDICATES DATA IS MISSING.
T  INDICATES TRACE AMOUNT.




$$
