000
CDUS46 KOTX 050828
CLIEAT


CLIMATE REPORT
NATIONAL WEATHER SERVICE SPOKANE, WA
1227 AM PST THU MAR 5 2015


...................................

...THE WENATCHEE WA PANGBORN FIELD CLIMATE SUMMARY FOR MARCH 4 2015...

CLIMATE NORMAL PERIOD 1981 TO 2010
CLIMATE RECORD PERIOD 1959 TO 2015


WEATHER ITEM   OBSERVED TIME   RECORD YEAR NORMAL DEPARTURE LAST
                VALUE   (LST)  VALUE       VALUE  FROM      YEAR
                                                  NORMAL
..................................................................
TEMPERATURE (F)
 YESTERDAY
  MAXIMUM         51    454 PM  61    2012  49      2       46
                                      2005
  MINIMUM         25    615 AM   6    1960  31     -6       23
  AVERAGE         38                        40     -2       35

PRECIPITATION (IN)
  YESTERDAY        0.00          0.25 1996   0.02  -0.02     0.00
  MONTH TO DATE    0.00                      0.10  -0.10     0.09
  SINCE OCT 1      4.71                      4.92  -0.21     1.85
  SINCE JAN 1      1.53                      1.97  -0.44     1.29

SNOWFALL (IN)
  YESTERDAY       MM

DEGREE DAYS
 HEATING
  YESTERDAY       27                        25      2       30
  MONTH TO DATE  100                       102     -2      150
  SINCE MAR 1    100                       102     -2      150
  SINCE JUL 1   3729                      4566   -837     4720

 COOLING
  YESTERDAY        0                         0      0        0
  MONTH TO DATE    0                         0      0        0
  SINCE MAR 1      0                         0      0        0
  SINCE JAN 1      0                         0      0        0
..................................................................


WIND (MPH)
  HIGHEST WIND SPEED    12   HIGHEST WIND DIRECTION    SE (120)
  HIGHEST GUST SPEED    17   HIGHEST GUST DIRECTION    SE (150)
  AVERAGE WIND SPEED     3.9


SKY COVER
  POSSIBLE SUNSHINE  MM
  AVERAGE SKY COVER 0.0


WEATHER CONDITIONS
 THE FOLLOWING WEATHER WAS RECORDED YESTERDAY.
  NO SIGNIFICANT WEATHER WAS OBSERVED.


RELATIVE HUMIDITY (PERCENT)
 HIGHEST    69           300 AM
 LOWEST     31          1200 PM
 AVERAGE    50

..........................................................


THE WENATCHEE WA PANGBORN FIELD CLIMATE NORMALS FOR TODAY
                         NORMAL    RECORD    YEAR
 MAXIMUM TEMPERATURE (F)   49        61      2005
 MINIMUM TEMPERATURE (F)   32        16      1976


SUNRISE AND SUNSET
MARCH  5 2015.........SUNRISE   634 AM PST   SUNSET   552 PM PST
MARCH  6 2015.........SUNRISE   632 AM PST   SUNSET   553 PM PST


-  INDICATES NEGATIVE NUMBERS.
R  INDICATES RECORD WAS SET OR TIED.
MM INDICATES DATA IS MISSING.
T  INDICATES TRACE AMOUNT.




$$
