000
CDUS43 KMPX 060648
CLIEAU


CLIMATE REPORT
NATIONAL WEATHER SERVICE CHANHASSEN MN
1247 AM CST FRI MAR 6 2015


...................................

...THE EAU CLAIRE WI CLIMATE SUMMARY FOR MARCH 5 2015...

CLIMATE NORMAL PERIOD 1981 TO 2010
CLIMATE RECORD PERIOD 1893 TO 2015


WEATHER ITEM   OBSERVED TIME   RECORD YEAR NORMAL DEPARTURE LAST
                VALUE   (LST)  VALUE       VALUE  FROM      YEAR
                                                  NORMAL
..................................................................
TEMPERATURE (F)
 YESTERDAY
  MAXIMUM         10    542 PM  70    2000  36    -26       22
  MINIMUM        -13    713 AM -20    1917  17    -30        5
  AVERAGE         -1                        26    -27       14

PRECIPITATION (IN)
  YESTERDAY        0.00          0.85 2004   0.05  -0.05     0.00
  MONTH TO DATE    0.11                      0.21  -0.10     0.02
  SINCE MAR 1      0.11                      0.21  -0.10     0.02
  SINCE JAN 1      0.70                      1.91  -1.21     3.22

SNOWFALL (IN)
  YESTERDAY        0.0           8.5  1915   0.3   -0.3      0.0
  MONTH TO DATE    1.5                       1.5    0.0      0.5
  SINCE MAR 1      1.5                       1.5    0.0      0.5
  SINCE JUL 1     32.3                      37.8   -5.5     62.2
  SNOW DEPTH       4

DEGREE DAYS
 HEATING
  YESTERDAY       66                        39     27       51
  MONTH TO DATE  271                       197     74      308
  SINCE MAR 1    271                       197     74      308
  SINCE JUL 1   6624                      6218    406     7200

 COOLING
  YESTERDAY        0                         0      0        0
  MONTH TO DATE    0                         0      0        0
  SINCE MAR 1      0                         0      0        0
  SINCE JAN 1      0                         0      0        0
..................................................................


WIND (MPH)
  HIGHEST WIND SPEED    13   HIGHEST WIND DIRECTION    SW (220)
  HIGHEST GUST SPEED    16   HIGHEST GUST DIRECTION    SW (230)
  AVERAGE WIND SPEED     6.4


SKY COVER
  POSSIBLE SUNSHINE  MM
  AVERAGE SKY COVER 0.0


WEATHER CONDITIONS
 THE FOLLOWING WEATHER WAS RECORDED YESTERDAY.
  NO SIGNIFICANT WEATHER WAS OBSERVED.


RELATIVE HUMIDITY (PERCENT)
 HIGHEST    79           800 AM
 LOWEST     46           400 PM
 AVERAGE    63

..........................................................


THE EAU CLAIRE WI CLIMATE NORMALS FOR TODAY
                         NORMAL    RECORD    YEAR
 MAXIMUM TEMPERATURE (F)   36        73      2000
 MINIMUM TEMPERATURE (F)   18       -16      1920


SUNRISE AND SUNSET
MARCH  6 2015.........SUNRISE   635 AM CST   SUNSET   600 PM CST
MARCH  7 2015.........SUNRISE   633 AM CST   SUNSET   601 PM CST


-  INDICATES NEGATIVE NUMBERS.
R  INDICATES RECORD WAS SET OR TIED.
MM INDICATES DATA IS MISSING.
T  INDICATES TRACE AMOUNT.




$$
