000
CDUS43 KMPX 270628
CLIEAU


CLIMATE REPORT
NATIONAL WEATHER SERVICE CHANHASSEN MN
127 AM CDT FRI MAY 27 2016


...................................

...THE EAU CLAIRE WI CLIMATE SUMMARY FOR MAY 26 2016...

CLIMATE NORMAL PERIOD 1981 TO 2010
CLIMATE RECORD PERIOD 1893 TO 2016


WEATHER ITEM   OBSERVED TIME   RECORD YEAR NORMAL DEPARTURE LAST
                VALUE   (LST)  VALUE       VALUE  FROM      YEAR
                                                  NORMAL
..................................................................
TEMPERATURE (F)
 YESTERDAY
  MAXIMUM         81    315 PM  93    1914  73      8       65
  MINIMUM         56    408 AM  28    1961  49      7       55
  AVERAGE         69                        61      8       60

PRECIPITATION (IN)
  YESTERDAY        0.14          2.35 1926   0.12   0.02     0.92
  MONTH TO DATE    2.54                      2.87  -0.33     4.89
  SINCE MAR 1      9.76                      7.35   2.41     8.36
  SINCE JAN 1     10.92                      9.05   1.87     8.95

SNOWFALL (IN)
  YESTERDAY        0.0           0.0    MM   0.0    0.0      0.0
  MONTH TO DATE    0.0                       0.2   -0.2      0.0
  SINCE MAR 1     13.9                      10.7    3.2      7.3
  SINCE JUL 1     38.0                      47.0   -9.0     38.1
  SNOW DEPTH       0

DEGREE DAYS
 HEATING
  YESTERDAY        0                         6     -6        5
  MONTH TO DATE  245                       231     14      213
  SINCE MAR 1   1633                      1851   -218     1724
  SINCE JUL 1   6811                      7871  -1060     8077

 COOLING
  YESTERDAY        4                         1      3        0
  MONTH TO DATE   22                        20      2       11
  SINCE MAR 1     26                        24      2       11
  SINCE JAN 1     26                        24      2       11
..................................................................


WIND (MPH)
  HIGHEST WIND SPEED    20   HIGHEST WIND DIRECTION    SW (210)
  HIGHEST GUST SPEED    25   HIGHEST GUST DIRECTION     S (200)
  AVERAGE WIND SPEED     6.3


SKY COVER
  POSSIBLE SUNSHINE  MM
  AVERAGE SKY COVER 0.4


WEATHER CONDITIONS
 THE FOLLOWING WEATHER WAS RECORDED YESTERDAY.
  LIGHT RAIN
  FOG
  FOG W/VISIBILITY <= 1/4 MILE


RELATIVE HUMIDITY (PERCENT)
 HIGHEST   100          1200 AM
 LOWEST     35           500 PM
 AVERAGE    68

..........................................................


THE EAU CLAIRE WI CLIMATE NORMALS FOR TODAY
                         NORMAL    RECORD    YEAR
 MAXIMUM TEMPERATURE (F)   73        91      1969
 MINIMUM TEMPERATURE (F)   49        30      1971


SUNRISE AND SUNSET
MAY 27 2016...........SUNRISE   526 AM CDT   SUNSET   841 PM CDT
MAY 28 2016...........SUNRISE   525 AM CDT   SUNSET   842 PM CDT


-  INDICATES NEGATIVE NUMBERS.
R  INDICATES RECORD WAS SET OR TIED.
MM INDICATES DATA IS MISSING.
T  INDICATES TRACE AMOUNT.




$$
