000
CDUS43 KMPX 050027
CLIEAU


CLIMATE REPORT
NATIONAL WEATHER SERVICE CHANHASSEN MN
727 PM CDT TUE AUG 4 2015


...................................

...THE EAU CLAIRE WI CLIMATE SUMMARY FOR AUGUST 4 2015...
VALID TODAY AS OF 0700 PM LOCAL TIME.

CLIMATE NORMAL PERIOD 1981 TO 2010
CLIMATE RECORD PERIOD 1893 TO 2015


WEATHER ITEM   OBSERVED TIME   RECORD YEAR NORMAL DEPARTURE LAST
                VALUE   (LST)  VALUE       VALUE  FROM      YEAR
                                                  NORMAL
..................................................................
TEMPERATURE (F)
 TODAY
  MAXIMUM         80    310 PM 104    1947  82     -2       83
  MINIMUM         52    522 AM  42    1912  60     -8       61
  AVERAGE         66                        71     -5       72

PRECIPITATION (IN)
  TODAY            0.00          2.42 1917   0.15  -0.15     1.61
  MONTH TO DATE    0.04                      0.60  -0.56     1.61
  SINCE JUN 1     10.96                      8.61   2.35    13.89
  SINCE JAN 1     20.41                     18.25   2.16    27.99

SNOWFALL (IN)
  TODAY            0.0           0.0    MM   0.0    0.0      0.0
  MONTH TO DATE    0.0                       0.0    0.0      0.0
  SINCE JUN 1      0.0                       0.0    0.0      0.0
  SINCE JUL 1      0.0                       0.0    0.0      0.0
  SNOW DEPTH       0

DEGREE DAYS
 HEATING
  TODAY            0                         0      0        0
  MONTH TO DATE    0                         0      0        0
  SINCE JUN 1     44                        73    -29       43
  SINCE JUL 1     16                        11      5       18

 COOLING
  TODAY            1                         6     -5        7
  MONTH TO DATE   20                        24     -4       33
  SINCE JUN 1    282                       358    -76      305
  SINCE JAN 1    300                       390    -90      340
..................................................................


WIND (MPH)
  HIGHEST WIND SPEED    16   HIGHEST WIND DIRECTION     W (270)
  HIGHEST GUST SPEED    20   HIGHEST GUST DIRECTION     W (270)
  AVERAGE WIND SPEED     6.5


SKY COVER
  POSSIBLE SUNSHINE  MM
  AVERAGE SKY COVER 0.3


WEATHER CONDITIONS
 THE FOLLOWING WEATHER WAS RECORDED TODAY.
  NO SIGNIFICANT WEATHER WAS OBSERVED.


RELATIVE HUMIDITY (PERCENT)
 HIGHEST    96           500 AM
 LOWEST     39           100 PM
 AVERAGE    68

..........................................................


THE EAU CLAIRE WI CLIMATE NORMALS FOR TOMORROW
                         NORMAL    RECORD    YEAR
 MAXIMUM TEMPERATURE (F)   82       102      1947
 MINIMUM TEMPERATURE (F)   60        41      1957


SUNRISE AND SUNSET
AUGUST  4 2015........SUNRISE   555 AM CDT   SUNSET   828 PM CDT
AUGUST  5 2015........SUNRISE   556 AM CDT   SUNSET   827 PM CDT


-  INDICATES NEGATIVE NUMBERS.
R  INDICATES RECORD WAS SET OR TIED.
MM INDICATES DATA IS MISSING.
T  INDICATES TRACE AMOUNT.




$$
